000
CXUS54 KLZK 011130
CF6LLQ
PRELIMINARY LOCAL CLIMATOLOGICAL DATA (WS FORM: F-6)
STATION: MONTICELLO
MONTH: APRIL
YEAR: 2022
LATITUDE: 33 37 N
LONGITUDE: 91 45 W
TEMPERATURE IN F: :PCPN: SNOW: WIND :SUNSHINE: SKY :PK WND
================================================================================
1 2 3 4 5 6A 6B 7 8 9 10 11 12 13 14 15 16 17 18
12Z AVG MX 2MIN
DY MAX MIN AVG DEP HDD CDD WTR SNW DPTH SPD SPD DIR MIN PSBL S-S WX SPD DR
================================================================================
1 63 33 48 -12 17 0 0.00 0.0 0 4.1 13 60 M M 0 19 40
2 75 44 60 0 5 0 0.00 0.0 0 3.7 12 320 M M 2 15 320
3 76 47 62 2 3 0 0.00 0.0 0 5.0 15 50 M M 0 20 50
4 82 50 66 5 0 1 0.00 0.0 M 4.8 16 200 M M 1 22 190
5 80 59 70 9 0 5 0.86 0.0 M 6.1 15 310 M M 5 13 27 280
6 73 50 62 1 3 0 0.00 0.0 M 6.7 16 200 M M 7 18 25 360
7 66 48 57 -4 8 0 T 0.0 0 9.1 22 290 M M 3 31 300
8 60 36 48 -14 17 0 0.00 0.0 M 8.0 24 300 M M 3 35 300
9 72 35 54 -8 11 0 0.00 0.0 0 6.3 15 270 M M 0 20 270
10 84 51 68 6 0 3 T 0.0 0 12.4 26 190 M M 0 38 210
11 79 61 70 8 0 5 T 0.0 M 10.3 21 190 M M 6 29 190
12 80 68 74 11 0 9 0.20 0.0 0 10.2 18 200 M M 9 13 27 190
13 73 53 63 0 2 0 0.80 0.0 0 5.1 20 190 M M 8 13 29 190
14 73 44 59 -4 6 0 0.00 0.0 0 3.2 10 60 M M 0 1 M M
15 79 45 62 -1 3 0 0.00 0.0 0 7.1 17 180 M M 5 25 190
16 74 61 68 4 0 3 1.23 0.0 0 7.4 17 210 M M 10 13 23 210
17 62 50 56 -8 9 0 1.91 0.0 0 6.6 16 70 M M 10 123 20 20
18 65 46 56 -8 9 0 M M M 5.0 13 40 M M 4 21 340
19 66 44 55 -9 10 0 0.00 0.0 0 4.8 15 60 M M 0 19 60
20 70 53 62 -3 3 0 0.34 0.0 0 6.7 16 110 M M 6 13 23 100
21 84 63 74 9 0 9 0.00 0.0 0 5.5 13 210 M M 7 18 200
22 84 64 74 9 0 9 0.00 0.0 M 6.3 18 160 M M 1 25 190
23 84 60 72 6 0 7 0.00 0.0 M 8.4 20 160 M M 2 27 170
24 85 69 77 11 0 12 0.11 0.0 M 6.7 16 170 M M 8 13 22 170
25 71 57 64 -2 1 0 0.61 0.0 0 4.0 22 300 M M 6 1 32 310
26 68 46 57 -9 8 0 0.00 0.0 0 6.5 22 50 M M 0 29 60
27 74 40 57 -10 8 0 0.00 0.0 0 2.9 14 80 M M 0 17 70
28 81 47 64 -3 1 0 0.00 0.0 0 3.8 13 130 M M 0 21 140
29 85 54 70 3 0 5 0.00 0.0 0 6.7 17 180 M M 0 23 140
30 84 62 73 6 0 8 0.05 0.0 0 8.2 20 190 M M 3 3 30 190
================================================================================
SM 2252 1540 124 76 6.11 0.0 191.6 M 106
================================================================================
AV 75.1 51.3 6.4 FASTST M M 4 MAX(MPH)
MISC ----> 26 190 38 210
================================================================================
NOTES:
# LAST OF SEVERAL OCCURRENCES
COLUMN 17 PEAK WIND IN M.P.H.
PRELIMINARY LOCAL CLIMATOLOGICAL DATA (WS FORM: F-6) , PAGE 2
STATION: MONTICELLO
MONTH: APRIL
YEAR: 2022
LATITUDE: 33 37 N
LONGITUDE: 91 45 W
[TEMPERATURE DATA] [PRECIPITATION DATA] SYMBOLS USED IN COLUMN 16
AVERAGE MONTHLY: 63.2 TOTAL FOR MONTH: 6.11 1 = FOG OR MIST
DPTR FM NORMAL: -0.4 DPTR FM NORMAL: 0.13 2 = FOG REDUCING VISIBILITY
HIGHEST: 85 ON 29,24 GRTST 24HR 1.91 ON 17-17 TO 1/4 MILE OR LESS
LOWEST: 33 ON 1 3 = THUNDER
SNOW, ICE PELLETS, HAIL 4 = ICE PELLETS
TOTAL MONTH: 0.0 INCH 5 = HAIL
GRTST 24HR 0.0 6 = FREEZING RAIN OR DRIZZLE
GRTST DEPTH: 0 7 = DUSTSTORM OR SANDSTORM:
VSBY 1/2 MILE OR LESS
8 = SMOKE OR HAZE
[NO. OF DAYS WITH] [WEATHER - DAYS WITH] 9 = BLOWING SNOW
X = TORNADO
MAX 32 OR BELOW: 0 0.01 INCH OR MORE: 9
MAX 90 OR ABOVE: 0 0.10 INCH OR MORE: 8
MIN 32 OR BELOW: 0 0.50 INCH OR MORE: 5
MIN 0 OR BELOW: 0 1.00 INCH OR MORE: 2
[HDD (BASE 65) ]
TOTAL THIS MO. 124 CLEAR (SCALE 0-3) 16
DPTR FM NORMAL 3 PTCLDY (SCALE 4-7) 11
TOTAL FM JUL 1 2330 CLOUDY (SCALE 8-10) 3
DPTR FM NORMAL -285
[CDD (BASE 65) ]
TOTAL THIS MO. 76
DPTR FM NORMAL -3 [PRESSURE DATA]
TOTAL FM JAN 1 96 HIGHEST SLP 30.38 ON 26
DPTR FM NORMAL -13 LOWEST SLP 29.47 ON 5
[REMARKS]
#FINAL-04-22#