000
CXUS55 KRIW 032319
CF6LND
PRELIMINARY LOCAL CLIMATOLOGICAL DATA (WS FORM: F-6)
STATION: LANDER WY
MONTH: OCTOBER
YEAR: 2021
LATITUDE: 42 49 N
LONGITUDE: 108 44 W
TEMPERATURE IN F: :PCPN: SNOW: WIND :SUNSHINE: SKY :PK WND
================================================================================
1 2 3 4 5 6A 6B 7 8 9 10 11 12 13 14 15 16 17 18
12Z AVG MX 2MIN
DY MAX MIN AVG DEP HDD CDD WTR SNW DPTH SPD SPD DIR MIN PSBL S-S WX SPD DR
================================================================================
1 69 34 52 0 13 0 0.00 0.0 0 4.4 16 240 M M 0 20 240
2 73 38 56 4 9 0 0.00 0.0 0 5.3 15 240 M M 1 19 240
3 76 42 59 8 6 0 0.00 0.0 0 4.7 14 240 M M 0 17 90
4 79 41 60 9 5 0 0.00 0.0 0 7.4 22 210 M M 0 29 190
5 78 45 62 12 3 0 0.00 0.0 0 6.0 24 150 M M 0 31 140
6 67 48 58 8 7 0 T 0.0 0 11.3 26 210 M M 5 37 210
7 71 40 56 6 9 0 0.01 0.0 0 6.5 25 180 M M 5 32 180
8 60 44 52 3 13 0 0.06 0.0 0 4.1 17 230 M M 5 1 25 250
9 54 37 46 -2 19 0 0.12 0.0 0 5.3 20 30 M M 7 12 27 320
10 64 34 49 1 16 0 0.00 0.0 0 5.3 18 10 M M 2 24 360
11 54 29 42 -6 23 0 0.28 0.6 T 6.8 22 10 M M 8 1 28 30
12 31 26 29 -18 36 0 0.88 7.3 4 4.0 12 140 M M 10 12 15 140
13 38 16 27 -20 38 0 0.00 0.0 6 2.2 13 150 M M 4 1 16 150
14 42 23 33 -13 32 0 0.00 0.0 4 3.9 12 230 M M 6 17 300
15 49 21 35 -11 30 0 0.00 0.0 2 5.7 14 200 M M 0 18 210
16 60 28 44 -1 21 0 0.00 0.0 1 2.8 10 250 M M 0 12 240
17 64 32 48 3 17 0 0.00 0.0 0 4.1 20 230 M M 0 24 230
18 64 36 50 6 15 0 0.13 0.0 0 4.1 32 120 M M 2 18 40 120
19 44 32 38 -6 27 0 1.67 0.1 T 6.2 17 300 M M 10 1 26 30
20 54 34 44 0 21 0 0.00 0.0 0 3.1 12 250 M M 3 1 15 240
21 63 37 50 7 15 0 0.00 0.0 0 4.4 13 230 M M 1 15 220
22 65 38 52 9 13 0 0.00 0.0 0 4.5 14 230 M M 0 18 230
23 54 33 44 2 21 0 0.01 0.0 0 5.9 22 300 M M 2 31 300
24 59 34 47 5 18 0 0.00 0.0 0 6.4 23 150 M M 4 28 150
25 71 39 55 13 10 0 T 0.0 0 16.1 39 190 M M 0 55 230
26 55 32 44 3 21 0 0.33 0.0 0 6.4 20 210 M M 7 1 30 210
27 55 29 42 1 23 0 0.00 0.0 0 5.8 15 130 M M 4 22 260
28 61 31 46 6 19 0 0.00 0.0 0 3.9 16 130 M M 0 19 130
29 65 35 50 10 15 0 0.00 0.0 0 3.9 17 340 M M 0 26 330
30 53 32 43 4 22 0 0.03 T 0 6.8 14 250 M M 5 1 16 240
31 36 30 33 -6 32 0 0.05 T T 4.6 10 20 M M 10 1 13 20
================================================================================
SM 1828 1050 569 0 3.57 8.0 171.9 M 101
================================================================================
AV 59.0 33.9 5.5 FASTST M M 3 MAX(MPH)
MISC ----> 39 190 55 230
================================================================================
NOTES:
# LAST OF SEVERAL OCCURRENCES
COLUMN 17 PEAK WIND IN M.P.H.
PRELIMINARY LOCAL CLIMATOLOGICAL DATA (WS FORM: F-6) , PAGE 2
STATION: LANDER WY
MONTH: OCTOBER
YEAR: 2021
LATITUDE: 42 49 N
LONGITUDE: 108 44 W
[TEMPERATURE DATA] [PRECIPITATION DATA] SYMBOLS USED IN COLUMN 16
AVERAGE MONTHLY: 46.4 TOTAL FOR MONTH: 3.57 1 = FOG OR MIST
DPTR FM NORMAL: 1.0 DPTR FM NORMAL: 2.17 2 = FOG REDUCING VISIBILITY
HIGHEST: 79 ON 4 GRTST 24HR 1.80 ON 18-19 TO 1/4 MILE OR LESS
LOWEST: 16 ON 13 3 = THUNDER
SNOW, ICE PELLETS, HAIL 4 = ICE PELLETS
TOTAL MONTH: 8.0 INCHES 5 = HAIL
GRTST 24HR 7.3 ON 12-12 6 = FREEZING RAIN OR DRIZZLE
GRTST DEPTH: 6 ON 13 7 = DUSTSTORM OR SANDSTORM:
VSBY 1/2 MILE OR LESS
8 = SMOKE OR HAZE
[NO. OF DAYS WITH] [WEATHER - DAYS WITH] 9 = BLOWING SNOW
X = TORNADO
MAX 32 OR BELOW: 1 0.01 INCH OR MORE: 11
MAX 90 OR ABOVE: 0 0.10 INCH OR MORE: 6
MIN 32 OR BELOW: 13 0.50 INCH OR MORE: 2
MIN 0 OR BELOW: 0 1.00 INCH OR MORE: 1
[HDD (BASE 65) ]
TOTAL THIS MO. 569 CLEAR (SCALE 0-3) 16
DPTR FM NORMAL -38 PTCLDY (SCALE 4-7) 11
TOTAL FM JUL 1 708 CLOUDY (SCALE 8-10) 4
DPTR FM NORMAL -134
[CDD (BASE 65) ]
TOTAL THIS MO. 0
DPTR FM NORMAL -1 [PRESSURE DATA]
TOTAL FM JAN 1 697 HIGHEST SLP 30.40 ON 16
DPTR FM NORMAL 212 LOWEST SLP 29.28 ON 26
[REMARKS]
#FINAL-10-21#