000
CXUS55 KLMK 030938
CLMLOU
CLIMATE REPORT
NATIONAL WEATHER SERVICE LOUISVILLE KY
538 AM EDT MON JUL 03 2023
...................................
...THE LOUISVILLE BOWMAN KY CLIMATE SUMMARY FOR THE MONTH OF JUNE 2023...
CLIMATE NORMAL PERIOD 1991 TO 2020
CLIMATE RECORD PERIOD 9999 TO 9999
WEATHER OBSERVED NORMAL DEPART LAST YEAR`S
VALUE DATE(S) VALUE FROM VALUE DATE(S)
NORMAL
................................................................
TEMPERATURE (F)
RECORD
HIGH MM MM
LOW 49 06/13/2023
HIGHEST 91 06/03 MM MM 98 06/22
LOWEST 49R 06/13 MM MM 53 06/29
AVG. MAXIMUM 82.0 84.8 -2.8 87.3
AVG. MINIMUM 60.2 65.9 -5.7 65.0
MEAN 71.1 75.4 -4.3 76.2
DAYS MAX >= 90 1 7.4 -6.4 11
DAYS MAX <= 32 0 0.0 0.0 0
DAYS MIN <= 32 0 0.0 0.0 0
DAYS MIN <= 0 0 0.0 0.0 0
PRECIPITATION (INCHES)
RECORD
MAXIMUM 2.96 2022
TOTALS 4.35 4.68 -0.33 2.96
DAILY AVG. 0.15 0.16 -0.01 0.10
DAYS >= .01 8 11.8 -3.8 7
DAYS >= .10 6 7.7 -1.7 5
DAYS >= .50 3 3.3 -0.3 3
DAYS >= 1.00 1 1.1 -0.1 1
GREATEST
24 HR. TOTAL 1.91 06/25 TO 06/25
DEGREE DAYS
HEATING TOTAL 3 3 0 0
SINCE 7/1 3878 4146 -268 MM
COOLING TOTAL 194 313 -119 343
SINCE 1/1 284 496 -212 MM
................................................................
WIND (MPH)
AVERAGE WIND SPEED 5.5
HIGHEST WIND SPEED/DIRECTION 29/200 DATE 06/11
HIGHEST GUST SPEED/DIRECTION 40/190 DATE 06/11
SKY COVER
POSSIBLE SUNSHINE (PERCENT) MM
AVERAGE SKY COVER 0.33
NUMBER OF DAYS FAIR 19
NUMBER OF DAYS PC 6
NUMBER OF DAYS CLOUDY 5
AVERAGE RH (PERCENT) 69
WEATHER CONDITIONS. NUMBER OF DAYS WITH
THUNDERSTORM 8 MIXED PRECIP 0
HEAVY RAIN 4 RAIN 6
LIGHT RAIN 8 FREEZING RAIN 0
LT FREEZING RAIN 0 HAIL 0
HEAVY SNOW 0 SNOW 0
LIGHT SNOW 0 SLEET 0
FOG 14 FOG W/VIS <= 1/4 MILE 4
HAZE 11
- INDICATES NEGATIVE NUMBERS.
R INDICATES RECORD WAS SET OR TIED.
MM INDICATES DATA IS MISSING.
T INDICATES TRACE AMOUNT.
$$