000
CXUS53 KJKL 011353
CLSLOZ
CLIMATE REPORT
NATIONAL WEATHER SERVICE JACKSON KY
853 AM EST THU DEC 01 2022
...................................
...THE LONDON KY CLIMATE SUMMARY FOR THE SEASON, FROM
9/1/2022 TO 11/30/2022...
CLIMATE NORMAL PERIOD 1991 TO 2020
CLIMATE RECORD PERIOD 1954 TO 2022
WEATHER OBSERVED NORMAL DEPART LAST YEAR`S
VALUE DATE(S) VALUE FROM VALUE DATE(S)
NORMAL
................................................................
TEMPERATURE (F)
RECORD
HIGH 97 09/05/2007
LOW 2 11/30/1976
HIGHEST 90 09/21 MM MM 86 09/14
LOWEST 17 11/21 MM MM 20 11/23
AVG. MAXIMUM 67.9 69.1 -1.2 68.6
AVG. MINIMUM MM 46.2 MM 47.0
MEAN MM 57.7 MM 57.8
DAYS MAX >= 90 1 3.2 -2.2 0
DAYS MAX <= 32 0 0.2 -0.2 0
DAYS MIN <= 32 21 15.0 6.0 20
DAYS MIN <= 0 0 0.0 0.0 0
PRECIPITATION (INCHES)
RECORD
MAXIMUM 20.16 2004
MINIMUM 4.07 2008
TOTALS MM 10.36 MM 8.47
DAILY AVG. 0.08 0.11 -0.03 0.09
DAYS >= .01 26 27.1 -1.1 32
DAYS >= .10 15 17.7 -2.7 18
DAYS >= .50 4 6.7 -2.7 8
DAYS >= 1.00 3 2.6 0.4 1
GREATEST
24 HR. TOTAL 1.32 11/11 TO 11/11 1.40
SNOWFALL (INCHES)
RECORDS
TOTAL 4.5 1963
TOTALS MM MM MM MM
SINCE 7/1 MM MM MM MM
SNOWDEPTH AVG. MM MM
DAYS >= 1.0 MM MM MM MM
GREATEST
24 HR TOTAL MM MM
DEGREE DAYS
HEATING TOTAL MM 846 MM 838
SINCE 7/1 MM 845 MM 838
COOLING TOTAL 131 177 -46 206
SINCE 1/1 1287 1217 70 1246
................................................................
WIND (MPH)
AVERAGE WIND SPEED 4.2
RESULTANT WIND SPEED/DIRECTION 1/250
HIGHEST WIND SPEED/DIRECTION 35/250 DATE 11/27
HIGHEST GUST SPEED/DIRECTION 38/200 DATE 10/12
SKY COVER
POSSIBLE SUNSHINE (PERCENT) MM
NUMBER OF DAYS FAIR 58
NUMBER OF DAYS PC 19
NUMBER OF DAYS CLOUDY 14
AVERAGE RH (PERCENT) 71
WEATHER CONDITIONS. NUMBER OF DAYS WITH
THUNDERSTORM 5 MIXED PRECIP 0
HEAVY RAIN 11 RAIN 15
LIGHT RAIN 27 FREEZING RAIN 0
LT FREEZING RAIN 0 HAIL 0
HEAVY SNOW 0 SNOW 0
LIGHT SNOW 3 SLEET 0
FOG 44 FOG W/VIS <= 1/4 MILE 2
HAZE 4
- INDICATES NEGATIVE NUMBERS.
R INDICATES RECORD WAS SET OR TIED.
MM INDICATES DATA IS MISSING.
T INDICATES TRACE AMOUNT.
&&
...SENSOR OUTAGE AT LOZ ASOS ON NOVEMBER 12TH CAUSED LOSS OF SEASONAL PRECIPITATION...SEASONAL AVERAGE MINIMUM AND MEAN TEMPERATURES AND HEATING DEGREE SEASONAL AND ANNUAL TOTALS...
$$
CARICO