000
CXUS54 KCRP 011310
CF6LRD
PRELIMINARY LOCAL CLIMATOLOGICAL DATA (WS FORM: F-6)
STATION: LAREDO
MONTH: NOVEMBER
YEAR: 2021
LATITUDE: 27 31 N
LONGITUDE: 99 28 W
TEMPERATURE IN F: :PCPN: SNOW: WIND :SUNSHINE: SKY :PK WND
================================================================================
1 2 3 4 5 6A 6B 7 8 9 10 11 12 13 14 15 16 17 18
12Z AVG MX 2MIN
DY MAX MIN AVG DEP HDD CDD WTR SNW DPTH SPD SPD DIR MIN PSBL S-S WX SPD DR
================================================================================
1 89 66 78 7 0 13 0.00 0.0 0 M M M M M 3 M M
2 89 66 78 7 0 13 0.00 0.0 0 M M M M M 4 M M
3 82 58 70 0 0 5 0.58 0.0 0 M M M M M 6 13 M M
4 59 53 56 -14 9 0 T 0.0 0 M M M M M 10 1 M M
5 66 53 60 -10 5 0 0.00 0.0 0 M M M M M 8 M M
6 75 49 62 -7 3 0 0.00 0.0 0 M M M M M 0 M M
7 80 53 67 -2 0 2 0.00 0.0 0 M M M M M 0 M M
8 83 59 71 3 0 6 0.00 0.0 0 M M M M M 6 M M
9 82 63 73 5 0 8 0.00 0.0 0 M M M M M 5 M M
10 86 67 77 9 0 12 0.00 0.0 0 M M M M M 2 M M
11 83 62 73 5 0 8 0.00 0.0 0 M M M M M 2 M M
12 82 58 70 3 0 5 0.00 0.0 0 M M M M M 4 M M
13 78 60 69 2 0 4 0.00 0.0 0 M M M M M 3 M M
14 85 56 71 4 0 6 0.00 0.0 0 M M M M M 0 M M
15 87 63 75 9 0 10 0.00 0.0 0 M M M M M 1 M M
16 87 66 77 11 0 12 0.00 0.0 0 M M M M M 2 M M
17 88 64 76 10 0 11 0.00 0.0 0 M M M M M 0 M M
18 71 59 65 0 0 0 T 0.0 0 M M M M M 9 M M
19 73 57 65 0 0 0 0.00 0.0 0 M M M M M 5 M M
20 80 52 66 1 0 1 0.00 0.0 0 M M M M M 2 M M
21 84 65 75 10 0 10 0.00 0.0 0 M M M M M 7 M M
22 75 57 66 2 0 1 0.00 0.0 0 M M M M M 4 M M
23 78 50 64 0 1 0 0.00 0.0 0 M M M M M 0 M M
24 85 63 74 10 0 9 0.00 0.0 0 M M M M M 3 8 M M
25 79 60 70 6 0 5 T 0.0 0 M M M M M 8 M M
26 66 54 60 -3 5 0 0.00 0.0 0 M M M M M 7 M M
27 58 48 53 -10 12 0 0.04 0.0 0 M M M M M 10 M M
28 74 47 61 -2 4 0 0.00 0.0 0 M M M M M 1 1 M M
29 76 47 62 0 3 0 0.00 0.0 0 M M M M M 0 M M
30 80 49 65 3 0 0 0.00 0.0 0 M M M M M 0 M M
================================================================================
SM 2360 1724 42 141 0.62 0.0 M M 112
================================================================================
AV 78.7 57.5 M FASTST M M 4 MAX(MPH)
MISC ----> M M M M
================================================================================
NOTES:
# LAST OF SEVERAL OCCURRENCES
COLUMN 17 PEAK WIND IN M.P.H.
PRELIMINARY LOCAL CLIMATOLOGICAL DATA (WS FORM: F-6) , PAGE 2
STATION: LAREDO
MONTH: NOVEMBER
YEAR: 2021
LATITUDE: 27 31 N
LONGITUDE: 99 28 W
[TEMPERATURE DATA] [PRECIPITATION DATA] SYMBOLS USED IN COLUMN 16
AVERAGE MONTHLY: 68.1 TOTAL FOR MONTH: 0.62 1 = FOG OR MIST
DPTR FM NORMAL: 1.8 DPTR FM NORMAL: -0.42 2 = FOG REDUCING VISIBILITY
HIGHEST: 89 ON 2, 1 GRTST 24HR 0.58 ON 3- 3 TO 1/4 MILE OR LESS
LOWEST: 47 ON 29,28 3 = THUNDER
SNOW, ICE PELLETS, HAIL 4 = ICE PELLETS
TOTAL MONTH: 0.0 INCH 5 = HAIL
GRTST 24HR 0.0 6 = FREEZING RAIN OR DRIZZLE
GRTST DEPTH: 0 7 = DUSTSTORM OR SANDSTORM:
VSBY 1/2 MILE OR LESS
8 = SMOKE OR HAZE
[NO. OF DAYS WITH] [WEATHER - DAYS WITH] 9 = BLOWING SNOW
X = TORNADO
MAX 32 OR BELOW: 0 0.01 INCH OR MORE: 2
MAX 90 OR ABOVE: 0 0.10 INCH OR MORE: 1
MIN 32 OR BELOW: 0 0.50 INCH OR MORE: 1
MIN 0 OR BELOW: 0 1.00 INCH OR MORE: 0
[HDD (BASE 65) ]
TOTAL THIS MO. 42 CLEAR (SCALE 0-3) 13
DPTR FM NORMAL -51 PTCLDY (SCALE 4-7) 14
TOTAL FM JUL 1 42 CLOUDY (SCALE 8-10) 3
DPTR FM NORMAL -65
[CDD (BASE 65) ]
TOTAL THIS MO. 141
DPTR FM NORMAL 9 [PRESSURE DATA]
TOTAL FM JAN 1 4545 HIGHEST SLP 30.44 ON 19
DPTR FM NORMAL 240 LOWEST SLP 29.77 ON 10
[REMARKS]
#FINAL-11-21#