312
CXUS54 KCRP 020309
CF6LRD
PRELIMINARY LOCAL CLIMATOLOGICAL DATA (WS FORM: F-6)
STATION: LAREDO
MONTH: DECEMBER
YEAR: 2020
LATITUDE: 27 31 N
LONGITUDE: 99 28 W
TEMPERATURE IN F: :PCPN: SNOW: WIND :SUNSHINE: SKY :PK WND
================================================================================
1 2 3 4 5 6A 6B 7 8 9 10 11 12 13 14 15 16 17 18
12Z AVG MX 2MIN
DY MAX MIN AVG DEP HDD CDD WTR SNW DPTH SPD SPD DIR MIN PSBL S-S WX SPD DR
================================================================================
1 70 33 52 -8 13 0 0.00 0.0 0 M M M M M 0 M M
2 70 48 59 -1 6 0 0.00 0.0 0 M M M M M 0 M M
3 59 41 50 -10 15 0 0.00 0.0 0 M M M M M 2 M M
4 61 39 50 -9 15 0 0.00 0.0 0 M M M M M 1 M M
5 58 42 50 -9 15 0 0.00 0.0 0 M M M M M 8 M M
6 71 39 55 -4 10 0 0.00 0.0 0 M M M M M 0 M M
7 74 37 56 -3 9 0 0.00 0.0 0 M M M M M 0 M M
8 79 39 59 1 6 0 0.00 0.0 0 M M M M M 0 M M
9 82 39 61 3 4 0 0.00 0.0 0 M M M M M 0 M M
10 84 53 69 11 0 4 0.00 0.0 0 M M M M M 0 M M
11 82 60 71 13 0 6 0.00 0.0 0 M M M M M 1 M M
12 82 51 67 9 0 2 0.00 0.0 0 M M M M M 2 M M
13 79 53 66 9 0 1 0.00 0.0 0 M M M M M 5 1 M M
14 62 40 51 -6 14 0 0.00 0.0 0 M M M M M 0 M M
15 69 38 54 -3 11 0 0.00 0.0 0 M M M M M 2 M M
16 65 38 52 -5 13 0 0.00 0.0 0 M M M M M 0 M M
17 71 34 53 -4 12 0 0.00 0.0 0 M M M M M 0 M M
18 78 47 63 6 2 0 0.00 0.0 0 M M M M M 5 M M
19 79 52 66 9 0 1 0.00 0.0 0 M M M M M 5 M M
20 77 41 59 3 6 0 0.00 0.0 0 M M M M M 0 M M
21 80 40 60 4 5 0 0.00 0.0 0 M M M M M 0 M M
22 76 58 67 11 0 2 0.00 0.0 0 M M M M M 5 M M
23 83 57 70 14 0 5 0.00 0.0 0 M M M M M 3 1 M M
24 61 38 50 -6 15 0 0.00 0.0 0 M M M M M 2 8 M M
25 71 32 52 -4 13 0 0.00 0.0 0 M M M M M 0 8 M M
26 73 40 57 1 8 0 0.00 0.0 0 M M M M M 0 M M
27 83 50 67 11 0 2 0.00 0.0 0 M M M M M 0 M M
28 84 59 72 16 0 7 0.00 0.0 0 M M M M M 2 M M
29 86 65 76 20 0 11 0.00 0.0 0 M M M M M 3 M M
30 79 51 65 9 0 0 T 0.0 0 M M M M M 5 1 M M
31 51 41 46 -10 19 0 0.14 0.0 0 M M M M M 6 13 M M
================================================================================
SM 2279 1395 211 41 0.14 0.0 M M 57
================================================================================
AV 73.5 45.0 M FASTST M M 2 MAX(MPH)
MISC ----> M M M M
================================================================================
NOTES:
# LAST OF SEVERAL OCCURRENCES
COLUMN 17 PEAK WIND IN M.P.H.
PRELIMINARY LOCAL CLIMATOLOGICAL DATA (WS FORM: F-6) , PAGE 2
STATION: LAREDO
MONTH: DECEMBER
YEAR: 2020
LATITUDE: 27 31 N
LONGITUDE: 99 28 W
[TEMPERATURE DATA] [PRECIPITATION DATA] SYMBOLS USED IN COLUMN 16
AVERAGE MONTHLY: 59.3 TOTAL FOR MONTH: 0.14 1 = FOG OR MIST
DPTR FM NORMAL: 2.0 DPTR FM NORMAL: -0.74 2 = FOG REDUCING VISIBILITY
HIGHEST: 86 ON 29 GRTST 24HR 0.14 ON 30-31 TO 1/4 MILE OR LESS
LOWEST: 32 ON 25 3 = THUNDER
SNOW, ICE PELLETS, HAIL 4 = ICE PELLETS
TOTAL MONTH: 0.0 INCH 5 = HAIL
GRTST 24HR 0.0 6 = FREEZING RAIN OR DRIZZLE
GRTST DEPTH: 0 7 = DUSTSTORM OR SANDSTORM:
VSBY 1/2 MILE OR LESS
8 = SMOKE OR HAZE
[NO. OF DAYS WITH] [WEATHER - DAYS WITH] 9 = BLOWING SNOW
X = TORNADO
MAX 32 OR BELOW: 0 0.01 INCH OR MORE: 1
MAX 90 OR ABOVE: 0 0.10 INCH OR MORE: 1
MIN 32 OR BELOW: 1 0.50 INCH OR MORE: 0
MIN 0 OR BELOW: 0 1.00 INCH OR MORE: 0
[HDD (BASE 65) ]
TOTAL THIS MO. 211 CLEAR (SCALE 0-3) 24
DPTR FM NORMAL -64 PTCLDY (SCALE 4-7) 7
TOTAL FM JUL 1 263 CLOUDY (SCALE 8-10) 0
DPTR FM NORMAL -127
[CDD (BASE 65) ]
TOTAL THIS MO. 41
DPTR FM NORMAL 6 [PRESSURE DATA]
TOTAL FM JAN 1 4685 HIGHEST SLP 30.55 ON 24
DPTR FM NORMAL 395 LOWEST SLP 29.67 ON 30
[REMARKS]
#FINAL-12-20#