000
CXUS54 KFWD 010730
CF6LUD
PRELIMINARY LOCAL CLIMATOLOGICAL DATA (WS FORM: F-6)
STATION: DECATUR
MONTH: MAY
YEAR: 2023
LATITUDE: 33 15 N
LONGITUDE: 97 30 W
TEMPERATURE IN F: :PCPN: SNOW: WIND :SUNSHINE: SKY :PK WND
================================================================================
1 2 3 4 5 6A 6B 7 8 9 10 11 12 13 14 15 16 17 18
12Z AVG MX 2MIN
DY MAX MIN AVG DEP HDD CDD WTR SNW DPTH SPD SPD DIR MIN PSBL S-S WX SPD DR
================================================================================
1 75 51 63 -3 2 0 0.00 M M 6.1 12 60 M M 0 18 100
2 79 52 66 -1 0 1 0.00 M M 6.0 12 70 M M 1 16 100
3 76 60 68 1 0 3 0.00 M M 7.0 12 40 M M 3 18 90
4 82 58 70 3 0 5 0.00 M M 8.5 16 160 M M 1 24 150
5 95 66 81 14 0 16 0.05 M M 8.0 15 150 M M 1 1 25 170
6 89 65 77 9 0 12 0.27 M M 10.0 20 100 M M 1 30 100
7 85 67 76 8 0 11 0.03 M M 11.7 15 210 M M 4 22 180
8 89 64 77 9 0 12 0.00 M M 7.7 13 120 M M 0 23 190
9 84 67 76 7 0 11 0.00 M M 8.1 15 140 M M 2 1 21 160
10 75 66 71 2 0 6 0.00 M M 4.4 9 160 M M 2 M M
11 88 64 76 7 0 11 0.00 M M 9.0 16 170 M M 5 18 26 190
12 90 66 78 9 0 13 0.02 M M 13.1 22 190 M M 3 8 30 180
13 82 65 74 4 0 9 0.28 M M 6.2 12 80 M M 2 24 0
14 74 66 70 0 0 5 2.16 M M 2.9 12 100 M M 6 12 M M
15 84 65 75 5 0 10 0.93 M M 2.7 10 220 M M 5 12 M M
16 76 62 69 -1 0 4 0.00 M M 3.9 10 330 M M 3 1 M M
17 82 59 71 0 0 6 0.00 M M 3.6 7 50 M M 0 M M
18 86 61 74 3 0 9 0.00 M M 5.3 9 140 M M 1 16 140
19 87 66 77 6 0 12 0.00 M M 5.6 10 170 M M 3 17 170
20 75 57 66 -5 0 1 0.00 M M 6.2 10 20 M M 3 18 360
21 73 59 66 -6 0 1 0.00 M M 2.5 5 90 M M 0 M M
22 82 58 70 -2 0 5 0.00 M M 4.3 9 190 M M 1 1 M M
23 84 65 75 3 0 10 0.00 M M 6.6 10 110 M M 1 17 120
24 84 64 74 2 0 9 0.24 M M 4.0 8 80 M M 3 28 0
25 83 66 75 2 0 10 0.00 M M 6.0 10 60 M M 1 8 M M
26 84 64 74 1 0 9 0.00 M M 4.1 10 100 M M 3 28 M M
27 83 65 74 1 0 9 0.00 M M 4.2 9 130 M M 0 M M
28 84 65 75 2 0 10 0.00 M M 6.5 13 40 M M 2 17 100
29 85 65 75 1 0 10 0.16 M M 4.9 10 270 M M 1 1 18 270
30 87 64 76 2 0 11 0.00 M M 5.2 17 120 M M 1 1 21 120
31 89 65 77 3 0 12 0.00 M M 4.8 12 170 M M 1 1 16 170
================================================================================
SM 2571 1947 2 253 4.14 M 189.3 M 60
================================================================================
AV 82.9 62.8 6.1 FASTST M M 2 MAX(MPH)
MISC ----> 22 190 30 180
================================================================================
NOTES:
# LAST OF SEVERAL OCCURRENCES
COLUMN 17 PEAK WIND IN M.P.H.
PRELIMINARY LOCAL CLIMATOLOGICAL DATA (WS FORM: F-6) , PAGE 2
STATION: DECATUR
MONTH: MAY
YEAR: 2023
LATITUDE: 33 15 N
LONGITUDE: 97 30 W
[TEMPERATURE DATA] [PRECIPITATION DATA] SYMBOLS USED IN COLUMN 16
AVERAGE MONTHLY: 72.9 TOTAL FOR MONTH: 4.14 1 = FOG OR MIST
DPTR FM NORMAL: 2.5 DPTR FM NORMAL: -1.37 2 = FOG REDUCING VISIBILITY
HIGHEST: 95 ON 5 GRTST 24HR 2.16 ON 14-14 TO 1/4 MILE OR LESS
LOWEST: 51 ON 1 3 = THUNDER
SNOW, ICE PELLETS, HAIL 4 = ICE PELLETS
TOTAL MONTH: M 5 = HAIL
GRTST 24HR M ON M 6 = FREEZING RAIN OR DRIZZLE
GRTST DEPTH: M ON M 7 = DUSTSTORM OR SANDSTORM:
VSBY 1/2 MILE OR LESS
8 = SMOKE OR HAZE
[NO. OF DAYS WITH] [WEATHER - DAYS WITH] 9 = BLOWING SNOW
X = TORNADO
MAX 32 OR BELOW: 0 0.01 INCH OR MORE: 9
MAX 90 OR ABOVE: 2 0.10 INCH OR MORE: 6
MIN 32 OR BELOW: 0 0.50 INCH OR MORE: 2
MIN 0 OR BELOW: 0 1.00 INCH OR MORE: 1
[HDD (BASE 65) ]
TOTAL THIS MO. 2 CLEAR (SCALE 0-3) 24
DPTR FM NORMAL -18 PTCLDY (SCALE 4-7) 7
TOTAL FM JUL 1 2213 CLOUDY (SCALE 8-10) 0
DPTR FM NORMAL -726
[CDD (BASE 65) ]
TOTAL THIS MO. 253
DPTR FM NORMAL 68 [PRESSURE DATA]
TOTAL FM JAN 1 375 HIGHEST SLP M ON M
DPTR FM NORMAL 125 LOWEST SLP M ON M
[REMARKS]
#FINAL-05-23#