000
CXUS54 KHGX 011410
CF6LVJ
PRELIMINARY LOCAL CLIMATOLOGICAL DATA (WS FORM: F-6)
STATION: HOUSTON/CLOVER_FIELD
MONTH: MAY
YEAR: 2021
LATITUDE: 29 31 N
LONGITUDE: 95 14 W
TEMPERATURE IN F: :PCPN: SNOW: WIND :SUNSHINE: SKY :PK WND
================================================================================
1 2 3 4 5 6A 6B 7 8 9 10 11 12 13 14 15 16 17 18
12Z AVG MX 2MIN
DY MAX MIN AVG DEP HDD CDD WTR SNW DPTH SPD SPD DIR MIN PSBL S-S WX SPD DR
================================================================================
1 77 69 73 -1 0 8 1.26 0.0 0 9.0 24 120 M M 8 13 31 120
2 86 72 79 5 0 14 0.12 0.0 0 9.5 17 180 M M 4 1 23 180
3 85 76 81 7 0 16 0.00 0.0 0 10.8 17 170 M M 9 18 23 170
4 89 73 81 6 0 16 0.00 0.0 0 6.6 20 350 M M 7 138 24 10
5 84 63 74 -1 0 9 0.00 0.0 0 9.2 16 30 M M 1 22 30
6 86 62 74 -1 0 9 0.00 0.0 0 5.4 16 40 M M 0 21 50
7 86 62 74 -1 0 9 0.00 0.0 0 5.5 18 90 M M 0 24 100
8 84 65 75 -1 0 10 0.00 0.0 0 10.2 21 170 M M 5 30 160
9 85 77 81 5 0 16 T 0.0 0 12.1 21 180 M M 10 30 160
10 88 77 83 7 0 18 0.00 0.0 0 7.7 17 170 M M 6 18 23 180
11 87 70 79 3 0 14 0.06 0.0 0 9.8 23 360 M M 7 1 31 10
12 76 65 71 -6 0 6 0.06 0.0 0 10.8 17 30 M M 10 13 25 10
13 77 65 71 -6 0 6 0.00 0.0 0 7.2 15 20 M M 8 1 20 20
14 82 64 73 -4 0 8 0.00 0.0 0 6.4 15 80 M M 6 8 22 70
15 83 63 73 -5 0 8 0.00 0.0 0 8.4 18 120 M M 3 25 120
16 77 71 74 -4 0 9 0.55 0.0 0 7.9 18 160 M M 6 13 28 150
17 85 69 77 -1 0 12 0.99 0.0 0 8.5 26 60 M M 7 13 41 60
18 82 66 74 -4 0 9 1.43 0.0 0 10.6 23 280 M M 6 13 35 290
19 71 66 69 -10 0 4 1.28 0.0 0 8.1 25 140 M M 8 13 35 150
20 82 65 74 -5 0 9 T 0.0 0 6.4 13 140 M M 5 12 19 180
21 82 72 77 -2 0 12 0.09 0.0 0 9.2 26 100 M M 8 18 34 100
22 81 73 77 -2 0 12 0.44 0.0 0 12.7 23 110 M M 9 1 37 90
23 79 73 76 -4 0 11 0.55 0.0 0 7.9 16 150 M M 8 18 22 120
24 81 73 77 -3 0 12 0.24 0.0 0 9.0 20 150 M M 9 13 28 170
25 85 75 80 0 0 15 0.04 0.0 0 10.1 18 150 M M 7 3 27 170
26 88 73 81 1 0 16 0.00 0.0 0 6.8 15 150 M M 5 12 24 140
27 88 73 81 0 0 16 0.00 0.0 0 7.3 14 170 M M 4 1 22 170
28 87 69 78 -3 0 13 0.81 0.0 0 6.8 20 320 M M 5 13 33 310
29 90 67 79 -2 0 14 0.09 0.0 0 3.8 16 150 M M 2 13 22 160
30 82 73 78 -3 0 13 0.00 0.0 0 7.6 16 80 M M 4 22 70
31 86 73 80 -2 0 15 T 0.0 0 9.3 17 140 M M 4 26 130
================================================================================
SM 2581 2154 0 359 8.01 0.0 260.6 M 181
================================================================================
AV 83.3 69.5 8.4 FASTST M M 6 MAX(MPH)
MISC ----> # 26 60 41 60
================================================================================
NOTES:
# LAST OF SEVERAL OCCURRENCES
COLUMN 17 PEAK WIND IN M.P.H.
PRELIMINARY LOCAL CLIMATOLOGICAL DATA (WS FORM: F-6) , PAGE 2
STATION: HOUSTON/CLOVER_FIELD
MONTH: MAY
YEAR: 2021
LATITUDE: 29 31 N
LONGITUDE: 95 14 W
[TEMPERATURE DATA] [PRECIPITATION DATA] SYMBOLS USED IN COLUMN 16
AVERAGE MONTHLY: 76.4 TOTAL FOR MONTH: 8.01 1 = FOG OR MIST
DPTR FM NORMAL: -1.3 DPTR FM NORMAL: 2.88 2 = FOG REDUCING VISIBILITY
HIGHEST: 90 ON 29 GRTST 24HR 2.69 ON 18-19 TO 1/4 MILE OR LESS
LOWEST: 62 ON 7, 6 3 = THUNDER
SNOW, ICE PELLETS, HAIL 4 = ICE PELLETS
TOTAL MONTH: 0.0 INCH 5 = HAIL
GRTST 24HR 0.0 6 = FREEZING RAIN OR DRIZZLE
GRTST DEPTH: 0 7 = DUSTSTORM OR SANDSTORM:
VSBY 1/2 MILE OR LESS
8 = SMOKE OR HAZE
[NO. OF DAYS WITH] [WEATHER - DAYS WITH] 9 = BLOWING SNOW
X = TORNADO
MAX 32 OR BELOW: 0 0.01 INCH OR MORE: 15
MAX 90 OR ABOVE: 1 0.10 INCH OR MORE: 10
MIN 32 OR BELOW: 0 0.50 INCH OR MORE: 7
MIN 0 OR BELOW: 0 1.00 INCH OR MORE: 3
[HDD (BASE 65) ]
TOTAL THIS MO. 0 CLEAR (SCALE 0-3) 5
DPTR FM NORMAL -1 PTCLDY (SCALE 4-7) 17
TOTAL FM JUL 1 1138 CLOUDY (SCALE 8-10) 9
DPTR FM NORMAL 67
[CDD (BASE 65) ]
TOTAL THIS MO. 359
DPTR FM NORMAL -37 [PRESSURE DATA]
TOTAL FM JAN 1 696 HIGHEST SLP 30.25 ON 13
DPTR FM NORMAL -43 LOWEST SLP 29.60 ON 3
[REMARKS]
#FINAL-05-21#