000
CXUS53 KTOP 010810
CF6LWC
PRELIMINARY LOCAL CLIMATOLOGICAL DATA (WS FORM: F-6)
STATION: LAWRENCE KS
MONTH: MAY
YEAR: 2023
LATITUDE: 39 0 N
LONGITUDE: 95 13 W
TEMPERATURE IN F: :PCPN: SNOW: WIND :SUNSHINE: SKY :PK WND
================================================================================
1 2 3 4 5 6A 6B 7 8 9 10 11 12 13 14 15 16 17 18
12Z AVG MX 2MIN
DY MAX MIN AVG DEP HDD CDD WTR SNW DPTH SPD SPD DIR MIN PSBL S-S WX SPD DR
================================================================================
1 67 35 51 -9 14 0 0.00 M M 12.5 28 310 M M 0 8 38 340
2 69 36 53 -7 12 0 0.00 M M 10.5 22 310 M M 0 8 30 350
3 75 32 54 -6 11 0 0.00 M M 3.2 12 290 M M 0 18 17 290
4 69 43 56 -5 9 0 0.25 M M 6.6 16 160 M M 8 18 22 160
5 78 56 67 6 0 2 0.01 M M 11.6 20 150 M M 7 18 26 140
6 95 64 80 19 0 15 0.00 M M 10.3 24 200 M M 5 18 36 200
7 91 63 77 15 0 12 0.00 M M 11.5 23 190 M M 0 138 34 200
8 86 56 71 9 0 6 0.01 M M 6.4 28 310 M M 1 138 42 270
9 83 60 72 10 0 7 0.30 M M 9.9 38 130 M M 1 138 51 130
10 85 59 72 9 0 7 0.00 M M 8.2 17 150 M M 0 8 23 160
11 77 62 70 7 0 5 0.09 M M 10.2 20 110 M M 6 18 26 120
12 86 65 76 12 0 11 0.00 M M 9.7 22 160 M M 3 18 30 150
13 85 64 75 11 0 10 0.00 M M 7.2 15 230 M M 1 18 24 240
14 86 61 74 10 0 9 0.13 M M 3.7 12 90 M M 4 138 14 90
15 70 59 65 0 0 0 0.45 M M 7.9 15 50 M M 10 1 20 60
16 69 51 60 -5 5 0 0.01 M M 5.4 12 330 M M 8 128 16 20
17 84 50 67 1 0 2 0.00 M M 3.2 12 290 M M 3 128 15 290
18 84 54 69 3 0 4 0.00 M M 3.7 14 250 M M 2 18 20 210
19 67 45 56 -10 9 0 0.16 M M 5.8 16 350 M M 6 18 23 340
20 72 43 58 -9 7 0 0.00 M M 4.5 13 20 M M 0 8 18 20
21 77 43 60 -7 5 0 0.00 M M 3.7 14 160 M M 0 128 19 170
22 80 46 63 -5 2 0 0.00 M M 3.5 13 210 M M 2 18 18 200
23 84 50 67 -1 0 2 0.00 M M 4.0 15 180 M M 1 18 22 180
24 87 49 68 0 0 3 0.00 M M 4.1 20 190 M M 2 18 26 200
25 87 56 72 3 0 7 T M M 6.5 18 130 M M 3 18 26 140
26 82 54 68 -1 0 3 0.00 M M 8.1 16 110 M M 1 22 60
27 82 44 63 -6 2 0 0.00 M M 5.3 16 100 M M 0 22 80
28 86 46 66 -4 0 1 0.00 M M 3.5 13 120 M M 1 8 18 110
29 88 59 74 4 0 9 T M M 5.7 16 230 M M 2 1 23 230
30 88 59 74 4 0 9 0.57 M M 6.1 28 290 M M 4 138 36 280
31 85 65 75 4 0 10 3.17 M M 7.1 31 310 M M 5 13 47 330
================================================================================
SM 2504 1629 76 134 5.15 M 209.6 M 86
================================================================================
AV 80.8 52.5 6.8 FASTST M M 3 MAX(MPH)
MISC ----> 38 130 51 130
================================================================================
NOTES:
# LAST OF SEVERAL OCCURRENCES
COLUMN 17 PEAK WIND IN M.P.H.
PRELIMINARY LOCAL CLIMATOLOGICAL DATA (WS FORM: F-6) , PAGE 2
STATION: LAWRENCE KS
MONTH: MAY
YEAR: 2023
LATITUDE: 39 0 N
LONGITUDE: 95 13 W
[TEMPERATURE DATA] [PRECIPITATION DATA] SYMBOLS USED IN COLUMN 16
AVERAGE MONTHLY: 66.7 TOTAL FOR MONTH: 5.15 1 = FOG OR MIST
DPTR FM NORMAL: 1.5 DPTR FM NORMAL: 0.41 2 = FOG REDUCING VISIBILITY
HIGHEST: 95 ON 6 GRTST 24HR 3.74 ON 30-31 TO 1/4 MILE OR LESS
LOWEST: 32 ON 3 3 = THUNDER
SNOW, ICE PELLETS, HAIL 4 = ICE PELLETS
TOTAL MONTH: M 5 = HAIL
GRTST 24HR M ON M 6 = FREEZING RAIN OR DRIZZLE
GRTST DEPTH: M ON M 7 = DUSTSTORM OR SANDSTORM:
VSBY 1/2 MILE OR LESS
8 = SMOKE OR HAZE
[NO. OF DAYS WITH] [WEATHER - DAYS WITH] 9 = BLOWING SNOW
X = TORNADO
MAX 32 OR BELOW: 0 0.01 INCH OR MORE: 11
MAX 90 OR ABOVE: 2 0.10 INCH OR MORE: 7
MIN 32 OR BELOW: 1 0.50 INCH OR MORE: 2
MIN 0 OR BELOW: 0 1.00 INCH OR MORE: 1
[HDD (BASE 65) ]
TOTAL THIS MO. 76 CLEAR (SCALE 0-3) 21
DPTR FM NORMAL -29 PTCLDY (SCALE 4-7) 8
TOTAL FM JUL 1 4827 CLOUDY (SCALE 8-10) 2
DPTR FM NORMAL -171
[CDD (BASE 65) ]
TOTAL THIS MO. 134
DPTR FM NORMAL 22 [PRESSURE DATA]
TOTAL FM JAN 1 148 HIGHEST SLP M ON M
DPTR FM NORMAL 12 LOWEST SLP 29.64 ON 7
[REMARKS]
#FINAL-05-23#