000
CXUS53 KTOP 010910
CF6LWC
PRELIMINARY LOCAL CLIMATOLOGICAL DATA (WS FORM: F-6)
STATION: LAWRENCE KS
MONTH: DECEMBER
YEAR: 2022
LATITUDE: 39 0 N
LONGITUDE: 95 13 W
TEMPERATURE IN F: :PCPN: SNOW: WIND :SUNSHINE: SKY :PK WND
================================================================================
1 2 3 4 5 6A 6B 7 8 9 10 11 12 13 14 15 16 17 18
12Z AVG MX 2MIN
DY MAX MIN AVG DEP HDD CDD WTR SNW DPTH SPD SPD DIR MIN PSBL S-S WX SPD DR
================================================================================
1 52 16 34 -4 31 0 0.00 M M 11.9 26 190 M M 2 39 190
2 63 29 46 9 19 0 0.00 M M 15.8 39 330 M M 3 53 330
3 34 15 25 -12 40 0 0.00 M M 6.9 24 340 M M 0 31 340
4 46 21 34 -2 31 0 0.00 M M 3.7 9 250 M M 0 12 240
5 48 27 38 2 27 0 0.00 M M 3.9 9 200 M M 2 18 13 150
6 45 33 39 3 26 0 0.00 M M 4.8 14 40 M M 8 20 40
7 51 38 45 9 20 0 0.00 M M 2.5 9 40 M M 4 18 13 50
8 50 41 46 11 19 0 0.06 M M 7.2 20 270 M M 10 18 25 270
9 44 32 38 3 27 0 0.00 M M 6.6 17 260 M M 8 1 23 260
10 45 24 35 0 30 0 0.01 M M 2.5 14 310 M M 7 128 18 310
11 39 28 34 0 31 0 0.00 M M 7.1 15 150 M M 10 128 20 150
12 47 39 43 9 22 0 0.27 M M 12.6 22 110 M M 10 1 28 120
13 60 37 49 15 16 0 0.54 M M 12.2 23 150 M M 7 13 30 160
14 40 28 34 0 31 0 0.00 M M 10.8 23 280 M M 4 30 290
15 38 28 33 0 32 0 0.00 M M 18.4 28 290 M M 9 35 300
16 35 24 30 -3 35 0 0.00 M M 16.0 26 290 M M 6 37 290
17 36 18 27 -6 38 0 0.00 M M 12.5 22 290 M M 5 31 330
18 39 10 25 -8 40 0 0.00 M M 5.2 13 160 M M 0 15 110
19 39 29 34 2 31 0 0.10 M M 7.3 20 350 M M 8 1 25 350
20 31 19 25 -7 40 0 0.00 M M 9.8 18 330 M M 10 18 26 340
21 35 20 28 -4 37 0 0.01 M M 7.2 30 340 M M 9 168 38 340
22 26 -4 11 -21 54 0 M M M 21.0 36 330 M M 8 189 49 350
23 12 -4 4 -28 61 0 0.00 M M 18.2 25 290 M M 2 37 320
24 19 4 12 -19 53 0 0.00 M M 10.1 18 290 M M 4 26 300
25 30 0 15 -16 50 0 T M M 6.3 16 180 M M 2 22 170
26 32 4 18 -13 47 0 T M M 11.0 33 330 M M 4 43 320
27 39 4 22 -9 43 0 0.00 M M 10.4 22 190 M M 0 30 190
28 59 38 49 18 16 0 0.00 M M 13.5 26 200 M M 0 40 170
29 68 31 50 20 15 0 0.00 M M 15.8 35 210 M M 1 47 210
30 50 25 38 8 27 0 0.00 M M 3.4 10 100 M M 2 15 100
31 63 23 43 13 22 0 0.00 M M 6.4 17 200 M M 4 28 170
================================================================================
SM 1315 677 1011 0 0.99 M 301.0 M 149
================================================================================
AV 42.4 21.8 9.7 FASTST M M 5 MAX(MPH)
MISC ----> 39 330 53 330
================================================================================
NOTES:
# LAST OF SEVERAL OCCURRENCES
COLUMN 17 PEAK WIND IN M.P.H.
PRELIMINARY LOCAL CLIMATOLOGICAL DATA (WS FORM: F-6) , PAGE 2
STATION: LAWRENCE KS
MONTH: DECEMBER
YEAR: 2022
LATITUDE: 39 0 N
LONGITUDE: 95 13 W
[TEMPERATURE DATA] [PRECIPITATION DATA] SYMBOLS USED IN COLUMN 16
AVERAGE MONTHLY: 32.1 TOTAL FOR MONTH: 0.99 1 = FOG OR MIST
DPTR FM NORMAL: -1.3 DPTR FM NORMAL: -0.39 2 = FOG REDUCING VISIBILITY
HIGHEST: 68 ON 29 GRTST 24HR 0.81 ON 12-13 TO 1/4 MILE OR LESS
LOWEST: -4 ON 23,22 3 = THUNDER
SNOW, ICE PELLETS, HAIL 4 = ICE PELLETS
TOTAL MONTH: M 5 = HAIL
GRTST 24HR M ON M 6 = FREEZING RAIN OR DRIZZLE
GRTST DEPTH: M ON M 7 = DUSTSTORM OR SANDSTORM:
VSBY 1/2 MILE OR LESS
8 = SMOKE OR HAZE
[NO. OF DAYS WITH] [WEATHER - DAYS WITH] 9 = BLOWING SNOW
X = TORNADO
MAX 32 OR BELOW: 6 0.01 INCH OR MORE: 6
MAX 90 OR ABOVE: 0 0.10 INCH OR MORE: 3
MIN 32 OR BELOW: 25 0.50 INCH OR MORE: 1
MIN 0 OR BELOW: 3 1.00 INCH OR MORE: 0
[HDD (BASE 65) ]
TOTAL THIS MO. 1011 CLEAR (SCALE 0-3) 11
DPTR FM NORMAL 32 PTCLDY (SCALE 4-7) 13
TOTAL FM JUL 1 2060 CLOUDY (SCALE 8-10) 7
DPTR FM NORMAL 81
[CDD (BASE 65) ]
TOTAL THIS MO. 0
DPTR FM NORMAL 0 [PRESSURE DATA]
TOTAL FM JAN 1 1603 HIGHEST SLP 30.66 ON 3
DPTR FM NORMAL 140 LOWEST SLP 29.50 ON 13
[REMARKS]
#FINAL-12-22#