000
CXUS53 KDMX 050156
CF6LWD
PRELIMINARY LOCAL CLIMATOLOGICAL DATA (WS FORM: F-6)
STATION: LAMONI IA
MONTH: OCTOBER
YEAR: 2022
LATITUDE: 40 37 N
LONGITUDE: 93 56 W
TEMPERATURE IN F: :PCPN: SNOW: WIND :SUNSHINE: SKY :PK WND
================================================================================
1 2 3 4 5 6A 6B 7 8 9 10 11 12 13 14 15 16 17 18
12Z AVG MX 2MIN
DY MAX MIN AVG DEP HDD CDD WTR SNW DPTH SPD SPD DIR MIN PSBL S-S WX SPD DR
================================================================================
1 76 46 61 1 4 0 0.00 0.0 0 3.9 10 140 M M 0 17 140
2 78 50 64 4 1 0 0.00 0.0 0 3.9 9 100 M M 0 15 50
3 77 51 64 5 1 0 0.00 0.0 0 5.8 13 140 M M 0 18 170
4 78 51 65 6 0 0 T 0.0 0 7.8 14 140 M M 0 21 170
5 78 53 66 8 0 1 T 0.0 0 7.2 17 320 M M 5 22 310
6 77 47 62 4 3 0 0.00 0.0 0 10.8 22 360 M M 1 31 360
7 56 35 46 -12 19 0 0.00 0.0 0 8.3 17 10 M M 4 23 40
8 62 32 47 -10 18 0 0.00 0.0 0 8.2 16 250 M M 0 26 240
9 75 43 59 2 6 0 0.00 0.0 0 8.3 16 260 M M 0 22 250
10 79 43 61 5 4 0 0.00 0.0 0 6.4 14 190 M M 0 8 21 190
11 78 57 68 12 0 3 0.00 0.0 0 13.7 23 180 M M 4 33 190
12 70 45 58 3 7 0 0.20 0.0 0 12.7 30 330 M M 4 1 43 320
13 57 40 49 -6 16 0 0.00 0.0 0 15.2 35 290 M M 1 45 300
14 65 34 50 -5 15 0 0.01 0.0 0 12.8 32 260 M M 3 50 260
15 67 30 49 -5 16 0 0.00 0.0 0 8.8 21 240 M M 1 29 230
16 60 31 46 -8 19 0 0.00 0.0 0 10.9 24 300 M M 1 32 300
17 46 27 37 -16 28 0 0.00 0.0 0 13.0 25 330 M M 0 8 33 360
18 44 22 33 -20 32 0 0.00 0.0 0 10.8 18 320 M M 0 8 28 300
19 52 19 36 -16 29 0 0.00 0.0 0 8.7 17 290 M M 0 8 25 320
20 71 38 55 3 10 0 0.00 0.0 0 9.5 18 310 M M 0 8 37 330
21 84 45 65 13 0 0 0.00 0.0 0 12.3 23 210 M M 0 32 210
22 83 55 69 18 0 4 0.00 0.0 0 11.8 23 190 M M 0 33 160
23 83 63 73 22 0 8 0.10 0.0 0 15.1 40 220 M M 1 3 54 210
24 72 45 59 9 6 0 1.09 0.0 0 11.0 21 180 M M 7 13 33 170
25 50 37 44 -6 21 0 0.00 0.0 0 9.3 23 350 M M 1 34 340
26 61 37 49 0 16 0 0.00 0.0 0 5.4 12 360 M M 1 17 330
27 60 44 52 3 13 0 0.00 0.0 0 7.4 18 140 M M 0 29 110
28 65 33 49 1 16 0 0.00 0.0 0 3.5 9 30 M M 0 13 40
29 66 40 53 5 12 0 0.00 0.0 0 3.3 8 180 M M 0 11 140
30 68 44 56 8 9 0 0.00 0.0 0 5.4 14 330 M M 0 17 350
31 67 41 54 7 11 0 0.00 0.0 0 5.9 12 290 M M 0 8 17 280
================================================================================
SM 2105 1278 332 16 1.40 0.0 277.1 M 34
================================================================================
AV 67.9 41.2 8.9 FASTST M M 1 MAX(MPH)
MISC ----> 40 220 54 210
================================================================================
NOTES:
# LAST OF SEVERAL OCCURRENCES
COLUMN 17 PEAK WIND IN M.P.H.
PRELIMINARY LOCAL CLIMATOLOGICAL DATA (WS FORM: F-6) , PAGE 2
STATION: LAMONI IA
MONTH: OCTOBER
YEAR: 2022
LATITUDE: 40 37 N
LONGITUDE: 93 56 W
[TEMPERATURE DATA] [PRECIPITATION DATA] SYMBOLS USED IN COLUMN 16
AVERAGE MONTHLY: 54.6 TOTAL FOR MONTH: 1.40 1 = FOG OR MIST
DPTR FM NORMAL: 1.0 DPTR FM NORMAL: -1.42 2 = FOG REDUCING VISIBILITY
HIGHEST: 84 ON 21 GRTST 24HR 1.09 ON 24-24 TO 1/4 MILE OR LESS
LOWEST: 19 ON 19 3 = THUNDER
SNOW, ICE PELLETS, HAIL 4 = ICE PELLETS
TOTAL MONTH: 0.0 INCH 5 = HAIL
GRTST 24HR 0.0 6 = FREEZING RAIN OR DRIZZLE
GRTST DEPTH: 0 7 = DUSTSTORM OR SANDSTORM:
VSBY 1/2 MILE OR LESS
8 = SMOKE OR HAZE
[NO. OF DAYS WITH] [WEATHER - DAYS WITH] 9 = BLOWING SNOW
X = TORNADO
MAX 32 OR BELOW: 0 0.01 INCH OR MORE: 4
MAX 90 OR ABOVE: 0 0.10 INCH OR MORE: 3
MIN 32 OR BELOW: 6 0.50 INCH OR MORE: 1
MIN 0 OR BELOW: 0 1.00 INCH OR MORE: 1
[HDD (BASE 65) ]
TOTAL THIS MO. 332 CLEAR (SCALE 0-3) 26
DPTR FM NORMAL -36 PTCLDY (SCALE 4-7) 5
TOTAL FM JUL 1 397 CLOUDY (SCALE 8-10) 0
DPTR FM NORMAL -63
[CDD (BASE 65) ]
TOTAL THIS MO. 16
DPTR FM NORMAL 0 [PRESSURE DATA]
TOTAL FM JAN 1 1305 HIGHEST SLP 30.51 ON 7
DPTR FM NORMAL 267 LOWEST SLP 29.48 ON 23
[REMARKS]
#FINAL-10-22#