000
CXUS53 KDMX 020542
CF6LWD
PRELIMINARY LOCAL CLIMATOLOGICAL DATA (WS FORM: F-6)
STATION: LAMONI IA
MONTH: OCTOBER
YEAR: 2021
LATITUDE: 40 37 N
LONGITUDE: 93 56 W
TEMPERATURE IN F: :PCPN: SNOW: WIND :SUNSHINE: SKY :PK WND
================================================================================
1 2 3 4 5 6A 6B 7 8 9 10 11 12 13 14 15 16 17 18
12Z AVG MX 2MIN
DY MAX MIN AVG DEP HDD CDD WTR SNW DPTH SPD SPD DIR MIN PSBL S-S WX SPD DR
================================================================================
1 73 63 68 8 0 3 0.01 0.0 0 5.6 13 150 M M 5 1 18 170
2 73 59 66 6 0 1 0.00 0.0 0 6.1 13 260 M M 3 1 17 260
3 77 54 66 7 0 1 0.01 0.0 0 8.0 16 320 M M 5 1 24 330
4 77 49 63 4 2 0 0.00 0.0 0 7.1 17 360 M M 0 23 30
5 73 54 64 6 1 0 0.00 0.0 0 4.7 10 90 M M 6 17 60
6 74 58 66 8 0 1 T 0.0 0 4.8 12 50 M M 9 1 17 60
7 77 61 69 11 0 4 0.00 0.0 0 2.7 8 60 M M 5 12 12 180
8 82 59 71 14 0 6 0.00 0.0 0 5.8 13 170 M M 0 1 17 180
9 75 62 69 12 0 4 0.00 0.0 0 7.5 16 140 M M 0 23 150
10 73 57 65 9 0 0 0.23 0.0 0 6.5 18 200 M M 7 13 24 200
11 62 51 57 1 8 0 1.64 0.0 0 11.0 25 360 M M 8 1 35 30
12 75 46 61 6 4 0 0.00 0.0 0 4.6 10 130 M M 0 18 120
13 74 54 64 9 1 0 0.46 0.0 0 13.3 25 210 M M 4 13 37 210
14 70 44 57 2 8 0 0.00 0.0 0 4.6 16 10 M M 2 23 50
15 62 43 53 -1 12 0 0.01 0.0 0 9.8 22 320 M M 5 31 330
16 64 38 51 -3 14 0 0.00 0.0 0 9.9 20 310 M M 0 27 300
17 71 42 57 4 8 0 0.00 0.0 0 7.3 13 240 M M 0 17 240
18 74 46 60 7 5 0 0.00 0.0 0 8.4 18 190 M M 0 26 190
19 73 50 62 10 3 0 0.00 0.0 0 11.1 18 170 M M 0 28 170
20 66 45 56 4 9 0 0.02 0.0 0 13.6 23 220 M M 6 3 31 230
21 50 42 46 -6 19 0 0.00 0.0 0 12.3 23 290 M M 10 33 290
22 57 33 45 -6 20 0 T 0.0 0 3.9 9 40 M M 3 1 13 60
23 59 39 49 -2 16 0 0.10 0.0 0 8.1 14 90 M M 7 3 23 70
24 52 44 48 -2 17 0 2.18 0.0 0 12.2 24 10 M M 10 13 35 350
25 55 40 48 -2 17 0 0.00 0.0 0 7.8 17 10 M M 6 27 10
26 58 38 48 -1 17 0 0.00 0.0 0 9.9 17 130 M M 4 34 130
27 54 49 52 3 13 0 0.86 0.0 0 8.1 15 130 M M 9 13 27 150
28 50 44 47 -1 18 0 0.89 0.0 0 15.0 24 350 M M 10 1 42 350
29 50 44 47 -1 18 0 0.16 0.0 0 15.5 25 350 M M 9 36 340
30 62 35 49 1 16 0 0.00 0.0 0 6.3 23 340 M M 0 8 31 340
31 54 37 46 -1 19 0 0.00 0.0 0 12.2 25 350 M M 4 37 360
================================================================================
SM 2046 1480 265 20 6.57 0.0 263.7 M 137
================================================================================
AV 66.0 47.7 8.5 FASTST M M 4 MAX(MPH)
MISC ----> # 25 360 42 350
================================================================================
NOTES:
# LAST OF SEVERAL OCCURRENCES
COLUMN 17 PEAK WIND IN M.P.H.
PRELIMINARY LOCAL CLIMATOLOGICAL DATA (WS FORM: F-6) , PAGE 2
STATION: LAMONI IA
MONTH: OCTOBER
YEAR: 2021
LATITUDE: 40 37 N
LONGITUDE: 93 56 W
[TEMPERATURE DATA] [PRECIPITATION DATA] SYMBOLS USED IN COLUMN 16
AVERAGE MONTHLY: 56.9 TOTAL FOR MONTH: 6.57 1 = FOG OR MIST
DPTR FM NORMAL: 3.3 DPTR FM NORMAL: 3.75 2 = FOG REDUCING VISIBILITY
HIGHEST: 82 ON 8 GRTST 24HR 2.28 ON 23-24 TO 1/4 MILE OR LESS
LOWEST: 33 ON 22 3 = THUNDER
SNOW, ICE PELLETS, HAIL 4 = ICE PELLETS
TOTAL MONTH: 0.0 INCH 5 = HAIL
GRTST 24HR 0.0 6 = FREEZING RAIN OR DRIZZLE
GRTST DEPTH: 0 7 = DUSTSTORM OR SANDSTORM:
VSBY 1/2 MILE OR LESS
8 = SMOKE OR HAZE
[NO. OF DAYS WITH] [WEATHER - DAYS WITH] 9 = BLOWING SNOW
X = TORNADO
MAX 32 OR BELOW: 0 0.01 INCH OR MORE: 12
MAX 90 OR ABOVE: 0 0.10 INCH OR MORE: 8
MIN 32 OR BELOW: 0 0.50 INCH OR MORE: 4
MIN 0 OR BELOW: 0 1.00 INCH OR MORE: 2
[HDD (BASE 65) ]
TOTAL THIS MO. 265 CLEAR (SCALE 0-3) 12
DPTR FM NORMAL -103 PTCLDY (SCALE 4-7) 13
TOTAL FM JUL 1 287 CLOUDY (SCALE 8-10) 6
DPTR FM NORMAL -173
[CDD (BASE 65) ]
TOTAL THIS MO. 20
DPTR FM NORMAL 4 [PRESSURE DATA]
TOTAL FM JAN 1 1218 HIGHEST SLP 30.35 ON 31
DPTR FM NORMAL 180 LOWEST SLP 29.48 ON 24
[REMARKS]
#FINAL-10-21#