000
CXUS56 KOTX 011010
CF6LWS
PRELIMINARY LOCAL CLIMATOLOGICAL DATA (WS FORM: F-6)
STATION: LEWISTON ID AIRPORT
MONTH: DECEMBER
YEAR: 2023
LATITUDE: 46 22 N
LONGITUDE: 117 1 W
TEMPERATURE IN F: :PCPN: SNOW: WIND :SUNSHINE: SKY :PK WND
================================================================================
1 2 3 4 5 6A 6B 7 8 9 10 11 12 13 14 15 16 17 18
12Z AVG MX 2MIN
DY MAX MIN AVG DEP HDD CDD WTR SNW DPTH SPD SPD DIR MIN PSBL S-S WX SPD DR
================================================================================
1 35 27 31 -6 34 0 0.06 0.5 1 2.0 8 320 M M 9 128 11 90
2 50 31 41 4 24 0 0.06 0.0 0 7.9 25 250 M M 5 12 32 250
3 46 31 39 2 26 0 0.10 0.0 0 5.3 18 110 M M 6 1 21 100
4 57 39 48 11 17 0 0.07 0.0 0 3.2 20 170 M M 9 18 25 160
5 61 50 56 20 9 0 0.08 0.0 0 8.6 18 110 M M 10 8 22 110
6 55 48 52 16 13 0 T 0.0 0 6.0 14 110 M M 6 19 80
7 55 39 47 11 18 0 0.02 0.0 0 6.0 20 210 M M 8 23 210
8 48 32 40 4 25 0 0.00 0.0 M 4.9 18 300 M M 5 23 290
9 43 28 36 0 29 0 T 0.0 0 10.5 28 170 M M 6 35 170
10 46 41 44 8 21 0 0.36 M M 14.4 24 170 M M 10 31 170
11 48 41 45 10 20 0 0.08 M M 3.8 13 70 M M 10 1 16 80
12 46 40 43 8 22 0 0.02 0.0 0 4.6 10 70 M M 10 12 13 60
13 46 34 40 5 25 0 0.00 0.0 0 8.4 21 130 M M 3 26 130
14 43 35 39 4 26 0 0.00 0.0 0 7.8 18 130 M M 5 23 130
15 46 34 40 5 25 0 0.00 0.0 0 9.4 20 150 M M 2 23 70
16 39 29 34 -1 31 0 0.00 0.0 0 1.6 8 70 M M 0 12 10 50
17 39 27 33 -2 32 0 T T 0 2.0 10 90 M M 5 12 14 90
18 43 30 37 3 28 0 0.04 0.0 0 3.4 14 90 M M 5 17 90
19 51 40 46 12 19 0 0.08 0.0 0 9.7 15 80 M M 8 19 80
20 52 36 44 10 21 0 0.00 0.0 0 4.1 9 70 M M 4 128 11 90
21 43 34 39 5 26 0 0.00 0.0 0 2.6 7 100 M M 8 128 9 80
22 46 32 39 5 26 0 0.04 0.0 0 5.4 22 240 M M 7 12 28 250
23 46 28 37 3 28 0 0.00 0.0 0 3.7 12 250 M M 1 16 260
24 37 27 32 -2 33 0 0.00 0.0 0 6.4 14 70 M M 2 19 70
25 42 28 35 1 30 0 0.00 0.0 0 11.7 18 110 M M 3 22 90
26 42 35 39 5 26 0 0.11 0.0 0 10.3 18 80 M M 6 22 90
27 48 35 42 8 23 0 0.01 0.0 0 11.2 22 120 M M 3 29 130
28 51 40 46 12 19 0 0.00 0.0 0 9.0 17 90 M M 3 25 120
29 53 40 47 13 18 0 0.00 0.0 0 10.1 18 100 M M 3 22 90
30 45 33 39 5 26 0 0.00 0.0 0 1.4 12 90 M M 3 1 15 90
31 42 34 38 3 27 0 0.09 0.0 0 0.8 6 190 M M 10 12 9 120
================================================================================
SM 1444 1078 747 0 1.22 0.5 196.2 M 175
================================================================================
AV 46.6 34.8 6.3 FASTST M M 6 MAX(MPH)
MISC ----> 28 170 35 170
================================================================================
NOTES:
# LAST OF SEVERAL OCCURRENCES
COLUMN 17 PEAK WIND IN M.P.H.
PRELIMINARY LOCAL CLIMATOLOGICAL DATA (WS FORM: F-6) , PAGE 2
STATION: LEWISTON ID AIRPORT
MONTH: DECEMBER
YEAR: 2023
LATITUDE: 46 22 N
LONGITUDE: 117 1 W
[TEMPERATURE DATA] [PRECIPITATION DATA] SYMBOLS USED IN COLUMN 16
AVERAGE MONTHLY: 40.7 TOTAL FOR MONTH: 1.22 1 = FOG OR MIST
DPTR FM NORMAL: 5.5 DPTR FM NORMAL: 0.09 2 = FOG REDUCING VISIBILITY
HIGHEST: 61 ON 5 GRTST 24HR 0.36 ON 10-10 TO 1/4 MILE OR LESS
LOWEST: 27 ON 24,17 3 = THUNDER
SNOW, ICE PELLETS, HAIL 4 = ICE PELLETS
TOTAL MONTH: 0.5 INCH 5 = HAIL
GRTST 24HR 0.5 ON 1- 1 6 = FREEZING RAIN OR DRIZZLE
GRTST DEPTH: 1 ON 1 7 = DUSTSTORM OR SANDSTORM:
VSBY 1/2 MILE OR LESS
8 = SMOKE OR HAZE
[NO. OF DAYS WITH] [WEATHER - DAYS WITH] 9 = BLOWING SNOW
X = TORNADO
MAX 32 OR BELOW: 0 0.01 INCH OR MORE: 15
MAX 90 OR ABOVE: 0 0.10 INCH OR MORE: 3
MIN 32 OR BELOW: 12 0.50 INCH OR MORE: 0
MIN 0 OR BELOW: 0 1.00 INCH OR MORE: 0
[HDD (BASE 65) ]
TOTAL THIS MO. 747 CLEAR (SCALE 0-3) 7
DPTR FM NORMAL -178 PTCLDY (SCALE 4-7) 15
TOTAL FM JUL 1 1809 CLOUDY (SCALE 8-10) 9
DPTR FM NORMAL -298
[CDD (BASE 65) ]
TOTAL THIS MO. 0
DPTR FM NORMAL 0 [PRESSURE DATA]
TOTAL FM JAN 1 1321 HIGHEST SLP M ON M
DPTR FM NORMAL 409 LOWEST SLP 29.59 ON 6
[REMARKS]
#FINAL-12-23#