000
CXUS56 KTFX 011210
CF6LWT
PRELIMINARY LOCAL CLIMATOLOGICAL DATA (WS FORM: F-6)
STATION: LEWISTOWN MT
MONTH: FEBRUARY
YEAR: 2022
LATITUDE: 47 2 N
LONGITUDE: 109 28 W
TEMPERATURE IN F: :PCPN: SNOW: WIND :SUNSHINE: SKY :PK WND
================================================================================
1 2 3 4 5 6A 6B 7 8 9 10 11 12 13 14 15 16 17 18
12Z AVG MX 2MIN
DY MAX MIN AVG DEP HDD CDD WTR SNW DPTH SPD SPD DIR MIN PSBL S-S WX SPD DR
================================================================================
1 13 -6 4 -20 61 0 0.07 M M 6.9 15 360 M M 9 128 20 10
2 1 -17 -8 -32 73 0 T M M 5.8 12 90 M M 3 18 15 80
3 29 -5 12 -12 53 0 0.00 M M 11.5 22 270 M M 2 27 270
4 41 4 23 -1 42 0 0.00 M M 19.2 36 230 M M 2 46 220
5 39 28 34 10 31 0 T M M 14.1 32 310 M M 8 1 52 290
6 42 23 33 9 32 0 0.00 M M 12.5 24 250 M M 1 32 250
7 52 32 42 18 23 0 0.00 M M 18.2 30 300 M M 0 48 300
8 45 27 36 12 29 0 0.00 M M 11.9 28 290 M M 0 42 280
9 48 30 39 15 26 0 0.00 M M 12.2 24 300 M M 4 32 300
10 55 30 43 19 22 0 0.04 M M 19.0 37 300 M M 4 1 58 290
11 30 11 21 -3 44 0 0.07 M M 14.4 25 300 M M 7 12 36 290
12 41 9 25 1 40 0 0.00 M M 8.7 21 260 M M 2 24 250
13 47 20 34 10 31 0 0.00 M M 7.6 17 220 M M 0 21 210
14 52 27 40 16 25 0 0.00 M M 9.5 20 100 M M 3 25 110
15 34 19 27 3 38 0 0.04 M M 8.1 16 300 M M 9 12 23 310
16 25 5 15 -9 50 0 0.10 M M 8.6 22 100 M M 9 1 27 90
17 38 3 21 -3 44 0 0.00 M M 16.1 31 300 M M 6 43 300
18 37 18 28 3 37 0 0.06 M M 10.2 24 250 M M 8 1 31 250
19 47 32 40 15 25 0 0.00 M M 20.1 32 240 M M 1 46 240
20 37 2 20 -5 45 0 0.01 M M 9.2 23 290 M M 8 1 32 300
21 2 -11 -4 -29 69 0 0.04 M M 6.9 13 100 M M 9 18 17 100
22 -4 -19 -11 -36 76 0 T M M 4.4 9 110 M M 3 18 12 120
23 4 -22 -9 -35 74 0 0.00 M M 3.6 8 180 M M 0 9 120
24 16 -11 3 -23 62 0 T M M 8.8 21 300 M M 8 12 27 300
25 25 0 13 -13 52 0 0.00 M M 7.0 16 220 M M 2 19 230
26 42 8 25 -1 40 0 0.00 M M 6.3 20 230 M M 0 21 230
27 46 24 35 8 30 0 0.00 M M 15.9 24 240 M M 0 30 240
28 48 33 41 14 24 0 T M M 16.1 29 240 M M 8 39 250
================================================================================
SM 932 294 1198 0 0.43 M 312.8 M 116
================================================================================
AV 33.3 10.5 11.2 FASTST M M 4 MAX(MPH)
MISC ----> 37 300 58 290
================================================================================
NOTES:
# LAST OF SEVERAL OCCURRENCES
COLUMN 17 PEAK WIND IN M.P.H.
PRELIMINARY LOCAL CLIMATOLOGICAL DATA (WS FORM: F-6) , PAGE 2
STATION: LEWISTOWN MT
MONTH: FEBRUARY
YEAR: 2022
LATITUDE: 47 2 N
LONGITUDE: 109 28 W
[TEMPERATURE DATA] [PRECIPITATION DATA] SYMBOLS USED IN COLUMN 16
AVERAGE MONTHLY: 21.9 TOTAL FOR MONTH: 0.43 1 = FOG OR MIST
DPTR FM NORMAL: -2.7 DPTR FM NORMAL: -0.06 2 = FOG REDUCING VISIBILITY
HIGHEST: 55 ON 10 GRTST 24HR 0.13 ON 15-16 TO 1/4 MILE OR LESS
LOWEST: -22 ON 23 3 = THUNDER
SNOW, ICE PELLETS, HAIL 4 = ICE PELLETS
TOTAL MONTH: M 5 = HAIL
GRTST 24HR M ON M 6 = FREEZING RAIN OR DRIZZLE
GRTST DEPTH: M ON M 7 = DUSTSTORM OR SANDSTORM:
VSBY 1/2 MILE OR LESS
8 = SMOKE OR HAZE
[NO. OF DAYS WITH] [WEATHER - DAYS WITH] 9 = BLOWING SNOW
X = TORNADO
MAX 32 OR BELOW: 10 0.01 INCH OR MORE: 8
MAX 90 OR ABOVE: 0 0.10 INCH OR MORE: 1
MIN 32 OR BELOW: 27 0.50 INCH OR MORE: 0
MIN 0 OR BELOW: 8 1.00 INCH OR MORE: 0
[HDD (BASE 65) ]
TOTAL THIS MO. 1198 CLEAR (SCALE 0-3) 14
DPTR FM NORMAL 67 PTCLDY (SCALE 4-7) 8
TOTAL FM JUL 1 5403 CLOUDY (SCALE 8-10) 6
DPTR FM NORMAL -359
[CDD (BASE 65) ]
TOTAL THIS MO. 0
DPTR FM NORMAL 0 [PRESSURE DATA]
TOTAL FM JAN 1 0 HIGHEST SLP 30.76 ON 22
DPTR FM NORMAL 0 LOWEST SLP 29.53 ON 19
[REMARKS]
#FINAL-02-22#