000
CXUS53 KGID 010844
CF6LXN
PRELIMINARY LOCAL CLIMATOLOGICAL DATA (WS FORM: F-6)
STATION: LEXINGTON NE
MONTH: NOVEMBER
YEAR: 2021
LATITUDE: 40 47 N
LONGITUDE: 99 46 W
TEMPERATURE IN F: :PCPN: SNOW: WIND :SUNSHINE: SKY :PK WND
================================================================================
1 2 3 4 5 6A 6B 7 8 9 10 11 12 13 14 15 16 17 18
12Z AVG MX 2MIN
DY MAX MIN AVG DEP HDD CDD WTR SNW DPTH SPD SPD DIR MIN PSBL S-S WX SPD DR
================================================================================
1 34 33 34 M 31 0 0.40 M M 1.4 6 70 M M 10 1 M M
2 41 33 37 M 28 0 0.00 M M 5.0 10 210 M M 10 1 M M
3 51 30 41 M 24 0 0.00 M M 6.9 12 260 M M 7 1 M M
4 65 26 46 M 19 0 0.00 M M 5.7 13 170 M M 3 12 18 190
5 70 35 53 M 12 0 0.00 M M 6.6 12 220 M M 0 17 180
6 73 31 52 M 13 0 0.00 M M 5.9 16 190 M M 0 21 190
7 80 37 59 M 6 0 0.00 M M 4.4 13 180 M M 0 8 20 0
8 57 38 48 M 17 0 0.00 M M 10.8 22 50 M M 0 29 50
9 57 29 43 M 22 0 0.00 M M 5.8 9 120 M M 2 M M
10 53 33 43 M 22 0 0.03 M M 8.0 23 350 M M 7 1 32 330
11 51 31 41 M 24 0 0.00 M M 18.4 39 300 M M 1 48 300
12 42 18 30 M 35 0 0.00 M M 19.7 33 330 M M 2 40 330
13 58 19 39 M 26 0 T M M 6.5 27 10 M M 4 36 10
14 58 32 45 M 20 0 0.00 M M 7.8 14 230 M M 5 23 250
15 76 33 55 M 10 0 0.00 M M 5.8 15 280 M M 0 M M
16 64 37 51 M 14 0 0.00 M M 5.1 18 360 M M 0 8 27 30
17 48 17 33 M 32 0 0.00 M M 14.2 25 320 M M 1 33 320
18 49 14 32 M 33 0 0.00 M M 7.3 12 190 M M 0 18 210
19 56 26 41 M 24 0 0.00 M M 8.3 17 170 M M 0 22 170
20 58 23 41 M 24 0 0.00 M M 4.9 12 30 M M 3 M M
21 50 25 38 M 27 0 0.00 M M 8.7 24 350 M M 0 28 350
22 62 24 43 M 22 0 0.00 M M 6.2 14 300 M M 1 M M
23 71 25 48 M 17 0 0.00 M M 6.9 21 180 M M 0 28 180
24 50 32 41 M 24 0 0.00 M M 16.2 31 350 M M 5 43 350
25 44 14 29 M 36 0 0.00 M M 8.4 14 350 M M 1 23 350
26 67 25 46 M 19 0 0.00 M M 6.0 14 290 M M 0 21 290
27 60 30 45 M 20 0 0.00 M M 12.9 27 350 M M 0 32 350
28 57 21 39 M 26 0 0.00 M M 5.5 20 220 M M 0 27 220
29 72 30 51 M 14 0 0.00 M M 7.0 12 10 M M 0 17 300
30 60 31 46 M 19 0 0.00 M M 5.3 12 190 M M 2 17 210
================================================================================
SM 1734 832 660 0 0.43 M 241.6 M 64
================================================================================
AV 57.8 27.7 8.1 FASTST M M 2 MAX(MPH)
MISC ----> 39 300 M M
================================================================================
NOTES:
# LAST OF SEVERAL OCCURRENCES
COLUMN 17 PEAK WIND IN M.P.H.
PRELIMINARY LOCAL CLIMATOLOGICAL DATA (WS FORM: F-6) , PAGE 2
STATION: LEXINGTON NE
MONTH: NOVEMBER
YEAR: 2021
LATITUDE: 40 47 N
LONGITUDE: 99 46 W
[TEMPERATURE DATA] [PRECIPITATION DATA] SYMBOLS USED IN COLUMN 16
AVERAGE MONTHLY: 42.8 TOTAL FOR MONTH: 0.43 1 = FOG OR MIST
DPTR FM NORMAL: M DPTR FM NORMAL: M 2 = FOG REDUCING VISIBILITY
HIGHEST: 80 ON 7 GRTST 24HR 0.40 ON 1- 1 TO 1/4 MILE OR LESS
LOWEST: 14 ON 25,18 3 = THUNDER
SNOW, ICE PELLETS, HAIL 4 = ICE PELLETS
TOTAL MONTH: M 5 = HAIL
GRTST 24HR M ON M 6 = FREEZING RAIN OR DRIZZLE
GRTST DEPTH: M ON M 7 = DUSTSTORM OR SANDSTORM:
VSBY 1/2 MILE OR LESS
8 = SMOKE OR HAZE
[NO. OF DAYS WITH] [WEATHER - DAYS WITH] 9 = BLOWING SNOW
X = TORNADO
MAX 32 OR BELOW: 0 0.01 INCH OR MORE: 2
MAX 90 OR ABOVE: 0 0.10 INCH OR MORE: 1
MIN 32 OR BELOW: 22 0.50 INCH OR MORE: 0
MIN 0 OR BELOW: 0 1.00 INCH OR MORE: 0
[HDD (BASE 65) ]
TOTAL THIS MO. 660 CLEAR (SCALE 0-3) 23
DPTR FM NORMAL M PTCLDY (SCALE 4-7) 5
TOTAL FM JUL 1 1078 CLOUDY (SCALE 8-10) 2
DPTR FM NORMAL M
[CDD (BASE 65) ]
TOTAL THIS MO. 0
DPTR FM NORMAL M [PRESSURE DATA]
TOTAL FM JAN 1 1081 HIGHEST SLP M ON M
DPTR FM NORMAL M LOWEST SLP M ON M
[REMARKS]
#FINAL-11-21#