000
CXUS55 KPUB 011310
CF6LXV
PRELIMINARY LOCAL CLIMATOLOGICAL DATA (WS FORM: F-6)
STATION: LEADVILLE CO
MONTH: DECEMBER
YEAR: 2022
LATITUDE: 39 15 N
LONGITUDE: 106 18 W
TEMPERATURE IN F: :PCPN: SNOW: WIND :SUNSHINE: SKY :PK WND
================================================================================
1 2 3 4 5 6A 6B 7 8 9 10 11 12 13 14 15 16 17 18
12Z AVG MX 2MIN
DY MAX MIN AVG DEP HDD CDD WTR SNW DPTH SPD SPD DIR MIN PSBL S-S WX SPD DR
================================================================================
1 40 12 26 7 39 0 0.00 M M 10.2 23 180 M M 1 35 250
2 31 1 16 -3 49 0 0.11 M M 9.3 26 220 M M 7 128 41 230
3 28 -1 14 -5 51 0 T M M 3.0 9 40 M M 7 1 13 60
4 42 12 27 9 38 0 0.00 M M 4.3 13 300 M M 3 19 300
5 35 19 27 9 38 0 0.02 M M 5.1 16 210 M M 7 1 24 280
6 27 11 19 1 46 0 0.04 M M 6.5 15 290 M M 9 1 27 280
7 30 9 20 2 45 0 0.07 M M 3.8 16 180 M M 8 1 25 180
8 23 -4 10 -8 55 0 0.02 M M 9.2 24 300 M M 5 18 36 290
9 28 -9 10 -7 55 0 0.00 M M 5.3 16 10 M M 2 24 20
10 35 -3 16 -1 49 0 0.00 M M 4.8 14 10 M M 0 22 360
11 37 7 22 5 43 0 0.00 M M 5.9 20 190 M M 0 28 180
12 30 10 20 3 45 0 T M M 10.4 22 320 M M 5 1 33 330
13 11 5 8 -9 57 0 0.01 M M 9.9 20 320 M M 10 18 31 320
14 18 -1 9 -8 56 0 0.01 M M 11.2 25 310 M M 9 18 37 320
15 13 -5 4 -13 61 0 0.02 M M 9.7 17 330 M M 9 18 29 310
16 11 -12 0 -17 65 0 0.00 M M 8.9 21 10 M M 3 18 31 360
17 24 -12 6 -11 59 0 0.00 M M 7.4 23 300 M M 1 30 310
18 34 0 17 1 48 0 0.00 M M 4.9 14 10 M M 0 19 10
19 25 -2 12 -4 53 0 0.00 M M 7.2 18 320 M M 0 29 350
20 30 3 17 1 48 0 0.00 M M 7.9 15 320 M M 4 18 24 10
21 24 15 20 4 45 0 0.06 M M 15.6 33 290 M M 9 1 50 300
22 17 3 10 -6 55 0 0.18 M M 17.2 44 310 M M 6 1289 65 300
23 30 3 17 1 48 0 T M M 7.5 26 10 M M 4 8 45 20
24 29 16 23 7 42 0 0.01 M M 8.2 16 310 M M 10 1 27 340
25 36 12 24 8 41 0 0.00 M M 8.3 20 300 M M 6 8 33 360
26 39 16 28 12 37 0 0.01 M M 7.8 17 300 M M 3 1 23 310
27 44 19 32 16 33 0 T M M 7.4 18 300 M M 3 18 27 350
28 34 14 24 8 41 0 0.01 M M 7.9 22 360 M M 8 18 33 350
29 18 4 11 -6 54 0 0.01 M M 10.7 21 300 M M 6 1 32 300
30 27 2 15 -2 50 0 0.01 M M 9.3 20 360 M M 7 1 32 20
31 34 19 27 10 38 0 0.12 M M 4.4 17 300 M M 10 1 34 290
================================================================================
SM 884 163 1484 0 0.71 M 249.2 M 162
================================================================================
AV 28.5 5.3 8.0 FASTST M M 5 MAX(MPH)
MISC ----> 44 310 65 300
================================================================================
NOTES:
# LAST OF SEVERAL OCCURRENCES
COLUMN 17 PEAK WIND IN M.P.H.
PRELIMINARY LOCAL CLIMATOLOGICAL DATA (WS FORM: F-6) , PAGE 2
STATION: LEADVILLE CO
MONTH: DECEMBER
YEAR: 2022
LATITUDE: 39 15 N
LONGITUDE: 106 18 W
[TEMPERATURE DATA] [PRECIPITATION DATA] SYMBOLS USED IN COLUMN 16
AVERAGE MONTHLY: 16.9 TOTAL FOR MONTH: 0.71 1 = FOG OR MIST
DPTR FM NORMAL: -0.2 DPTR FM NORMAL: -0.17 2 = FOG REDUCING VISIBILITY
HIGHEST: 44 ON 27 GRTST 24HR 0.24 ON 21-22 TO 1/4 MILE OR LESS
LOWEST: -12 ON 17,16 3 = THUNDER
SNOW, ICE PELLETS, HAIL 4 = ICE PELLETS
TOTAL MONTH: M 5 = HAIL
GRTST 24HR M ON M 6 = FREEZING RAIN OR DRIZZLE
GRTST DEPTH: M ON M 7 = DUSTSTORM OR SANDSTORM:
VSBY 1/2 MILE OR LESS
8 = SMOKE OR HAZE
[NO. OF DAYS WITH] [WEATHER - DAYS WITH] 9 = BLOWING SNOW
X = TORNADO
MAX 32 OR BELOW: 20 0.01 INCH OR MORE: 16
MAX 90 OR ABOVE: 0 0.10 INCH OR MORE: 3
MIN 32 OR BELOW: 31 0.50 INCH OR MORE: 0
MIN 0 OR BELOW: 10 1.00 INCH OR MORE: 0
[HDD (BASE 65) ]
TOTAL THIS MO. 1484 CLEAR (SCALE 0-3) 10
DPTR FM NORMAL -1 PTCLDY (SCALE 4-7) 13
TOTAL FM JUL 1 4667 CLOUDY (SCALE 8-10) 8
DPTR FM NORMAL -127
[CDD (BASE 65) ]
TOTAL THIS MO. 0
DPTR FM NORMAL 0 [PRESSURE DATA]
TOTAL FM JAN 1 0 HIGHEST SLP 30.49 ON 20
DPTR FM NORMAL 0 LOWEST SLP 29.30 ON 12
[REMARKS]
#FINAL-12-22#