000
CXUS51 KRNK 011947
CF6LYH
PRELIMINARY LOCAL CLIMATOLOGICAL DATA (WS FORM: F-6)
STATION: LYNCHBURG VA
MONTH: MARCH
YEAR: 2023
LATITUDE: 37 19 N
LONGITUDE: 79 12 W
TEMPERATURE IN F: :PCPN: SNOW: WIND :SUNSHINE: SKY :PK WND
================================================================================
1 2 3 4 5 6A 6B 7 8 9 10 11 12 13 14 15 16 17 18
12Z AVG MX 2MIN
DY MAX MIN AVG DEP HDD CDD WTR SNW DPTH SPD SPD DIR MIN PSBL S-S WX SPD DR
================================================================================
1 61 41 51 9 14 0 0.00 0.0 0 4.3 12 190 M M 4 15 30
2 67 45 56 14 9 0 0.10 0.0 0 2.3 9 210 M M 3 1 12 220
3 54 41 48 5 17 0 0.76 0.0 0 9.2 20 50 M M 8 12 27 300
4 62 38 50 7 15 0 0.00 0.0 0 6.7 20 290 M M 1 1 31 310
5 68 31 50 7 15 0 0.00 0.0 0 3.2 14 270 M M 0 21 320
6 68 43 56 13 9 0 0.00 0.0 0 5.8 14 190 M M 0 18 200
7 67 44 56 12 9 0 0.00 0.0 0 7.4 21 10 M M 1 29 10
8 61 37 49 5 16 0 0.00 0.0 0 5.3 14 10 M M 0 23 350
9 63 29 46 2 19 0 0.00 0.0 0 1.4 8 130 M M 0 11 160
10 52 43 48 4 17 0 0.01 0.0 0 5.1 17 300 M M 8 1 27 310
11 51 30 41 -4 24 0 0.00 0.0 0 5.5 16 360 M M 5 26 360
12 37 31 34 -11 31 0 0.28 0.2 0 2.1 10 90 M M 7 14 13 100
13 54 35 45 0 20 0 0.00 0.0 0 4.1 16 310 M M 7 12 24 300
14 43 32 38 -8 27 0 0.00 0.0 0 9.5 21 300 M M 2 37 310
15 56 29 43 -3 22 0 0.00 0.0 0 6.6 16 300 M M 0 25 300
16 66 25 46 0 19 0 0.00 0.0 0 5.2 17 190 M M 0 21 200
17 62 41 52 5 13 0 0.06 0.0 0 8.9 22 220 M M 6 1 31 230
18 55 37 46 -1 19 0 0.00 0.0 0 6.6 16 260 M M 2 27 320
19 45 28 37 -10 28 0 0.00 0.0 0 6.7 13 310 M M 0 24 290
20 53 19 36 -12 29 0 0.00 0.0 0 1.5 9 240 M M 0 14 240
21 65 24 45 -3 20 0 0.00 0.0 0 4.7 15 190 M M 0 20 200
22 62 43 53 5 12 0 T 0.0 0 5.9 16 190 M M 6 23 220
23 83 49 66 18 0 1 0.00 0.0 0 8.7 23 250 M M 2 36 270
24 83 50 67 18 0 2 T 0.0 0 8.1 22 30 M M 4 1 31 20
25 76 48 62 13 3 0 0.10 0.0 0 7.9 17 220 M M 8 1 25 200
26 74 50 62 12 3 0 0.00 0.0 0 4.5 14 190 M M 0 19 190
27 77 49 63 13 2 0 0.00 0.0 0 5.1 15 300 M M 4 23 310
28 61 45 53 3 12 0 T 0.0 0 2.7 18 40 M M 5 24 40
29 62 34 48 -2 17 0 0.00 0.0 0 5.6 17 30 M M 2 23 40
30 66 35 51 0 14 0 0.00 0.0 0 4.0 15 200 M M 0 19 220
31 68 41 55 4 10 0 0.36 0.0 0 5.8 22 210 M M 5 1 32 210
================================================================================
SM 1922 1167 465 3 1.67 0.2 170.4 M 90
================================================================================
AV 62.0 37.6 5.5 FASTST M M 3 MAX(MPH)
MISC ----> 23 250 37 310
================================================================================
NOTES:
# LAST OF SEVERAL OCCURRENCES
COLUMN 17 PEAK WIND IN M.P.H.
PRELIMINARY LOCAL CLIMATOLOGICAL DATA (WS FORM: F-6) , PAGE 2
STATION: LYNCHBURG VA
MONTH: MARCH
YEAR: 2023
LATITUDE: 37 19 N
LONGITUDE: 79 12 W
[TEMPERATURE DATA] [PRECIPITATION DATA] SYMBOLS USED IN COLUMN 16
AVERAGE MONTHLY: 49.8 TOTAL FOR MONTH: 1.67 1 = FOG OR MIST
DPTR FM NORMAL: 3.4 DPTR FM NORMAL: -2.09 2 = FOG REDUCING VISIBILITY
HIGHEST: 83 ON 24,23 GRTST 24HR 0.76 ON 3- 3 TO 1/4 MILE OR LESS
LOWEST: 19 ON 20 3 = THUNDER
SNOW, ICE PELLETS, HAIL 4 = ICE PELLETS
TOTAL MONTH: 0.2 INCH 5 = HAIL
GRTST 24HR 0.2 ON 12-12 6 = FREEZING RAIN OR DRIZZLE
GRTST DEPTH: 0 7 = DUSTSTORM OR SANDSTORM:
VSBY 1/2 MILE OR LESS
8 = SMOKE OR HAZE
[NO. OF DAYS WITH] [WEATHER - DAYS WITH] 9 = BLOWING SNOW
X = TORNADO
MAX 32 OR BELOW: 0 0.01 INCH OR MORE: 7
MAX 90 OR ABOVE: 0 0.10 INCH OR MORE: 5
MIN 32 OR BELOW: 10 0.50 INCH OR MORE: 1
MIN 0 OR BELOW: 0 1.00 INCH OR MORE: 0
[HDD (BASE 65) ]
TOTAL THIS MO. 465 CLEAR (SCALE 0-3) 18
DPTR FM NORMAL -113 PTCLDY (SCALE 4-7) 12
TOTAL FM JUL 1 3115 CLOUDY (SCALE 8-10) 1
DPTR FM NORMAL -778
[CDD (BASE 65) ]
TOTAL THIS MO. 3
DPTR FM NORMAL 1 [PRESSURE DATA]
TOTAL FM JAN 1 3 HIGHEST SLP 30.46 ON 21
DPTR FM NORMAL 1 LOWEST SLP 29.37 ON 4
[REMARKS]
#FINAL-03-23#