000
CXUS54 KLZK 011330
CF6M19
PRELIMINARY LOCAL CLIMATOLOGICAL DATA (WS FORM: F-6)
STATION: NEWPORT AIRPORT
MONTH: JANUARY
YEAR: 2023
LATITUDE: 35 35 N
LONGITUDE: 91 16 W
TEMPERATURE IN F: :PCPN: SNOW: WIND :SUNSHINE: SKY :PK WND
================================================================================
1 2 3 4 5 6A 6B 7 8 9 10 11 12 13 14 15 16 17 18
12Z AVG MX 2MIN
DY MAX MIN AVG DEP HDD CDD WTR SNW DPTH SPD SPD DIR MIN PSBL S-S WX SPD DR
================================================================================
1 67 45 56 19 9 0 0.01 M M 7.9 18 180 M M 4 12 M M
2 68 59 64 27 1 0 0.80 M M 12.4 33 170 M M 8 13 43 160
3 70 55 63 26 2 0 1.12 M M 13.7 30 160 M M 5 13 39 160
4 55 41 48 11 17 0 0.00 M M 8.5 12 280 M M 0 17 250
5 54 36 45 8 20 0 0.00 M M 10.1 17 230 M M 0 23 230
6 53 32 43 6 22 0 T M M 4.9 12 210 M M 1 M M
7 49 45 47 10 18 0 T M M 7.9 12 360 M M 10 18 M M
8 53 37 45 9 20 0 0.00 M M 7.5 13 330 M M 6 18 M M
9 53 31 42 6 23 0 0.00 M M 6.0 14 160 M M 0 1 M M
10 60 37 49 13 16 0 T M M 9.5 15 180 M M 2 18 M M
11 68 54 61 25 4 0 T M M 11.6 17 180 M M 5 1 23 200
12 65 38 52 16 13 0 0.07 M M 16.7 25 310 M M 2 123 40 320
13 38 27 33 -3 32 0 0.00 M M 14.6 23 330 M M 0 30 330
14 42 23 33 -3 32 0 0.00 M M 5.8 9 320 M M 0 M M
15 55 30 43 7 22 0 0.00 M M 12.8 21 160 M M 0 M M
16 61 49 55 19 10 0 T M M 18.0 25 180 M M 0 35 180
17 67 44 56 20 9 0 T M M 4.1 10 210 M M 0 128 M M
18 63 50 57 20 8 0 0.69 M M 10.2 26 290 M M 2 13 38 290
19 53 37 45 8 20 0 0.00 M M 13.8 27 250 M M 1 35 250
20 51 34 43 6 22 0 0.00 M M 5.5 13 320 M M 0 M M
21 48 30 39 2 26 0 0.23 M M 7.9 13 30 M M 2 M M
22 45 38 42 5 23 0 0.02 M M 6.6 13 340 M M 8 1 M M
23 47 33 40 3 25 0 0.00 M M 6.5 10 320 M M 1 M M
24 43 30 37 0 28 0 1.03 M M 8.6 23 40 M M 1 16 M M
25 40 33 37 0 28 0 0.15 M M 13.8 17 300 M M 7 16 M M
26 41 32 37 0 28 0 0.00 M M 11.6 20 290 M M 5 M M
27 58 31 45 8 20 0 0.00 M M 14.3 28 230 M M 1 33 230
28 51 34 43 5 22 0 0.71 M M 11.5 22 190 M M 3 1 M M
29 52 36 44 6 21 0 0.68 M M 9.7 20 20 M M 10 12 M M
30 37 27 32 -6 33 0 0.00 M M 14.0 18 10 M M 10 146 M M
31 27 23 25 -13 40 0 M M M 14.7 20 10 M M 10 16 24 10
================================================================================
SM 1634 1151 614 0 5.51 M 320.6 M 104
================================================================================
AV 52.7 37.1 10.3 FASTST M M 3 MAX(MPH)
MISC ----> 33 170 43 160
================================================================================
NOTES:
# LAST OF SEVERAL OCCURRENCES
COLUMN 17 PEAK WIND IN M.P.H.
PRELIMINARY LOCAL CLIMATOLOGICAL DATA (WS FORM: F-6) , PAGE 2
STATION: NEWPORT AIRPORT
MONTH: JANUARY
YEAR: 2023
LATITUDE: 35 35 N
LONGITUDE: 91 16 W
[TEMPERATURE DATA] [PRECIPITATION DATA] SYMBOLS USED IN COLUMN 16
AVERAGE MONTHLY: 44.9 TOTAL FOR MONTH: 5.51 1 = FOG OR MIST
DPTR FM NORMAL: 8.1 DPTR FM NORMAL: 1.95 2 = FOG REDUCING VISIBILITY
HIGHEST: 70 ON 3 GRTST 24HR 1.12 ON 3- 3 TO 1/4 MILE OR LESS
LOWEST: 23 ON 14,31 3 = THUNDER
SNOW, ICE PELLETS, HAIL 4 = ICE PELLETS
TOTAL MONTH: M 5 = HAIL
GRTST 24HR M ON M 6 = FREEZING RAIN OR DRIZZLE
GRTST DEPTH: M ON M 7 = DUSTSTORM OR SANDSTORM:
VSBY 1/2 MILE OR LESS
8 = SMOKE OR HAZE
[NO. OF DAYS WITH] [WEATHER - DAYS WITH] 9 = BLOWING SNOW
X = TORNADO
MAX 32 OR BELOW: 1 0.01 INCH OR MORE: 11
MAX 90 OR ABOVE: 0 0.10 INCH OR MORE: 8
MIN 32 OR BELOW: 11 0.50 INCH OR MORE: 6
MIN 0 OR BELOW: 0 1.00 INCH OR MORE: 2
[HDD (BASE 65) ]
TOTAL THIS MO. 614 CLEAR (SCALE 0-3) 19
DPTR FM NORMAL -259 PTCLDY (SCALE 4-7) 7
TOTAL FM JUL 1 2010 CLOUDY (SCALE 8-10) 5
DPTR FM NORMAL -285
[CDD (BASE 65) ]
TOTAL THIS MO. 0
DPTR FM NORMAL 0 [PRESSURE DATA]
TOTAL FM JAN 1 0 HIGHEST SLP M ON M
DPTR FM NORMAL 0 LOWEST SLP M ON M
[REMARKS]
#FINAL-01-23#