000
CXUS56 KHNX 011146
CF6MAE
PRELIMINARY LOCAL CLIMATOLOGICAL DATA (WS FORM: F-6)
STATION: MADERA CA AIRPORT
MONTH: JUNE
YEAR: 2020
LATITUDE: 36 58 N
LONGITUDE: 120 7 W
TEMPERATURE IN F: :PCPN: SNOW: WIND :SUNSHINE: SKY :PK WND
================================================================================
1 2 3 4 5 6A 6B 7 8 9 10 11 12 13 14 15 16 17 18
12Z AVG MX 2MIN
DY MAX MIN AVG DEP HDD CDD WTR SNW DPTH SPD SPD DIR MIN PSBL S-S WX SPD DR
================================================================================
1 86 61 74 3 0 9 0.00 0.0 0 6.7 13 310 M M 0 16 350
2 95 57 76 5 0 11 0.00 0.0 0 5.1 12 260 M M 0 14 280
3 102 61 82 11 0 17 0.00 0.0 0 5.9 14 320 M M 0 21 230
4 105 60 83 12 0 18 0.00 0.0 0 7.1 15 290 M M 0 20 290
5 87 58 73 1 0 8 0.00 0.0 0 12.1 23 300 M M 0 30 300
6 81 54 68 -4 0 3 0.00 0.0 0 9.8 22 320 M M 1 28 320
7 76 48 62 -10 3 0 0.00 0.0 0 12.3 24 320 M M 0 31 330
8 82 46 64 -8 1 0 0.00 0.0 0 7.7 20 320 M M 0 25 320
9 90 50 70 -3 0 5 0.00 0.0 0 5.2 12 280 M M 0 14 290
10 96 55 76 3 0 11 0.00 0.0 0 5.0 10 330 M M 0 16 270
11 101 57 79 6 0 14 0.00 0.0 0 5.8 18 320 M M 0 24 320
12 84 56 70 -3 0 5 0.00 0.0 0 10.3 26 340 M M 0 31 290
13 79 50 65 -9 0 0 0.00 0.0 0 11.2 20 340 M M 0 25 340
14 86 51 69 -5 0 4 0.00 0.0 0 8.1 16 330 M M 0 21 300
15 90 55 73 -1 0 8 0.00 0.0 0 9.1 21 330 M M 0 28 330
16 85 53 69 -5 0 4 0.00 0.0 0 10.3 20 330 M M 0 24 340
17 87 49 68 -7 0 3 0.00 0.0 0 6.6 16 330 M M 0 19 330
18 95 57 76 1 0 11 0.00 0.0 0 5.8 15 340 M M 0 18 340
19 99 58 79 4 0 14 0.00 0.0 0 5.7 13 290 M M 0 16 290
20 99 59 79 4 0 14 0.00 0.0 0 7.0 13 310 M M 0 17 290
21 97 58 78 2 0 13 0.00 0.0 0 7.8 14 300 M M 0 18 290
22 100 61 81 5 0 16 0.00 0.0 0 6.3 10 290 M M 0 14 300
23 102 65 84 8 0 19 0.00 0.0 0 7.4 15 340 M M 0 19 340
24 101 67 84 8 0 19 0.00 0.0 0 6.7 13 300 M M 0 15 320
25 101 66 84 7 0 19 0.00 0.0 0 6.8 12 290 M M 0 14 330
26 100 66 83 6 0 18 0.00 0.0 0 6.7 13 290 M M 0 15 280
27 106 69 88 11 0 23 0.00 0.0 0 7.6 17 290 M M 0 22 310
28 85 56 71 -6 0 6 0.00 0.0 0 10.0 21 290 M M 0 8 27 290
29 87 53 70 -7 0 5 0.00 0.0 0 5.6 15 300 M M 0 19 290
30 95 58 77 -1 0 12 0.00 0.0 0 5.3 13 290 M M 0 8 16 300
================================================================================
SM 2779 1714 4 309 0.00 0.0 227.0 M 1
================================================================================
AV 92.6 57.1 7.6 FASTST M M 0 MAX(MPH)
MISC ----> # 26 340 # 31 330
================================================================================
NOTES:
# LAST OF SEVERAL OCCURRENCES
COLUMN 17 PEAK WIND IN M.P.H.
PRELIMINARY LOCAL CLIMATOLOGICAL DATA (WS FORM: F-6) , PAGE 2
STATION: MADERA CA AIRPORT
MONTH: JUNE
YEAR: 2020
LATITUDE: 36 58 N
LONGITUDE: 120 7 W
[TEMPERATURE DATA] [PRECIPITATION DATA] SYMBOLS USED IN COLUMN 16
AVERAGE MONTHLY: 74.9 TOTAL FOR MONTH: 0.00 1 = FOG OR MIST
DPTR FM NORMAL: 0.7 DPTR FM NORMAL: -0.19 2 = FOG REDUCING VISIBILITY
HIGHEST: 106 ON 27 GRTST 24HR 0.00 ON 30-30 TO 1/4 MILE OR LESS
LOWEST: 46 ON 8 3 = THUNDER
SNOW, ICE PELLETS, HAIL 4 = ICE PELLETS
TOTAL MONTH: 0.0 INCH 5 = HAIL
GRTST 24HR 0.0 6 = FREEZING RAIN OR DRIZZLE
GRTST DEPTH: 0 7 = DUSTSTORM OR SANDSTORM:
VSBY 1/2 MILE OR LESS
8 = SMOKE OR HAZE
[NO. OF DAYS WITH] [WEATHER - DAYS WITH] 9 = BLOWING SNOW
X = TORNADO
MAX 32 OR BELOW: 0 0.01 INCH OR MORE: 0
MAX 90 OR ABOVE: 18 0.10 INCH OR MORE: 0
MIN 32 OR BELOW: 0 0.50 INCH OR MORE: 0
MIN 0 OR BELOW: 0 1.00 INCH OR MORE: 0
[HDD (BASE 65) ]
TOTAL THIS MO. 4 CLEAR (SCALE 0-3) 30
DPTR FM NORMAL 1 PTCLDY (SCALE 4-7) 0
TOTAL FM JUL 1 2304 CLOUDY (SCALE 8-10) 0
DPTR FM NORMAL -351
[CDD (BASE 65) ]
TOTAL THIS MO. 309
DPTR FM NORMAL 29 [PRESSURE DATA]
TOTAL FM JAN 1 524 HIGHEST SLP 30.15 ON 9
DPTR FM NORMAL 100 LOWEST SLP 29.57 ON 4
[REMARKS]
#FINAL-06-20#