000
CXUS56 KHNX 011146
CF6MAE
PRELIMINARY LOCAL CLIMATOLOGICAL DATA (WS FORM: F-6)
STATION: MADERA CA AIRPORT
MONTH: FEBRUARY
YEAR: 2020
LATITUDE: 36 58 N
LONGITUDE: 120 7 W
TEMPERATURE IN F: :PCPN: SNOW: WIND :SUNSHINE: SKY :PK WND
================================================================================
1 2 3 4 5 6A 6B 7 8 9 10 11 12 13 14 15 16 17 18
12Z AVG MX 2MIN
DY MAX MIN AVG DEP HDD CDD WTR SNW DPTH SPD SPD DIR MIN PSBL S-S WX SPD DR
================================================================================
1 68 39 54 6 11 0 0.00 0.0 0 2.1 9 320 M M 0 128 15 270
2 63 33 48 0 17 0 0.00 0.0 0 7.9 26 330 M M 5 12 32 320
3 54 30 42 -6 23 0 0.00 0.0 0 12.1 24 320 M M 0 31 320
4 53 24 39 -9 26 0 0.00 0.0 0 2.5 7 310 M M 0 10 260
5 57 30 44 -5 21 0 0.00 0.0 0 3.4 10 140 M M 0 20 140
6 63 33 48 -1 17 0 0.00 0.0 0 2.3 10 70 M M 0 12 70
7 67 33 50 1 15 0 0.00 0.0 0 2.7 7 70 M M 0 8 14 250
8 67 35 51 2 14 0 0.00 0.0 0 4.6 13 290 M M 0 18 18 60
9 60 34 47 -3 18 0 0.00 0.0 0 5.3 12 340 M M 1 1 17 10
10 63 29 46 -4 19 0 0.00 0.0 0 3.8 10 90 M M 0 12 310
11 66 30 48 -2 17 0 0.00 0.0 0 1.9 7 90 M M 0 10 160
12 69 35 52 2 13 0 0.00 0.0 0 3.1 8 180 M M 0 11 190
13 71 35 53 3 12 0 0.00 0.0 0 2.9 9 330 M M 0 18 10 330
14 66 34 50 0 15 0 0.00 0.0 0 3.6 9 320 M M 1 128 13 340
15 69 36 53 2 12 0 0.00 0.0 0 1.6 7 340 M M 0 1 19 360
16 70 38 54 3 11 0 0.00 0.0 0 5.6 16 330 M M 0 1 21 310
17 67 38 53 2 12 0 0.00 0.0 0 2.8 10 310 M M 0 12 12 310
18 67 39 53 2 12 0 0.00 0.0 0 3.3 8 300 M M 0 1 11 20
19 69 34 52 1 13 0 0.00 0.0 0 2.0 8 300 M M 0 18 11 350
20 74 34 54 2 11 0 0.00 0.0 0 2.2 9 320 M M 0 18 23 60
21 69 37 53 1 12 0 0.00 0.0 0 3.6 13 150 M M 1 18 33 10
22 67 43 55 3 10 0 T 0.0 0 4.7 17 350 M M 5 1 20 350
23 65 41 53 1 12 0 0.00 0.0 0 5.7 12 260 M M 0 1 14 270
24 67 37 52 0 13 0 0.00 0.0 0 2.9 9 320 M M 1 128 12 330
25 73 38 56 4 9 0 0.00 0.0 0 2.5 10 160 M M 0 18 14 150
26 79 41 60 8 5 0 0.00 0.0 0 3.7 10 300 M M 0 18 12 340
27 77 39 58 5 7 0 0.00 0.0 0 2.0 8 280 M M 0 18 13 200
28 82 44 63 10 2 0 0.00 0.0 0 3.9 12 190 M M 0 32 90
29 76 49 63 10 2 0 0.00 0.0 0 8.1 20 310 M M 0 18 26 300
================================================================================
SM 1958 1042 381 0 T 0.0 112.8 M 14
================================================================================
AV 67.5 35.9 3.9 FASTST M M 0 MAX(MPH)
MISC ----> # 26 330 # 33 10
================================================================================
NOTES:
# LAST OF SEVERAL OCCURRENCES
COLUMN 17 PEAK WIND IN M.P.H.
PRELIMINARY LOCAL CLIMATOLOGICAL DATA (WS FORM: F-6) , PAGE 2
STATION: MADERA CA AIRPORT
MONTH: FEBRUARY
YEAR: 2020
LATITUDE: 36 58 N
LONGITUDE: 120 7 W
[TEMPERATURE DATA] [PRECIPITATION DATA] SYMBOLS USED IN COLUMN 16
AVERAGE MONTHLY: 51.7 TOTAL FOR MONTH: T 1 = FOG OR MIST
DPTR FM NORMAL: 1.2 DPTR FM NORMAL: -2.13 2 = FOG REDUCING VISIBILITY
HIGHEST: 82 ON 28 GRTST 24HR T ON 22-22 TO 1/4 MILE OR LESS
LOWEST: 24 ON 4 3 = THUNDER
SNOW, ICE PELLETS, HAIL 4 = ICE PELLETS
TOTAL MONTH: 0.0 INCH 5 = HAIL
GRTST 24HR 0.0 6 = FREEZING RAIN OR DRIZZLE
GRTST DEPTH: 0 7 = DUSTSTORM OR SANDSTORM:
VSBY 1/2 MILE OR LESS
8 = SMOKE OR HAZE
[NO. OF DAYS WITH] [WEATHER - DAYS WITH] 9 = BLOWING SNOW
X = TORNADO
MAX 32 OR BELOW: 0 0.01 INCH OR MORE: 0
MAX 90 OR ABOVE: 0 0.10 INCH OR MORE: 0
MIN 32 OR BELOW: 5 0.50 INCH OR MORE: 0
MIN 0 OR BELOW: 0 1.00 INCH OR MORE: 0
[HDD (BASE 65) ]
TOTAL THIS MO. 381 CLEAR (SCALE 0-3) 27
DPTR FM NORMAL -25 PTCLDY (SCALE 4-7) 2
TOTAL FM JUL 1 1798 CLOUDY (SCALE 8-10) 0
DPTR FM NORMAL -296
[CDD (BASE 65) ]
TOTAL THIS MO. 0
DPTR FM NORMAL 0 [PRESSURE DATA]
TOTAL FM JAN 1 0 HIGHEST SLP 30.37 ON 24
DPTR FM NORMAL 0 LOWEST SLP 29.85 ON 9
[REMARKS]
#FINAL-02-20#