000
CXUS56 KHNX 110655
CF6MAE
PRELIMINARY LOCAL CLIMATOLOGICAL DATA (WS FORM: F-6)
STATION: MADERA CA AIRPORT
MONTH: NOVEMBER
YEAR: 2023
LATITUDE: 36 58 N
LONGITUDE: 120 7 W
TEMPERATURE IN F: :PCPN: SNOW: WIND :SUNSHINE: SKY :PK WND
================================================================================
1 2 3 4 5 6A 6B 7 8 9 10 11 12 13 14 15 16 17 18
12Z AVG MX 2MIN
DY MAX MIN AVG DEP HDD CDD WTR SNW DPTH SPD SPD DIR MIN PSBL S-S WX SPD DR
================================================================================
1 78 36 57 -2 8 0 0.00 0.0 0 1.7 8 320 M M 0 9 280
2 80 39 60 1 5 0 0.00 0.0 0 2.3 7 300 M M 0 11 310
3 79 45 62 3 3 0 0.00 0.0 0 2.0 8 130 M M 0 8 12 140
4 82 46 64 6 1 0 0.00 0.0 0 2.9 7 90 M M 0 10 150
5 81 44 63 5 2 0 0.00 0.0 0 1.9 8 300 M M 1 8 11 300
6 75 54 65 7 0 0 0.21 0.0 0 6.1 16 270 M M 5 18 21 280
7 68 47 58 1 7 0 0.00 0.0 0 8.6 20 320 M M 3 1 24 340
8 69 38 54 -3 11 0 0.00 0.0 0 2.8 10 280 M M 0 1 14 280
9 69 38 54 -2 11 0 0.00 0.0 0 2.1 7 340 M M 0 8 10 280
10 70 35 53 -3 12 0 0.00 0.0 0 2.2 7 300 M M 0 18 13 290
11 72 38 55 -1 10 0 0.00 0.0 0 2.9 7 110 M M 0 10 300
12 79 39 59 4 6 0 0.00 0.0 0 4.9 13 120 M M 0 17 140
13 78 43 61 6 4 0 0.00 0.0 0 4.3 13 120 M M 0 17 140
14 77 43 60 5 5 0 0.00 0.0 0 5.7 12 120 M M 0 17 160
15 72 38 55 1 10 0 0.04 0.0 0 3.8 12 100 M M 6 18 15 90
16 75 49 62 8 3 0 0.00 0.0 0 3.1 9 300 M M 3 18 13 280
17 76 44 60 6 5 0 0.00 0.0 0 4.7 14 120 M M 3 12 21 130
18 69 55 62 9 3 0 0.16 0.0 0 6.8 17 120 M M M 1 24 110
19 65 40 53 0 12 0 0.00 0.0 0 12.2 25 330 M M 0 34 300
20 65 35 50 -2 15 0 0.00 0.0 0 2.8 9 150 M M 0 12 140
21 71 34 53 1 12 0 0.00 0.0 0 1.7 7 280 M M 0 18 10 310
22 69 36 53 1 12 0 0.00 0.0 0 1.8 7 300 M M 0 128 10 280
23 69 40 55 4 10 0 0.00 0.0 0 4.7 13 300 M M 0 18 17 270
24 61 32 47 -4 18 0 0.00 0.0 0 3.3 14 320 M M 0 18 330
25 63 30 47 -4 18 0 0.00 0.0 0 0.8 6 330 M M 0 18 9 270
26 59 30 45 -5 20 0 0.00 0.0 0 1.2 8 180 M M 0 18 11 180
27 66 29 48 -2 17 0 0.00 0.0 0 1.4 7 80 M M 0 9 150
28 70 32 51 1 14 0 0.00 0.0 0 3.2 7 60 M M 0 8 10 150
29 62 31 47 -3 18 0 0.00 0.0 0 3.1 7 110 M M 1 M M
30 66 36 51 2 14 0 0.00 0.0 0 3.8 12 320 M M 6 18 17 340
================================================================================
SM 2135 1176 286 0 0.41 0.0 108.8 M 28
================================================================================
AV 71.2 39.2 3.6 FASTST M M 1 MAX(MPH)
MISC ----> 25 330 34 300
================================================================================
NOTES:
# LAST OF SEVERAL OCCURRENCES
COLUMN 17 PEAK WIND IN M.P.H.
PRELIMINARY LOCAL CLIMATOLOGICAL DATA (WS FORM: F-6) , PAGE 2
STATION: MADERA CA AIRPORT
MONTH: NOVEMBER
YEAR: 2023
LATITUDE: 36 58 N
LONGITUDE: 120 7 W
[TEMPERATURE DATA] [PRECIPITATION DATA] SYMBOLS USED IN COLUMN 16
AVERAGE MONTHLY: 55.2 TOTAL FOR MONTH: 0.41 1 = FOG OR MIST
DPTR FM NORMAL: 1.1 DPTR FM NORMAL: -0.51 2 = FOG REDUCING VISIBILITY
HIGHEST: 82 ON 4 GRTST 24HR 0.21 ON 6- 6 TO 1/4 MILE OR LESS
LOWEST: 29 ON 27 3 = THUNDER
SNOW, ICE PELLETS, HAIL 4 = ICE PELLETS
TOTAL MONTH: 0.0 INCH 5 = HAIL
GRTST 24HR 0.0 6 = FREEZING RAIN OR DRIZZLE
GRTST DEPTH: 0 7 = DUSTSTORM OR SANDSTORM:
VSBY 1/2 MILE OR LESS
8 = SMOKE OR HAZE
[NO. OF DAYS WITH] [WEATHER - DAYS WITH] 9 = BLOWING SNOW
X = TORNADO
MAX 32 OR BELOW: 0 0.01 INCH OR MORE: 3
MAX 90 OR ABOVE: 0 0.10 INCH OR MORE: 2
MIN 32 OR BELOW: 6 0.50 INCH OR MORE: 0
MIN 0 OR BELOW: 0 1.00 INCH OR MORE: 0
[HDD (BASE 65) ]
TOTAL THIS MO. 286 CLEAR (SCALE 0-3) 25
DPTR FM NORMAL -43 PTCLDY (SCALE 4-7) 4
TOTAL FM JUL 1 354 CLOUDY (SCALE 8-10) 1
DPTR FM NORMAL -56
[CDD (BASE 65) ]
TOTAL THIS MO. 0
DPTR FM NORMAL -2 [PRESSURE DATA]
TOTAL FM JAN 1 1785 HIGHEST SLP 30.42 ON 21
DPTR FM NORMAL 36 LOWEST SLP 29.76 ON 15
[REMARKS]
#FINAL-11-23#