000
CXUS53 KABR 281100
CF6MBG
PRELIMINARY LOCAL CLIMATOLOGICAL DATA (WS FORM: F-6)
STATION: MOBRIDGE SD
MONTH: MARCH
YEAR: 2024
LATITUDE: 45 32 N
LONGITUDE: 100 25 W
TEMPERATURE IN F: :PCPN: SNOW: WIND :SUNSHINE: SKY :PK WND
================================================================================
1 2 3 4 5 6A 6B 7 8 9 10 11 12 13 14 15 16 17 18
12Z AVG MX 2MIN
DY MAX MIN AVG DEP HDD CDD WTR SNW DPTH SPD SPD DIR MIN PSBL S-S WX SPD DR
================================================================================
1 63 25 44 17 21 0 0.00 0.0 0 7.8 21 360 M M 0 28 350
2 47 29 38 11 27 0 0.00 0.0 0 11.8 22 60 M M 3 30 60
3 39 22 31 3 34 0 T T 0 15.9 36 290 M M 6 47 300
4 35 16 26 -2 39 0 0.00 0.0 0 8.8 23 320 M M 0 30 320
5 33 21 27 -1 38 0 0.06 1.0 1 10.8 24 80 M M 7 12 30 80
6 36 21 29 0 36 0 0.00 0.0 0 12.7 24 310 M M 5 33 120
7 34 10 22 -7 43 0 0.00 0.0 0 6.6 17 360 M M 5 23 350
8 48 10 29 -1 36 0 0.00 0.0 0 6.0 18 300 M M 1 22 300
9 55 14 35 5 30 0 0.00 0.0 0 6.7 15 150 M M 0 21 160
10 66 27 47 16 18 0 0.00 0.0 0 6.9 14 50 M M 0 17 150
11 65 29 47 16 18 0 0.00 0.0 0 7.7 23 350 M M 0 29 340
12 67 24 46 14 19 0 0.00 0.0 0 7.7 18 150 M M 1 25 130
13 64 30 47 15 18 0 0.00 0.0 0 9.5 20 60 M M 1 26 60
14 47 35 41 8 24 0 0.00 0.0 0 14.0 24 350 M M 10 1 32 350
15 63 24 44 11 21 0 0.00 0.0 0 10.3 25 260 M M 2 37 260
16 49 28 39 5 26 0 0.00 0.0 0 16.3 28 330 M M 2 38 320
17 34 10 22 -12 43 0 T T 0 14.1 22 360 M M 9 30 330
18 61 8 35 1 30 0 0.00 0.0 0 9.1 21 220 M M 0 28 220
19 59 28 44 9 21 0 0.00 0.0 0 13.5 25 10 M M 4 37 10
20 30 18 24 -11 41 0 T T 0 10.4 20 90 M M 8 26 80
21 32 21 27 -9 38 0 0.21 1.5 0 14.7 22 110 M M 10 12 30 70
22 31 15 23 -13 42 0 T T 1 6.7 13 10 M M 8 16 10
23 27 20 24 -13 41 0 0.01 0.2 1 14.7 23 110 M M 10 8 29 100
24 29 24 27 -10 38 0 0.14 1.3 2 18.4 25 20 M M 10 1 35 90
25 29 18 24 -13 41 0 T 0.5 3 21.0 30 10 M M 7 8 40 360
26 24 9 17 -21 48 0 0.00 0.0 1 16.8 24 320 M M 1 32 330
27 34 4 19 -19 46 0 0.00 0.0 T 5.7 10 80 M M 0 16 320
================================================================================
SM 1201 540 877 0 0.42 4.5 304.6 M 110
================================================================================
AV 44.5 20.0 11.3 FASTST M M 4 MAX(MPH)
MISC ----> 36 290 47 300
================================================================================
NOTES:
# LAST OF SEVERAL OCCURRENCES
COLUMN 17 PEAK WIND IN M.P.H.
PRELIMINARY LOCAL CLIMATOLOGICAL DATA (WS FORM: F-6) , PAGE 2
STATION: MOBRIDGE SD
MONTH: MARCH
YEAR: 2024
LATITUDE: 45 32 N
LONGITUDE: 100 25 W
[TEMPERATURE DATA] [PRECIPITATION DATA] SYMBOLS USED IN COLUMN 16
AVERAGE MONTHLY: 32.2 TOTAL FOR MONTH: 0.42 1 = FOG OR MIST
DPTR FM NORMAL: -0.3 DPTR FM NORMAL: -0.18 2 = FOG REDUCING VISIBILITY
HIGHEST: 67 ON 12 GRTST 24HR 0.21 ON 21-21 TO 1/4 MILE OR LESS
LOWEST: 4 ON 27 3 = THUNDER
SNOW, ICE PELLETS, HAIL 4 = ICE PELLETS
TOTAL MONTH: 4.5 INCHES 5 = HAIL
GRTST 24HR 1.5 ON 21-21 6 = FREEZING RAIN OR DRIZZLE
GRTST DEPTH: 3 ON 25 7 = DUSTSTORM OR SANDSTORM:
VSBY 1/2 MILE OR LESS
8 = SMOKE OR HAZE
[NO. OF DAYS WITH] [WEATHER - DAYS WITH] 9 = BLOWING SNOW
X = TORNADO
MAX 32 OR BELOW: 7 0.01 INCH OR MORE: 4
MAX 90 OR ABOVE: 0 0.10 INCH OR MORE: 2
MIN 32 OR BELOW: 26 0.50 INCH OR MORE: 0
MIN 0 OR BELOW: 0 1.00 INCH OR MORE: 0
[HDD (BASE 65) ]
TOTAL THIS MO. 877 CLEAR (SCALE 0-3) 13
DPTR FM NORMAL -1 PTCLDY (SCALE 4-7) 8
TOTAL FM JUL 1 5814 CLOUDY (SCALE 8-10) 6
DPTR FM NORMAL -749
[CDD (BASE 65) ]
TOTAL THIS MO. 0
DPTR FM NORMAL 0 [PRESSURE DATA]
TOTAL FM JAN 1 0 HIGHEST SLP M ON M
DPTR FM NORMAL 0 LOWEST SLP 29.32 ON 3
[REMARKS]