000
CXUS53 KABR 011100
CF6MBG
PRELIMINARY LOCAL CLIMATOLOGICAL DATA (WS FORM: F-6)
STATION: MOBRIDGE SD
MONTH: AUGUST
YEAR: 2022
LATITUDE: 45 32 N
LONGITUDE: 100 25 W
TEMPERATURE IN F: :PCPN: SNOW: WIND :SUNSHINE: SKY :PK WND
================================================================================
1 2 3 4 5 6A 6B 7 8 9 10 11 12 13 14 15 16 17 18
12Z AVG MX 2MIN
DY MAX MIN AVG DEP HDD CDD WTR SNW DPTH SPD SPD DIR MIN PSBL S-S WX SPD DR
================================================================================
1 94 59 77 2 0 12 0.00 0.0 0 13.0 22 150 M M 0 29 120
2 106 60 83 8 0 18 T 0.0 0 6.8 26 290 M M 1 12 38 290
3 86 63 75 0 0 10 0.00 0.0 0 8.9 18 360 M M 0 25 360
4 98 66 82 7 0 17 0.00 0.0 0 16.3 24 170 M M 0 36 200
5 103 76 90 15 0 25 0.00 0.0 0 14.1 26 10 M M 0 39 10
6 76 62 69 -6 0 4 T 0.0 0 11.6 21 10 M M 7 29 10
7 75 56 66 -9 0 1 T 0.0 0 6.0 16 80 M M 7 24 70
8 89 52 71 -3 0 6 0.00 0.0 0 9.1 18 150 M M 0 24 150
9 99 65 82 8 0 17 0.00 0.0 0 8.5 16 70 M M 0 23 60
10 90 66 78 4 0 13 0.00 0.0 0 15.3 23 70 M M 0 35 70
11 90 66 78 4 0 13 0.00 0.0 0 17.0 26 110 M M 0 34 120
12 86 67 77 3 0 12 T 0.0 0 11.5 21 360 M M 2 29 10
13 86 67 77 3 0 12 0.00 0.0 0 6.4 18 160 M M 6 23 170
14 91 66 79 5 0 14 0.00 0.0 0 13.4 22 150 M M 1 28 170
15 83 68 76 3 0 11 0.01 0.0 0 11.0 20 170 M M 1 26 150
16 90 65 78 5 0 13 0.00 0.0 0 10.8 18 160 M M 1 24 180
17 94 63 79 6 0 14 0.00 0.0 0 8.1 15 150 M M 1 21 150
18 90 61 76 3 0 11 0.00 0.0 0 9.0 20 350 M M 1 29 360
19 82 61 72 0 0 7 0.21 0.0 0 11.2 23 50 M M 4 32 340
20 85 61 73 1 0 8 0.00 0.0 0 6.5 14 170 M M 3 1 17 160
21 91 62 77 5 0 12 0.00 0.0 0 12.1 22 110 M M 0 28 120
22 94 65 80 8 0 15 T 0.0 0 12.1 20 110 M M 2 3 28 110
23 94 67 81 9 0 16 0.45 0.0 0 7.8 36 360 M M 3 13 52 360
24 85 66 76 5 0 11 0.04 0.0 0 7.5 16 40 M M 4 1 21 60
25 80 62 71 0 0 6 0.13 0.0 0 5.8 17 280 M M 4 13 25 280
26 72 61 67 -4 0 2 0.50 0.0 0 7.6 16 100 M M 7 1 22 120
27 94 59 77 7 0 12 0.00 0.0 0 9.3 17 200 M M 3 12 23 150
28 85 63 74 4 0 9 0.00 0.0 0 11.7 23 310 M M 0 32 290
29 84 55 70 0 0 5 0.00 0.0 0 11.4 28 300 M M 0 38 300
30 92 50 71 2 0 6 0.00 0.0 0 4.3 13 150 M M 0 16 150
31 95 57 76 7 0 11 0.00 0.0 0 6.4 15 80 M M 0 22 80
================================================================================
SM 2759 1937 0 343 1.34 0.0 310.5 M 58
================================================================================
AV 89.0 62.5 10.0 FASTST M M 2 MAX(MPH)
MISC ----> 36 360 52 360
================================================================================
NOTES:
# LAST OF SEVERAL OCCURRENCES
COLUMN 17 PEAK WIND IN M.P.H.
PRELIMINARY LOCAL CLIMATOLOGICAL DATA (WS FORM: F-6) , PAGE 2
STATION: MOBRIDGE SD
MONTH: AUGUST
YEAR: 2022
LATITUDE: 45 32 N
LONGITUDE: 100 25 W
[TEMPERATURE DATA] [PRECIPITATION DATA] SYMBOLS USED IN COLUMN 16
AVERAGE MONTHLY: 75.7 TOTAL FOR MONTH: 1.34 1 = FOG OR MIST
DPTR FM NORMAL: 2.9 DPTR FM NORMAL: -0.71 2 = FOG REDUCING VISIBILITY
HIGHEST: 106 ON 2 GRTST 24HR 0.50 ON 26-26 TO 1/4 MILE OR LESS
LOWEST: 50 ON 30 3 = THUNDER
SNOW, ICE PELLETS, HAIL 4 = ICE PELLETS
TOTAL MONTH: 0.0 INCH 5 = HAIL
GRTST 24HR 0.0 6 = FREEZING RAIN OR DRIZZLE
GRTST DEPTH: 0 7 = DUSTSTORM OR SANDSTORM:
VSBY 1/2 MILE OR LESS
8 = SMOKE OR HAZE
[NO. OF DAYS WITH] [WEATHER - DAYS WITH] 9 = BLOWING SNOW
X = TORNADO
MAX 32 OR BELOW: 0 0.01 INCH OR MORE: 6
MAX 90 OR ABOVE: 17 0.10 INCH OR MORE: 4
MIN 32 OR BELOW: 0 0.50 INCH OR MORE: 1
MIN 0 OR BELOW: 0 1.00 INCH OR MORE: 0
[HDD (BASE 65) ]
TOTAL THIS MO. 0 CLEAR (SCALE 0-3) 24
DPTR FM NORMAL -13 PTCLDY (SCALE 4-7) 7
TOTAL FM JUL 1 0 CLOUDY (SCALE 8-10) 0
DPTR FM NORMAL -15
[CDD (BASE 65) ]
TOTAL THIS MO. 343
DPTR FM NORMAL 89 [PRESSURE DATA]
TOTAL FM JAN 1 823 HIGHEST SLP 30.19 ON 25
DPTR FM NORMAL 102 LOWEST SLP 29.43 ON 28
[REMARKS]
#FINAL-08-22#