000
CXUS54 KLIX 010810
CF6MCB
PRELIMINARY LOCAL CLIMATOLOGICAL DATA (WS FORM: F-6)
STATION: MCCOMB
MONTH: APRIL
YEAR: 2020
LATITUDE: 31 10 N
LONGITUDE: 90 28 W
TEMPERATURE IN F: :PCPN: SNOW: WIND :SUNSHINE: SKY :PK WND
================================================================================
1 2 3 4 5 6A 6B 7 8 9 10 11 12 13 14 15 16 17 18
12Z AVG MX 2MIN
DY MAX MIN AVG DEP HDD CDD WTR SNW DPTH SPD SPD DIR MIN PSBL S-S WX SPD DR
================================================================================
1 74 41 58 -4 7 0 0.00 0.0 M 2.9 12 360 M M 0 15 360
2 76 51 64 2 1 0 T 0.0 M 4.1 12 170 M M 0 20 200
3 77 58 68 6 0 3 0.03 M M 2.7 12 150 M M 2 1 16 150
4 74 58 66 4 0 1 0.05 0.0 M 2.3 8 20 M M 4 18 13 60
5 81 62 72 9 0 7 0.02 0.0 M 3.4 9 150 M M 5 1 14 30
6 83 61 72 9 0 7 0.00 0.0 M 4.6 14 170 M M 1 18 150
7 79 64 72 9 0 7 0.02 0.0 M 5.1 14 190 M M 8 1 17 190
8 84 71 78 15 0 13 0.00 0.0 M 5.4 13 220 M M 7 1 17 210
9 88 64 76 12 0 11 0.73 0.0 M 6.6 20 330 M M 6 138 26 320
10 71 52 62 -2 3 0 0.05 0.0 M 6.3 18 20 M M 2 25 10
11 76 48 62 -2 3 0 0.00 0.0 M 6.5 15 160 M M 1 19 160
12 84 62 73 9 0 8 2.15 0.0 M 12.3 29 180 M M 9 1238 42 290
13 67 49 58 -6 7 0 0.00 0.0 M 7.3 17 330 M M 5 12 21 340
14 69 49 59 -6 6 0 0.00 0.0 M 9.7 17 350 M M 6 25 10
15 66 44 55 -10 10 0 0.00 0.0 M 8.1 17 360 M M 0 23 360
16 75 45 60 -5 5 0 0.00 0.0 M 4.6 15 140 M M 0 20 140
17 78 47 63 -2 2 0 0.00 0.0 M 3.5 16 160 M M 3 18 23 160
18 80 63 72 6 0 7 0.29 0.0 M 5.1 16 360 M M 9 13 21 360
19 85 65 75 9 0 10 2.91 0.0 M 9.1 26 300 M M 8 123 41 250
20 74 54 64 -2 1 0 0.00 0.0 M 4.9 17 340 M M 4 24 350
21 84 51 68 2 0 3 0.00 0.0 M 2.5 12 340 M M 0 13 10
22 81 59 70 4 0 5 T 0.0 M 10.7 24 170 M M 3 13 36 160
23 81 59 70 3 0 5 0.82 0.0 M 7.0 35 170 M M 6 138 44 170
24 83 54 69 2 0 4 0.00 0.0 M 2.7 9 160 M M 0 18 11 160
25 82 60 71 4 0 6 0.00 0.0 M 9.4 21 320 M M 3 26 310
26 78 51 65 -3 0 0 0.00 0.0 M 6.3 22 320 M M 0 27 320
27 79 49 64 -4 1 0 0.00 0.0 M 4.2 12 150 M M 0 15 140
28 81 51 66 -2 0 1 1.15 0.0 M 7.2 32 320 M M 5 13 41 330
29 74 56 65 -3 0 0 0.70 M M 8.4 21 290 M M 5 13 29 290
30 77 47 62 -7 3 0 0.00 0.0 M 7.4 21 340 M M 0 27 330
================================================================================
SM 2341 1645 49 98 8.92 0.0 180.3 M 102
================================================================================
AV 78.0 54.8 6.0 FASTST M M 3 MAX(MPH)
MISC ----> 35 170 44 170
================================================================================
NOTES:
# LAST OF SEVERAL OCCURRENCES
COLUMN 17 PEAK WIND IN M.P.H.
PRELIMINARY LOCAL CLIMATOLOGICAL DATA (WS FORM: F-6) , PAGE 2
STATION: MCCOMB
MONTH: APRIL
YEAR: 2020
LATITUDE: 31 10 N
LONGITUDE: 90 28 W
[TEMPERATURE DATA] [PRECIPITATION DATA] SYMBOLS USED IN COLUMN 16
AVERAGE MONTHLY: 66.4 TOTAL FOR MONTH: 8.92 1 = FOG OR MIST
DPTR FM NORMAL: 1.3 DPTR FM NORMAL: 4.04 2 = FOG REDUCING VISIBILITY
HIGHEST: 88 ON 9 GRTST 24HR 2.91 ON 19-19 TO 1/4 MILE OR LESS
LOWEST: 41 ON 1 3 = THUNDER
SNOW, ICE PELLETS, HAIL 4 = ICE PELLETS
TOTAL MONTH: 0.0 INCH 5 = HAIL
GRTST 24HR 0.0 6 = FREEZING RAIN OR DRIZZLE
GRTST DEPTH: M ON M 7 = DUSTSTORM OR SANDSTORM:
VSBY 1/2 MILE OR LESS
8 = SMOKE OR HAZE
[NO. OF DAYS WITH] [WEATHER - DAYS WITH] 9 = BLOWING SNOW
X = TORNADO
MAX 32 OR BELOW: 0 0.01 INCH OR MORE: 12
MAX 90 OR ABOVE: 0 0.10 INCH OR MORE: 7
MIN 32 OR BELOW: 0 0.50 INCH OR MORE: 6
MIN 0 OR BELOW: 0 1.00 INCH OR MORE: 3
[HDD (BASE 65) ]
TOTAL THIS MO. 49 CLEAR (SCALE 0-3) 16
DPTR FM NORMAL -38 PTCLDY (SCALE 4-7) 12
TOTAL FM JUL 1 1465 CLOUDY (SCALE 8-10) 2
DPTR FM NORMAL -557
[CDD (BASE 65) ]
TOTAL THIS MO. 98
DPTR FM NORMAL 10 [PRESSURE DATA]
TOTAL FM JAN 1 285 HIGHEST SLP M ON M
DPTR FM NORMAL 151 LOWEST SLP 29.45 ON 12
[REMARKS]
#FINAL-04-20#