000
CXUS53 KEAX 010836
CF6MCI
PRELIMINARY LOCAL CLIMATOLOGICAL DATA (WS FORM: F-6)
STATION: KANSAS CITY INTERNATIONAL MO
MONTH: JANUARY
YEAR: 2024
LATITUDE: 39 19 N
LONGITUDE: 94 43 W
TEMPERATURE IN F: :PCPN: SNOW: WIND :SUNSHINE: SKY :PK WND
================================================================================
1 2 3 4 5 6A 6B 7 8 9 10 11 12 13 14 15 16 17 18
12Z AVG MX 2MIN
DY MAX MIN AVG DEP HDD CDD WTR SNW DPTH SPD SPD DIR MIN PSBL S-S WX SPD DR
================================================================================
1 36 22 29 -1 36 0 0.00 0.0 0 6.1 12 210 M M 5 15 210
2 43 22 33 3 32 0 0.00 0.0 0 7.9 15 220 M M 4 20 220
3 43 26 35 6 30 0 0.00 0.0 0 5.6 14 40 M M 5 12 17 30
4 35 27 31 2 34 0 0.00 0.0 0 7.9 14 120 M M 9 1 19 120
5 33 29 31 2 34 0 0.14 1.1 0 7.3 14 100 M M 10 1 20 100
6 32 29 31 2 34 0 T T 1 5.6 10 320 M M 10 126 16 300
7 37 29 33 4 32 0 T T 0 7.9 22 120 M M 10 1 26 120
8 36 32 34 5 31 0 0.56 1.7 0 12.6 20 100 M M 10 1 30 80
9 32 18 25 -4 40 0 0.22 4.0 3 15.0 29 330 M M 10 19 40 340
10 35 9 22 -7 43 0 0.00 0.0 4 11.4 20 200 M M 5 25 230
11 32 19 26 -3 39 0 0.01 T 2 11.3 23 50 M M 6 146 30 50
12 27 5 16 -13 49 0 0.01 0.4 1 16.4 28 300 M M 10 14689 39 300
13 5 -11 -3 -32 68 0 0.04 0.5 1 13.8 22 330 M M 5 189 32 330
14 -3 -12 -7 -36 72 0 0.00 0.0 2 9.0 18 300 M M 4 28 310
15 2 -16 -7 -35 72 0 0.12 0.7 2 8.2 17 310 M M 7 1 23 300
16 12 -10 1 -27 64 0 0.00 0.0 2 11.6 17 220 M M 0 26 220
17 31 9 20 -8 45 0 0.00 0.0 2 11.0 20 200 M M 6 25 200
18 33 9 21 -8 44 0 0.03 0.3 2 10.3 31 340 M M 8 19 38 340
19 10 -1 5 -24 60 0 T T 2 10.8 24 330 M M 2 33 330
20 11 -7 2 -27 63 0 0.00 0.0 2 6.1 12 120 M M 3 14 120
21 31 3 17 -12 48 0 T 0.0 2 15.8 24 190 M M 6 6 31 180
22 33 28 31 2 34 0 0.09 0.0 2 10.2 22 190 M M 10 126 29 190
23 37 32 35 6 30 0 0.27 0.0 1 4.8 10 360 M M 10 12 13 10
24 38 33 36 7 29 0 0.03 0.0 T 3.2 8 50 M M 10 12 11 50
25 38 34 36 7 29 0 0.56 0.0 T 3.8 8 300 M M 10 12 11 320
26 35 32 34 5 31 0 0.00 0.0 0 4.2 13 340 M M 10 12 16 360
27 37 31 34 5 31 0 T 0.0 0 7.9 14 350 M M 10 1 18 350
28 52 29 41 12 24 0 0.00 0.0 0 5.0 12 320 M M 5 12 18 330
29 61 31 46 17 19 0 0.00 0.0 0 8.3 14 230 M M 1 19 220
30 54 32 43 13 22 0 0.00 0.0 0 8.4 18 340 M M 2 26 340
31 62 26 44 14 21 0 0.00 0.0 0 9.4 15 200 M M 1 20 180
================================================================================
SM 1000 539 1240 0 2.08 8.7 276.8 M 204
================================================================================
AV 32.3 17.4 8.9 FASTST M M 7 MAX(MPH)
MISC ----> 31 340 40 340
================================================================================
NOTES:
# LAST OF SEVERAL OCCURRENCES
COLUMN 17 PEAK WIND IN M.P.H.
PRELIMINARY LOCAL CLIMATOLOGICAL DATA (WS FORM: F-6) , PAGE 2
STATION: KANSAS CITY INTERNATIONAL MO
MONTH: JANUARY
YEAR: 2024
LATITUDE: 39 19 N
LONGITUDE: 94 43 W
[TEMPERATURE DATA] [PRECIPITATION DATA] SYMBOLS USED IN COLUMN 16
AVERAGE MONTHLY: 24.8 TOTAL FOR MONTH: 2.08 1 = FOG OR MIST
DPTR FM NORMAL: -4.2 DPTR FM NORMAL: 0.92 2 = FOG REDUCING VISIBILITY
HIGHEST: 62 ON 31 GRTST 24HR 0.73 ON 8- 9 TO 1/4 MILE OR LESS
LOWEST: -16 ON 15 3 = THUNDER
SNOW, ICE PELLETS, HAIL 4 = ICE PELLETS
TOTAL MONTH: 8.7 INCHES 5 = HAIL
GRTST 24HR 4.0 ON 9- 9 6 = FREEZING RAIN OR DRIZZLE
GRTST DEPTH: 4 ON 10 7 = DUSTSTORM OR SANDSTORM:
VSBY 1/2 MILE OR LESS
8 = SMOKE OR HAZE
[NO. OF DAYS WITH] [WEATHER - DAYS WITH] 9 = BLOWING SNOW
X = TORNADO
MAX 32 OR BELOW: 12 0.01 INCH OR MORE: 12
MAX 90 OR ABOVE: 0 0.10 INCH OR MORE: 6
MIN 32 OR BELOW: 29 0.50 INCH OR MORE: 2
MIN 0 OR BELOW: 6 1.00 INCH OR MORE: 0
[HDD (BASE 65) ]
TOTAL THIS MO. 1240 CLEAR (SCALE 0-3) 6
DPTR FM NORMAL 123 PTCLDY (SCALE 4-7) 11
TOTAL FM JUL 1 2851 CLOUDY (SCALE 8-10) 14
DPTR FM NORMAL -251
[CDD (BASE 65) ]
TOTAL THIS MO. 0
DPTR FM NORMAL 0 [PRESSURE DATA]
TOTAL FM JAN 1 0 HIGHEST SLP 30.77 ON 20
DPTR FM NORMAL 0 LOWEST SLP 29.35 ON 9
[REMARKS]
#FINAL-01-24#