000
CXUS53 KGLD 010800
CF6MCK
PRELIMINARY LOCAL CLIMATOLOGICAL DATA (WS FORM: F-6)
STATION: MCCOOK NE
MONTH: MAY
YEAR: 2022
LATITUDE: 40 13 N
LONGITUDE: 100 35 W
TEMPERATURE IN F: :PCPN: SNOW: WIND :SUNSHINE: SKY :PK WND
================================================================================
1 2 3 4 5 6A 6B 7 8 9 10 11 12 13 14 15 16 17 18
12Z AVG MX 2MIN
DY MAX MIN AVG DEP HDD CDD WTR SNW DPTH SPD SPD DIR MIN PSBL S-S WX SPD DR
================================================================================
1 70 33 52 -3 13 0 0.00 M M 10.1 22 80 M M 1 30 80
2 54 34 44 -11 21 0 1.88 M M 16.7 32 80 M M 10 13 45 80
3 54 32 43 -13 22 0 0.00 M M 8.1 17 90 M M 4 1 23 90
4 49 43 46 -10 19 0 0.00 M M 9.5 17 120 M M 10 1 20 120
5 59 41 50 -7 15 0 T M M 6.6 15 340 M M 7 1 17 330
6 86 34 60 3 5 0 0.00 M M 7.6 20 210 M M 0 12 27 200
7 85 49 67 10 0 2 0.06 M M 18.5 52 360 M M 1 13 70 360
8 80 51 66 8 0 1 0.00 M M 10.4 37 30 M M 2 1 48 30
9 80 54 67 9 0 2 0.00 M M 14.0 28 310 M M 2 1 35 300
10 82 52 67 8 0 2 0.00 M M 13.5 29 20 M M 0 35 20
11 99 58 79 20 0 14 0.00 M M 16.3 37 180 M M 1 18 58 180
12 95 51 73 14 0 8 T M M 18.3 45 310 M M 1 38 58 320
13 80 41 61 1 4 0 0.00 M M 7.9 18 210 M M 0 27 180
14 85 46 66 6 0 1 0.00 M M 7.6 22 20 M M 1 28 10
15 79 50 65 4 0 0 0.00 M M 8.6 23 360 M M 1 29 20
16 88 47 68 7 0 3 0.00 M M 13.5 28 200 M M 0 39 190
17 95 56 76 14 0 11 0.00 M M 12.4 25 10 M M 0 32 240
18 88 54 71 9 0 6 0.00 M M 8.8 20 190 M M 0 28 190
19 93 50 72 10 0 7 0.00 M M 15.5 41 10 M M 0 8 58 10
20 61 48 55 -8 10 0 0.00 M M 16.4 28 330 M M 9 34 330
21 60 41 51 -12 14 0 0.01 M M 8.1 17 330 M M 7 24 340
22 68 37 53 -11 12 0 0.00 M M 7.5 22 200 M M 3 29 170
23 57 39 48 -16 17 0 0.03 M M 12.9 24 130 M M 8 33 130
24 54 40 47 -17 18 0 0.38 M M 11.5 22 50 M M 7 1 29 40
25 67 46 57 -8 8 0 0.04 M M 18.1 32 10 M M 4 42 10
26 83 41 62 -3 3 0 0.00 M M 7.2 17 330 M M 0 25 320
27 95 48 72 6 0 7 0.00 M M 8.7 24 190 M M 0 34 160
28 94 55 75 9 0 10 0.00 M M 11.4 25 140 M M 0 36 220
29 86 62 74 8 0 9 0.00 M M 13.5 32 360 M M 0 43 360
30 77 55 66 -1 0 1 0.10 M M 18.0 40 260 M M 3 3 58 260
31 77 51 64 -3 1 0 0.00 M M 11.5 26 310 M M 2 34 300
================================================================================
SM 2380 1439 182 84 2.50 M 368.7 M 84
================================================================================
AV 76.8 46.4 11.9 FASTST M M 3 MAX(MPH)
MISC ----> 52 360 70 360
================================================================================
NOTES:
# LAST OF SEVERAL OCCURRENCES
COLUMN 17 PEAK WIND IN M.P.H.
PRELIMINARY LOCAL CLIMATOLOGICAL DATA (WS FORM: F-6) , PAGE 2
STATION: MCCOOK NE
MONTH: MAY
YEAR: 2022
LATITUDE: 40 13 N
LONGITUDE: 100 35 W
[TEMPERATURE DATA] [PRECIPITATION DATA] SYMBOLS USED IN COLUMN 16
AVERAGE MONTHLY: 61.6 TOTAL FOR MONTH: 2.50 1 = FOG OR MIST
DPTR FM NORMAL: 0.5 DPTR FM NORMAL: -0.58 2 = FOG REDUCING VISIBILITY
HIGHEST: 99 ON 11 GRTST 24HR 1.88 ON 2- 2 TO 1/4 MILE OR LESS
LOWEST: 32 ON 3 3 = THUNDER
SNOW, ICE PELLETS, HAIL 4 = ICE PELLETS
TOTAL MONTH: M 5 = HAIL
GRTST 24HR M ON M 6 = FREEZING RAIN OR DRIZZLE
GRTST DEPTH: M ON M 7 = DUSTSTORM OR SANDSTORM:
VSBY 1/2 MILE OR LESS
8 = SMOKE OR HAZE
[NO. OF DAYS WITH] [WEATHER - DAYS WITH] 9 = BLOWING SNOW
X = TORNADO
MAX 32 OR BELOW: 0 0.01 INCH OR MORE: 7
MAX 90 OR ABOVE: 6 0.10 INCH OR MORE: 3
MIN 32 OR BELOW: 1 0.50 INCH OR MORE: 1
MIN 0 OR BELOW: 0 1.00 INCH OR MORE: 1
[HDD (BASE 65) ]
TOTAL THIS MO. 182 CLEAR (SCALE 0-3) 21
DPTR FM NORMAL 4 PTCLDY (SCALE 4-7) 7
TOTAL FM JUL 1 5385 CLOUDY (SCALE 8-10) 3
DPTR FM NORMAL -371
[CDD (BASE 65) ]
TOTAL THIS MO. 84
DPTR FM NORMAL 26 [PRESSURE DATA]
TOTAL FM JAN 1 98 HIGHEST SLP M ON M
DPTR FM NORMAL 35 LOWEST SLP 29.14 ON 9
[REMARKS]
#FINAL-05-22#