000
CXUS52 KMLB 010636
CF6MCO
PRELIMINARY LOCAL CLIMATOLOGICAL DATA (WS FORM: F-6)
STATION: ORLANDO INTL
MONTH: MARCH
YEAR: 2020
LATITUDE: 28 25 N
LONGITUDE: 81 19 W
TEMPERATURE IN F: :PCPN: SNOW: WIND :SUNSHINE: SKY :PK WND
================================================================================
1 2 3 4 5 6A 6B 7 8 9 10 11 12 13 14 15 16 17 18
12Z AVG MX 2MIN
DY MAX MIN AVG DEP HDD CDD WTR SNW DPTH SPD SPD DIR MIN PSBL S-S WX SPD DR
================================================================================
1 72 43 58 -7 7 0 0.00 0.0 0 4.7 13 100 M M 3 18 140
2 79 52 66 1 0 1 0.00 0.0 0 7.2 20 180 M M 5 25 170
3 85 57 71 6 0 6 0.00 0.0 0 8.5 21 240 M M 6 1 27 220
4 90 63 77 12 0 12 0.00 0.0 0 9.1 17 210 M M 6 12 25 190
5 92 69 81 15 0 16 T 0.0 0 14.1 25 230 M M 7 1 35 220
6 78 59 69 3 0 4 0.02 0.0 0 11.6 22 350 M M 7 29 350
7 66 50 58 -8 7 0 0.00 0.0 0 13.8 23 50 M M 3 31 40
8 75 50 63 -3 2 0 0.00 0.0 0 11.5 25 70 M M 7 32 80
9 76 58 67 1 0 2 T 0.0 0 10.5 26 130 M M 6 8 33 100
10 79 60 70 4 0 5 T 0.0 0 6.5 15 140 M M 8 20 110
11 85 59 72 6 0 7 0.00 0.0 0 2.9 13 130 M M 6 1 16 120
12 85 64 75 9 0 10 0.00 0.0 0 4.9 16 100 M M 6 20 100
13 88 61 75 9 0 10 0.00 0.0 0 4.5 15 100 M M 4 1 19 120
14 88 62 75 8 0 10 0.00 0.0 0 5.3 15 120 M M 5 1 19 100
15 89 64 77 10 0 12 0.00 0.0 0 3.2 15 100 M M 4 1 19 100
16 82 65 74 7 0 9 0.00 0.0 0 6.9 15 80 M M 7 1 21 90
17 87 65 76 9 0 11 0.00 0.0 0 6.3 14 120 M M 6 17 100
18 88 64 76 9 0 11 0.00 0.0 0 7.1 18 100 M M 3 1 23 110
19 89 64 77 10 0 12 0.00 0.0 0 8.9 20 90 M M 1 1 28 100
20 89 65 77 10 0 12 0.00 0.0 0 7.5 17 120 M M 2 1 21 100
21 89 65 77 9 0 12 0.00 0.0 0 4.4 14 120 M M 4 18 120
22 89 66 78 10 0 13 0.00 0.0 0 6.2 15 100 M M 4 19 100
23 89 67 78 10 0 13 0.00 0.0 0 7.0 17 180 M M 5 21 180
24 90 66 78 10 0 13 0.00 0.0 0 5.9 16 230 M M 3 22 210
25 90 66 78 10 0 13 0.00 0.0 0 11.1 22 280 M M 4 1 28 270
26 89 71 80 12 0 15 0.00 0.0 0 7.2 14 120 M M 4 18 110
27 90 68 79 11 0 14 0.00 0.0 0 5.8 16 110 M M 3 1 19 130
28 93 67 80 12 0 15 0.00 0.0 0 6.8 15 110 M M 2 1 23 190
29 91 64 78 9 0 13 0.00 0.0 0 4.8 13 120 M M 3 1 19 140
30 91 69 80 11 0 15 0.00 0.0 0 5.0 13 310 M M 4 18 50
31 91 70 81 12 0 16 0.32 0.0 0 12.7 26 250 M M 7 8 36 290
================================================================================
SM 2654 1933 16 302 0.34 0.0 231.9 M 145
================================================================================
AV 85.6 62.4 7.5 FASTST M M 5 MAX(MPH)
MISC ----> # 26 130 36 290
================================================================================
NOTES:
# LAST OF SEVERAL OCCURRENCES
COLUMN 17 PEAK WIND IN M.P.H.
PRELIMINARY LOCAL CLIMATOLOGICAL DATA (WS FORM: F-6) , PAGE 2
STATION: ORLANDO INTL
MONTH: MARCH
YEAR: 2020
LATITUDE: 28 25 N
LONGITUDE: 81 19 W
[TEMPERATURE DATA] [PRECIPITATION DATA] SYMBOLS USED IN COLUMN 16
AVERAGE MONTHLY: 74.0 TOTAL FOR MONTH: 0.34 1 = FOG OR MIST
DPTR FM NORMAL: 7.1 DPTR FM NORMAL: -3.43 2 = FOG REDUCING VISIBILITY
HIGHEST: 93 ON 28 GRTST 24HR 0.32 ON 31-31 TO 1/4 MILE OR LESS
LOWEST: 43 ON 1 3 = THUNDER
SNOW, ICE PELLETS, HAIL 4 = ICE PELLETS
TOTAL MONTH: 0.0 INCH 5 = HAIL
GRTST 24HR 0.0 6 = FREEZING RAIN OR DRIZZLE
GRTST DEPTH: 0 7 = DUSTSTORM OR SANDSTORM:
VSBY 1/2 MILE OR LESS
8 = SMOKE OR HAZE
[NO. OF DAYS WITH] [WEATHER - DAYS WITH] 9 = BLOWING SNOW
X = TORNADO
MAX 32 OR BELOW: 0 0.01 INCH OR MORE: 2
MAX 90 OR ABOVE: 9 0.10 INCH OR MORE: 1
MIN 32 OR BELOW: 0 0.50 INCH OR MORE: 0
MIN 0 OR BELOW: 0 1.00 INCH OR MORE: 0
[HDD (BASE 65) ]
TOTAL THIS MO. 16 CLEAR (SCALE 0-3) 6
DPTR FM NORMAL -43 PTCLDY (SCALE 4-7) 25
TOTAL FM JUL 1 256 CLOUDY (SCALE 8-10) 0
DPTR FM NORMAL -302
[CDD (BASE 65) ]
TOTAL THIS MO. 302
DPTR FM NORMAL 184 [PRESSURE DATA]
TOTAL FM JAN 1 562 HIGHEST SLP M ON M
DPTR FM NORMAL 340 LOWEST SLP 29.70 ON 31
[REMARKS]
#FINAL-03-20#