000
CXUS53 KDMX 020332
CF6MCW
PRELIMINARY LOCAL CLIMATOLOGICAL DATA (WS FORM: F-6)
STATION: MASON CITY IA
MONTH: APRIL
YEAR: 2020
LATITUDE: 43 9 N
LONGITUDE: 93 20 W
TEMPERATURE IN F: :PCPN: SNOW: WIND :SUNSHINE: SKY :PK WND
================================================================================
1 2 3 4 5 6A 6B 7 8 9 10 11 12 13 14 15 16 17 18
12Z AVG MX 2MIN
DY MAX MIN AVG DEP HDD CDD WTR SNW DPTH SPD SPD DIR MIN PSBL S-S WX SPD DR
================================================================================
1 55 34 45 5 20 0 0.13 0.0 0 15.1 26 140 M M 5 1 35 150
2 67 44 56 15 9 0 0.10 0.0 0 15.6 26 150 M M 6 1 35 150
3 45 25 35 -6 30 0 0.16 0.5 0 19.5 24 330 M M 10 16 32 310
4 45 20 33 -9 32 0 0.00 0.0 T 8.5 21 340 M M 4 26 340
5 59 22 41 -1 24 0 0.00 0.0 0 7.8 15 140 M M 0 21 140
6 58 39 49 7 16 0 0.00 0.0 0 10.8 18 170 M M 9 18 22 180
7 76 43 60 17 5 0 0.00 0.0 0 7.8 17 310 M M 5 12 23 260
8 54 35 45 2 20 0 0.23 0.0 0 11.1 29 320 M M 4 13 36 320
9 41 28 35 -9 30 0 T T 0 19.3 44 320 M M 3 8 57 310
10 49 22 36 -8 29 0 0.00 0.0 0 8.8 21 320 M M 3 28 320
11 61 33 47 2 18 0 0.00 0.0 0 7.4 15 180 M M 3 20 180
12 46 25 36 -9 29 0 0.33 0.9 0 22.4 36 340 M M 10 1 47 340
13 36 20 28 -18 37 0 T T 1 18.0 31 290 M M 2 18 46 290
14 32 19 26 -20 39 0 T T 0 12.7 25 270 M M 4 37 280
15 36 14 25 -21 40 0 0.00 0.0 0 8.8 20 300 M M 2 26 290
16 43 19 31 -16 34 0 0.00 0.0 0 5.6 14 340 M M 2 18 340
17 50 27 39 -8 26 0 0.00 0.0 0 11.1 23 300 M M 5 32 300
18 70 32 51 3 14 0 0.00 0.0 0 17.7 30 220 M M 2 40 230
19 54 27 41 -7 24 0 0.00 0.0 0 9.8 22 10 M M 0 26 360
20 66 25 46 -3 19 0 T 0.0 0 17.4 39 330 M M 3 48 340
21 55 26 41 -8 24 0 0.00 0.0 0 11.6 24 320 M M 3 33 320
22 82 33 58 8 7 0 0.00 0.0 0 13.8 31 250 M M 2 8 45 260
23 69 34 52 2 13 0 T 0.0 0 9.7 17 80 M M 2 128 23 100
24 65 41 53 3 12 0 0.00 0.0 0 7.7 15 50 M M 7 8 21 70
25 68 36 52 1 13 0 0.00 0.0 0 5.9 24 280 M M 4 18 30 280
26 68 38 53 2 12 0 T 0.0 0 8.1 23 150 M M 5 28 150
27 77 42 60 8 5 0 0.00 0.0 0 10.5 29 240 M M 2 37 230
28 68 47 58 6 7 0 0.12 0.0 0 16.5 29 320 M M 7 1 42 280
29 62 43 53 1 12 0 0.00 0.0 0 24.3 41 350 M M 6 52 350
30 70 35 53 0 12 0 0.00 0.0 0 8.0 17 340 M M 0 8 24 350
================================================================================
SM 1727 928 612 0 1.07 1.4 371.3 M 120
================================================================================
AV 57.6 30.9 12.4 FASTST M M 4 MAX(MPH)
MISC ----> # 44 320 # 57 310
================================================================================
NOTES:
# LAST OF SEVERAL OCCURRENCES
COLUMN 17 PEAK WIND IN M.P.H.
PRELIMINARY LOCAL CLIMATOLOGICAL DATA (WS FORM: F-6) , PAGE 2
STATION: MASON CITY IA
MONTH: APRIL
YEAR: 2020
LATITUDE: 43 9 N
LONGITUDE: 93 20 W
[TEMPERATURE DATA] [PRECIPITATION DATA] SYMBOLS USED IN COLUMN 16
AVERAGE MONTHLY: 44.3 TOTAL FOR MONTH: 1.07 1 = FOG OR MIST
DPTR FM NORMAL: -2.5 DPTR FM NORMAL: -2.68 2 = FOG REDUCING VISIBILITY
HIGHEST: 82 ON 22 GRTST 24HR 0.33 ON 12-12 TO 1/4 MILE OR LESS
LOWEST: 14 ON 15 3 = THUNDER
SNOW, ICE PELLETS, HAIL 4 = ICE PELLETS
TOTAL MONTH: 1.4 INCHES 5 = HAIL
GRTST 24HR 0.9 ON 12-12 6 = FREEZING RAIN OR DRIZZLE
GRTST DEPTH: 1 ON 13 7 = DUSTSTORM OR SANDSTORM:
VSBY 1/2 MILE OR LESS
8 = SMOKE OR HAZE
[NO. OF DAYS WITH] [WEATHER - DAYS WITH] 9 = BLOWING SNOW
X = TORNADO
MAX 32 OR BELOW: 1 0.01 INCH OR MORE: 6
MAX 90 OR ABOVE: 0 0.10 INCH OR MORE: 6
MIN 32 OR BELOW: 15 0.50 INCH OR MORE: 0
MIN 0 OR BELOW: 0 1.00 INCH OR MORE: 0
[HDD (BASE 65) ]
TOTAL THIS MO. 612 CLEAR (SCALE 0-3) 13
DPTR FM NORMAL 57 PTCLDY (SCALE 4-7) 14
TOTAL FM JUL 1 7218 CLOUDY (SCALE 8-10) 3
DPTR FM NORMAL -182
[CDD (BASE 65) ]
TOTAL THIS MO. 0
DPTR FM NORMAL -5 [PRESSURE DATA]
TOTAL FM JAN 1 0 HIGHEST SLP 30.36 ON 16
DPTR FM NORMAL -5 LOWEST SLP 29.55 ON 22
[REMARKS]
#FINAL-04-20#