630
CXUS55 KPAH 020018
CF6MDH
PRELIMINARY LOCAL CLIMATOLOGICAL DATA (WS FORM: F-6)
STATION: CARBONDALE IL
MONTH: JUNE
YEAR: 2020
LATITUDE: 37 46 N
LONGITUDE: 89 15 W
TEMPERATURE IN F: :PCPN: SNOW: WIND :SUNSHINE: SKY :PK WND
================================================================================
1 2 3 4 5 6A 6B 7 8 9 10 11 12 13 14 15 16 17 18
12Z AVG MX 2MIN
DY MAX MIN AVG DEP HDD CDD WTR SNW DPTH SPD SPD DIR MIN PSBL S-S WX SPD DR
================================================================================
1 82 55 69 -2 0 4 0.00 M M 4.4 14 160 M M 0 18 160
2 88 60 74 3 0 9 0.00 M M 6.9 16 210 M M 0 21 210
3 91 62 77 5 0 12 0.00 M M 6.7 16 200 M M 0 21 200
4 81 69 75 3 0 10 0.20 M M 4.1 13 210 M M 5 1 17 220
5 87 64 76 4 0 11 0.00 M M 4.0 14 200 M M 1 12 20 300
6 93 66 80 8 0 15 0.00 M M 2.1 10 140 M M 0 128 14 90
7 93 69 81 8 0 16 0.00 M M 5.5 15 90 M M 0 1 20 80
8 91 65 78 5 0 13 0.08 M M 10.5 20 100 M M 2 26 110
9 89 75 82 9 0 17 0.26 M M 19.0 29 200 M M 8 1 40 210
10 83 62 73 -1 0 8 0.00 M M 15.8 29 230 M M 5 38 210
11 86 57 72 -2 0 7 0.00 M M 5.4 15 290 M M 0 23 340
12 91 58 75 1 0 10 0.00 M M 3.0 12 260 M M 2 18 250
13 91 65 78 4 0 13 0.00 M M 3.9 13 20 M M 2 19 60
14 81 63 72 -3 0 7 T M M 6.7 22 60 M M 1 28 60
15 83 58 71 -4 0 6 0.00 M M 4.0 13 40 M M 1 23 20
16 85 56 71 -4 0 6 0.00 M M 3.5 14 100 M M 1 20 60
17 86 59 73 -2 0 8 0.00 M M 2.7 12 50 M M 1 18 15 90
18 88 61 75 -1 0 10 0.00 M M 3.1 10 170 M M 1 1 14 160
19 91 64 78 2 0 13 0.00 M M 4.2 15 230 M M 0 18 21 220
20 93 65 79 3 0 14 0.36 M M 8.1 29 210 M M 2 13 39 220
21 85 68 77 1 0 12 0.08 M M 4.6 13 230 M M 4 1 16 230
22 86 68 77 1 0 12 0.32 M M 8.1 16 190 M M 4 13 23 190
23 83 67 75 -2 0 10 0.00 M M 6.2 16 330 M M 3 22 330
24 85 63 74 -3 0 9 0.00 M M 2.9 13 340 M M 3 8 20 340
25 89 63 76 -1 0 11 0.00 M M 7.4 18 210 M M 2 27 230
26 89 67 78 1 0 13 0.00 M M 10.0 21 200 M M 1 29 210
27 89 71 80 3 0 15 1.16 M M 10.4 33 260 M M 5 138 50 250
28 90 72 81 4 0 16 0.08 M M 8.6 16 240 M M 4 138 23 230
29 90 76 83 5 0 18 0.00 M M 7.8 15 210 M M 3 8 19 210
30 83 69 76 -2 0 11 0.69 M M 7.4 24 40 M M 7 138 35 30
================================================================================
SM 2622 1937 0 336 3.23 M 197.0 M 68
================================================================================
AV 87.4 64.6 6.6 FASTST M M 2 MAX(MPH)
MISC ----> 33 260 50 250
================================================================================
NOTES:
# LAST OF SEVERAL OCCURRENCES
COLUMN 17 PEAK WIND IN M.P.H.
PRELIMINARY LOCAL CLIMATOLOGICAL DATA (WS FORM: F-6) , PAGE 2
STATION: CARBONDALE IL
MONTH: JUNE
YEAR: 2020
LATITUDE: 37 46 N
LONGITUDE: 89 15 W
[TEMPERATURE DATA] [PRECIPITATION DATA] SYMBOLS USED IN COLUMN 16
AVERAGE MONTHLY: 76.0 TOTAL FOR MONTH: 3.23 1 = FOG OR MIST
DPTR FM NORMAL: 1.3 DPTR FM NORMAL: -0.76 2 = FOG REDUCING VISIBILITY
HIGHEST: 93 ON 20, 7 GRTST 24HR 1.24 ON 27-28 TO 1/4 MILE OR LESS
LOWEST: 55 ON 1 3 = THUNDER
SNOW, ICE PELLETS, HAIL 4 = ICE PELLETS
TOTAL MONTH: M 5 = HAIL
GRTST 24HR M ON M 6 = FREEZING RAIN OR DRIZZLE
GRTST DEPTH: M ON M 7 = DUSTSTORM OR SANDSTORM:
VSBY 1/2 MILE OR LESS
8 = SMOKE OR HAZE
[NO. OF DAYS WITH] [WEATHER - DAYS WITH] 9 = BLOWING SNOW
X = TORNADO
MAX 32 OR BELOW: 0 0.01 INCH OR MORE: 9
MAX 90 OR ABOVE: 10 0.10 INCH OR MORE: 6
MIN 32 OR BELOW: 0 0.50 INCH OR MORE: 2
MIN 0 OR BELOW: 0 1.00 INCH OR MORE: 1
[HDD (BASE 65) ]
TOTAL THIS MO. 0 CLEAR (SCALE 0-3) 22
DPTR FM NORMAL -4 PTCLDY (SCALE 4-7) 8
TOTAL FM JUL 1 4385 CLOUDY (SCALE 8-10) 0
DPTR FM NORMAL -89
[CDD (BASE 65) ]
TOTAL THIS MO. 336
DPTR FM NORMAL 40 [PRESSURE DATA]
TOTAL FM JAN 1 455 HIGHEST SLP 30.30 ON 15
DPTR FM NORMAL 23 LOWEST SLP 29.53 ON 9
[REMARKS]
#FINAL-06-20#