000
CXUS51 KCTP 010800
CF6MDT
PRELIMINARY LOCAL CLIMATOLOGICAL DATA (WS FORM: F-6)
STATION: HARRISBURG PA
MONTH: OCTOBER
YEAR: 2023
LATITUDE: 40 11 N
LONGITUDE: 76 46 W
TEMPERATURE IN F: :PCPN: SNOW: WIND :SUNSHINE: SKY :PK WND
================================================================================
1 2 3 4 5 6A 6B 7 8 9 10 11 12 13 14 15 16 17 18
12Z AVG MX 2MIN
DY MAX MIN AVG DEP HDD CDD WTR SNW DPTH SPD SPD DIR MIN PSBL S-S WX SPD DR
================================================================================
1 79 60 70 8 0 5 0.00 0.0 0 6.2 14 330 M M 1 18 10
2 79 61 70 9 0 5 0.00 0.0 0 4.1 10 290 M M 1 12 290
3 82 59 71 10 0 6 0.00 0.0 0 3.0 8 280 M M 1 10 300
4 83 59 71 11 0 6 0.00 0.0 0 3.2 10 130 M M 2 12 16 50
5 77 56 67 7 0 2 0.00 0.0 0 6.9 14 160 M M 6 128 18 180
6 79 66 73 13 0 8 T 0.0 0 4.8 13 130 M M 9 15 130
7 69 52 61 2 4 0 0.19 0.0 0 13.5 30 290 M M 7 1 34 290
8 59 50 55 -4 10 0 0.00 0.0 0 13.5 22 280 M M 6 29 260
9 62 43 53 -5 12 0 T 0.0 0 6.3 17 220 M M 5 22 260
10 66 45 56 -2 9 0 0.00 0.0 0 3.4 18 280 M M 5 1 22 280
11 70 46 58 0 7 0 0.00 0.0 0 2.4 10 300 M M 3 13 320
12 71 45 58 1 7 0 0.00 0.0 0 3.5 7 240 M M 7 8 50
13 65 49 57 0 8 0 0.00 0.0 0 5.0 15 280 M M 3 18 280
14 51 47 49 -7 16 0 1.28 0.0 0 5.6 12 110 M M 10 1 16 100
15 60 47 54 -2 11 0 0.01 0.0 0 10.7 22 310 M M 6 29 310
16 61 48 55 -1 10 0 0.01 0.0 0 10.3 18 320 M M 8 1 24 300
17 61 46 54 -1 11 0 0.00 0.0 0 6.6 13 320 M M 6 14 300
18 63 45 54 -1 11 0 0.00 0.0 0 3.9 9 320 M M 7 12 360
19 69 43 56 1 9 0 0.00 0.0 0 4.9 14 160 M M 6 18 19 160
20 70 56 63 9 2 0 0.04 0.0 0 5.3 16 190 M M 9 1 22 180
21 65 53 59 5 6 0 T 0.0 0 14.2 30 300 M M 8 1 42 290
22 60 47 54 0 11 0 0.00 0.0 0 16.9 29 300 M M 4 38 300
23 62 41 52 -1 13 0 0.00 0.0 0 7.1 18 330 M M 1 25 340
24 71 38 55 2 10 0 0.00 0.0 0 3.0 12 220 M M 1 18 230
25 73 43 58 6 7 0 0.00 0.0 0 1.9 7 110 M M 5 8 30
26 78 48 63 11 2 0 0.00 0.0 0 1.0 8 100 M M 5 9 100
27 72 54 63 11 2 0 T 0.0 0 2.2 15 220 M M 8 20 210
28 81 55 68 17 0 3 0.00 0.0 0 4.8 16 300 M M 5 20 300
29 67 54 61 10 4 0 T 0.0 0 5.6 10 90 M M 10 1 20 50
30 59 50 55 4 10 0 0.16 0.0 0 7.8 21 320 M M 10 1 29 310
31 51 37 44 -6 21 0 0.00 0.0 0 4.5 15 330 M M 4 22 340
================================================================================
SM 2115 1543 213 35 1.69 0.0 192.1 M 169
================================================================================
AV 68.2 49.8 6.2 FASTST M M 5 MAX(MPH)
MISC ----> # 30 290 42 290
================================================================================
NOTES:
# LAST OF SEVERAL OCCURRENCES
COLUMN 17 PEAK WIND IN M.P.H.
PRELIMINARY LOCAL CLIMATOLOGICAL DATA (WS FORM: F-6) , PAGE 2
STATION: HARRISBURG PA
MONTH: OCTOBER
YEAR: 2023
LATITUDE: 40 11 N
LONGITUDE: 76 46 W
[TEMPERATURE DATA] [PRECIPITATION DATA] SYMBOLS USED IN COLUMN 16
AVERAGE MONTHLY: 59.0 TOTAL FOR MONTH: 1.69 1 = FOG OR MIST
DPTR FM NORMAL: 3.2 DPTR FM NORMAL: -2.12 2 = FOG REDUCING VISIBILITY
HIGHEST: 83 ON 4 GRTST 24HR 1.29 ON 14-15 TO 1/4 MILE OR LESS
LOWEST: 37 ON 31 3 = THUNDER
SNOW, ICE PELLETS, HAIL 4 = ICE PELLETS
TOTAL MONTH: 0.0 INCH 5 = HAIL
GRTST 24HR 0.0 6 = FREEZING RAIN OR DRIZZLE
GRTST DEPTH: 0 7 = DUSTSTORM OR SANDSTORM:
VSBY 1/2 MILE OR LESS
8 = SMOKE OR HAZE
[NO. OF DAYS WITH] [WEATHER - DAYS WITH] 9 = BLOWING SNOW
X = TORNADO
MAX 32 OR BELOW: 0 0.01 INCH OR MORE: 6
MAX 90 OR ABOVE: 0 0.10 INCH OR MORE: 3
MIN 32 OR BELOW: 0 0.50 INCH OR MORE: 1
MIN 0 OR BELOW: 0 1.00 INCH OR MORE: 1
[HDD (BASE 65) ]
TOTAL THIS MO. 213 CLEAR (SCALE 0-3) 7
DPTR FM NORMAL -87 PTCLDY (SCALE 4-7) 17
TOTAL FM JUL 1 253 CLOUDY (SCALE 8-10) 7
DPTR FM NORMAL -96
[CDD (BASE 65) ]
TOTAL THIS MO. 35
DPTR FM NORMAL 19 [PRESSURE DATA]
TOTAL FM JAN 1 1178 HIGHEST SLP 30.40 ON 24
DPTR FM NORMAL 6 LOWEST SLP 29.38 ON 21
[REMARKS]
#FINAL-10-23#