000
CXUS53 KARX 011000
CF6MDZ
PRELIMINARY LOCAL CLIMATOLOGICAL DATA (WS FORM: F-6)
STATION: MEDFORD WI
MONTH: JANUARY
YEAR: 2022
LATITUDE: 45 5 N
LONGITUDE: 90 18 W
TEMPERATURE IN F: :PCPN: SNOW: WIND :SUNSHINE: SKY :PK WND
================================================================================
1 2 3 4 5 6A 6B 7 8 9 10 11 12 13 14 15 16 17 18
12Z AVG MX 2MIN
DY MAX MIN AVG DEP HDD CDD WTR SNW DPTH SPD SPD DIR MIN PSBL S-S WX SPD DR
================================================================================
1 10 -3 4 M 61 0 0.00 0.0 M 7.2 10 350 M M 2 17 350
2 9 -10 0 M 65 0 0.00 0.0 M 3.2 8 240 M M 1 M M
3 15 -8 4 M 61 0 0.00 0.0 M 4.8 9 230 M M 1 M M
4 25 7 16 M 49 0 M M M 5.0 8 120 M M 3 M M
5 24 9 17 M 48 0 M M M 9.2 20 350 M M 10 19 25 350
6 10 -1 5 M 60 0 M M M 9.2 13 330 M M 10 M M
7 9 -15 -3 M 68 0 M M M 5.4 15 160 M M 3 20 160
8 22 9 16 M 49 0 M M M 14.6 22 170 M M 9 28 160
9 22 -7 8 M 57 0 0.00 M M 13.1 18 270 M M 2 32 280
10 1 -15 -7 M 72 0 0.00 M M 8.2 14 290 M M 0 20 290
11 24 -8 8 M 57 0 0.00 M M 8.2 16 160 M M 2 18 140
12 28 20 24 M 41 0 0.00 M M 3.4 10 270 M M 7 M M
13 32 17 25 M 40 0 M M M 7.1 15 330 M M 10 21 30
14 17 7 12 M 53 0 M M M 11.7 21 70 M M 8 24 70
15 11 -9 1 M 64 0 0.00 0.0 M 3.8 8 170 M M 1 M M
16 18 0 9 M 56 0 M M M 7.8 12 210 M M 8 17 200
17 26 18 22 M 43 0 0.00 0.0 M 8.1 16 340 M M 9 22 340
18 34 24 29 M 36 0 0.00 0.0 M 10.6 22 280 M M 9 33 280
19 23 -3 10 M 55 0 0.00 0.0 M 14.0 24 290 M M 6 31 290
20 7 -15 -4 M 69 0 0.00 0.0 M 5.3 9 320 M M 0 M M
21 12 -20 -4 M 69 0 M M M 9.2 18 200 M M 2 25 200
22 19 4 12 M 53 0 M M M 12.4 21 280 M M 8 29 270
23 4 -12 -4 M 69 0 M M M 5.2 8 340 M M 3 M M
24 12 -6 3 M 62 0 M M M 6.2 14 320 M M 6 17 350
25 -1 -17 -9 M 74 0 0.00 0.0 M 6.8 14 280 M M 0 17 290
26 13 -27 -7 M 72 0 0.00 0.0 M 9.4 17 200 M M 2 25 200
27 24 0 12 M 53 0 M M M 9.5 18 320 M M 7 24 320
28 9 -12 -1 M 66 0 0.00 0.0 M 4.0 9 230 M M 6 M M
29 23 -5 9 M 56 0 0.00 0.0 M 4.0 10 170 M M 7 M M
30 23 4 14 M 51 0 0.00 0.0 M 4.9 10 30 M M 8 M M
31 27 3 15 M 50 0 M M M 8.7 15 160 M M 2 22 150
================================================================================
SM 532 -71 1779 0 0.00 0.0 240.2 M 152
================================================================================
AV 17.2 -2.3 7.7 FASTST M M 5 MAX(MPH)
MISC ----> 24 290 33 280
================================================================================
NOTES:
# LAST OF SEVERAL OCCURRENCES
COLUMN 17 PEAK WIND IN M.P.H.
PRELIMINARY LOCAL CLIMATOLOGICAL DATA (WS FORM: F-6) , PAGE 2
STATION: MEDFORD WI
MONTH: JANUARY
YEAR: 2022
LATITUDE: 45 5 N
LONGITUDE: 90 18 W
[TEMPERATURE DATA] [PRECIPITATION DATA] SYMBOLS USED IN COLUMN 16
AVERAGE MONTHLY: 7.4 TOTAL FOR MONTH: 0.00 1 = FOG OR MIST
DPTR FM NORMAL: 0.0 DPTR FM NORMAL: M 2 = FOG REDUCING VISIBILITY
HIGHEST: 34 ON 18 GRTST 24HR 0.44 ON 14-14 TO 1/4 MILE OR LESS
LOWEST: -27 ON 26 3 = THUNDER
SNOW, ICE PELLETS, HAIL 4 = ICE PELLETS
TOTAL MONTH: 0.0 INCH 5 = HAIL
GRTST 24HR 0.0 6 = FREEZING RAIN OR DRIZZLE
GRTST DEPTH: M ON M 7 = DUSTSTORM OR SANDSTORM:
VSBY 1/2 MILE OR LESS
8 = SMOKE OR HAZE
[NO. OF DAYS WITH] [WEATHER - DAYS WITH] 9 = BLOWING SNOW
X = TORNADO
MAX 32 OR BELOW: 30 0.01 INCH OR MORE: 0
MAX 90 OR ABOVE: 0 0.10 INCH OR MORE: 0
MIN 32 OR BELOW: 31 0.50 INCH OR MORE: 0
MIN 0 OR BELOW: 20 1.00 INCH OR MORE: 0
[HDD (BASE 65) ]
TOTAL THIS MO. 1779 CLEAR (SCALE 0-3) 13
DPTR FM NORMAL M PTCLDY (SCALE 4-7) 11
TOTAL FM JUL 1 4841 CLOUDY (SCALE 8-10) 7
DPTR FM NORMAL M
[CDD (BASE 65) ]
TOTAL THIS MO. 0
DPTR FM NORMAL M [PRESSURE DATA]
TOTAL FM JAN 1 0 HIGHEST SLP M ON M
DPTR FM NORMAL M LOWEST SLP M ON M
[REMARKS]
#FINAL-01-22#