000
CXUS54 KMEG 011000
CF6MEG
PRELIMINARY LOCAL CLIMATOLOGICAL DATA (WS FORM: F-6)
STATION: MEMPHIS/GERMANTOWN WFO
MONTH: FEBRUARY
YEAR: 2024
LATITUDE: 35 7 N
LONGITUDE: 89 48 W
TEMPERATURE IN F: :PCPN: SNOW: WIND :SUNSHINE: SKY :PK WND
================================================================================
1 2 3 4 5 6A 6B 7 8 9 10 11 12 13 14 15 16 17 18
12Z AVG MX 2MIN
DY MAX MIN AVG DEP HDD CDD WTR SNW DPTH SPD SPD DIR MIN PSBL S-S WX SPD DR
================================================================================
1 63 30 47 6 18 0 0.00 0.0 0 M M M M M M M M
2 73 40 57 16 8 0 0.00 0.0 0 M M M M M M M M
3 73 42 58 17 7 0 0.10 0.0 0 M M M M M M M M
4 54 45 50 9 15 0 1.31 0.0 0 M M M M M M 1 M M
5 59 40 50 9 15 0 0.00 0.0 0 M M M M M M M M
6 62 31 47 6 18 0 0.00 0.0 0 M M M M M M M M
7 67 34 51 9 14 0 0.00 0.0 0 M M M M M M M M
8 64 52 58 16 7 0 T 0.0 0 M M M M M M M M
9 64 57 61 19 4 0 0.28 0.0 0 M M M M M M 13 M M
10 64 48 56 14 9 0 2.03 0.0 0 M M M M M M 13 M M
11 51 43 47 5 18 0 0.03 0.0 0 M M M M M M 1 M M
12 50 33 42 -1 23 0 0.92 T 0 M M M M M M 3 M M
13 57 31 44 1 21 0 0.00 0.0 0 M M M M M M M M
14 66 34 50 7 15 0 0.00 0.0 0 M M M M M M M M
15 69 41 55 12 10 0 0.00 0.0 0 M M M M M M M M
16 69 33 51 7 14 0 0.03 0.0 0 M M M M M M M M
17 38 26 32 -12 33 0 0.00 0.0 0 M M M M M M M M
18 51 22 37 -7 28 0 0.00 0.0 0 M M M M M M M M
19 61 27 44 0 21 0 0.00 0.0 0 M M M M M M M M
20 68 42 55 10 10 0 0.00 0.0 0 M M M M M M M M
21 74 44 59 14 6 0 0.00 0.0 0 M M M M M M M M
22 68 55 62 17 3 0 0.03 0.0 0 M M M M M M 13 M M
23 67 45 56 11 9 0 0.00 0.0 0 M M M M M M 1 M M
24 58 42 50 4 15 0 0.00 0.0 0 M M M M M M M M
25 75 40 58 12 7 0 0.00 0.0 0 M M M M M M M M
26 74 57 66 20 0 1 0.00 0.0 0 M M M M M M M M
27 78 66 72 26 0 7 0.00 0.0 0 M M M M M M M M
28 74 40 57 10 8 0 0.05 0.0 0 M M M M M M M M
29 53 33 43 -4 22 0 0.01 0.0 0 M M M M M M M M
================================================================================
SM 1844 1173 378 8 4.79 T M M M
================================================================================
AV 63.6 40.4 M FASTST M M M MAX(MPH)
MISC ----> M M M M
================================================================================
NOTES:
# LAST OF SEVERAL OCCURRENCES
COLUMN 17 PEAK WIND IN M.P.H.
PRELIMINARY LOCAL CLIMATOLOGICAL DATA (WS FORM: F-6) , PAGE 2
STATION: MEMPHIS/GERMANTOWN WFO
MONTH: FEBRUARY
YEAR: 2024
LATITUDE: 35 7 N
LONGITUDE: 89 48 W
[TEMPERATURE DATA] [PRECIPITATION DATA] SYMBOLS USED IN COLUMN 16
AVERAGE MONTHLY: 52.0 TOTAL FOR MONTH: 4.79 1 = FOG OR MIST
DPTR FM NORMAL: 8.6 DPTR FM NORMAL: 0.02 2 = FOG REDUCING VISIBILITY
HIGHEST: 78 ON 27 GRTST 24HR 2.03 ON 10-10 TO 1/4 MILE OR LESS
LOWEST: 22 ON 18 3 = THUNDER
SNOW, ICE PELLETS, HAIL 4 = ICE PELLETS
TOTAL MONTH: T 5 = HAIL
GRTST 24HR T ON 12-12 6 = FREEZING RAIN OR DRIZZLE
GRTST DEPTH: 0 7 = DUSTSTORM OR SANDSTORM:
VSBY 1/2 MILE OR LESS
8 = SMOKE OR HAZE
[NO. OF DAYS WITH] [WEATHER - DAYS WITH] 9 = BLOWING SNOW
X = TORNADO
MAX 32 OR BELOW: 0 0.01 INCH OR MORE: 10
MAX 90 OR ABOVE: 0 0.10 INCH OR MORE: 5
MIN 32 OR BELOW: 6 0.50 INCH OR MORE: 3
MIN 0 OR BELOW: 0 1.00 INCH OR MORE: 2
[HDD (BASE 65) ]
TOTAL THIS MO. 378 CLEAR (SCALE 0-3) 0
DPTR FM NORMAL -228 PTCLDY (SCALE 4-7) 0
TOTAL FM JUL 1 2285 CLOUDY (SCALE 8-10) 29
DPTR FM NORMAL -454
[CDD (BASE 65) ]
TOTAL THIS MO. 8
DPTR FM NORMAL 7 [PRESSURE DATA]
TOTAL FM JAN 1 8 HIGHEST SLP M ON M
DPTR FM NORMAL 7 LOWEST SLP M ON M
[REMARKS]
#FINAL-02-24#