000
CXUS56 KPDT 011810
CF6MEH
PRELIMINARY LOCAL CLIMATOLOGICAL DATA (WS FORM: F-6)
STATION: MEACHAM OR
MONTH: OCTOBER
YEAR: 2021
LATITUDE: 45 30 N
LONGITUDE: 118 24 W
TEMPERATURE IN F: :PCPN: SNOW: WIND :SUNSHINE: SKY :PK WND
================================================================================
1 2 3 4 5 6A 6B 7 8 9 10 11 12 13 14 15 16 17 18
12Z AVG MX 2MIN
DY MAX MIN AVG DEP HDD CDD WTR SNW DPTH SPD SPD DIR MIN PSBL S-S WX SPD DR
================================================================================
1 61 33 47 -1 18 0 0.00 M M 1.1 8 40 M M 3 1 14 30
2 70 28 49 2 16 0 0.00 M M 0.8 7 290 M M 0 11 310
3 70 29 50 3 15 0 0.00 M M 0.4 8 40 M M 0 13 20
4 75 32 54 7 11 0 0.00 M M 0.1 5 90 M M 0 10 90
5 75 36 56 10 9 0 0.00 M M 1.2 9 240 M M 2 19 230
6 51 26 39 -7 26 0 0.02 M M 0.6 5 99 M M 5 M M
7 56 20 38 -8 27 0 0.00 M M 0.6 7 20 M M 3 13 360
8 53 26 40 -5 25 0 0.01 M M 0.7 7 280 M M 5 13 350
9 54 22 38 -7 27 0 0.00 M M 0.8 8 290 M M 0 16 280
10 48 34 41 -4 24 0 0.10 M M 1.8 9 280 M M 7 1 21 280
11 42 21 32 -12 33 0 T M M 2.1 6 99 M M 7 M M
12 45 16 31 -13 34 0 0.00 M M 0.6 7 300 M M 2 14 290
13 40 30 35 -9 30 0 0.19 M M 0.7 7 290 M M 9 1 17 290
14 46 31 39 -5 26 0 0.03 M M 0.3 6 280 M M 9 1 10 280
15 64 28 46 3 19 0 0.00 M M 0.2 7 260 M M 1 14 200
16 68 36 52 9 13 0 0.00 M M 0.5 10 100 M M 0 22 80
17 69 45 57 14 8 0 0.00 M M 0.4 8 100 M M 2 15 90
18 53 27 40 -2 25 0 0.00 M M 0.7 8 270 M M 2 14 320
19 63 24 44 2 21 0 0.00 M M 0.9 9 110 M M 0 22 100
20 58 42 50 8 15 0 0.01 M M 0.8 8 180 M M 7 27 190
21 67 36 52 10 13 0 0.00 M M 1.8 13 100 M M 1 28 90
22 62 42 52 11 13 0 0.72 M M 0.3 7 290 M M 10 1 17 270
23 52 39 46 5 19 0 0.01 M M 0.0 5 190 M M 8 1 10 180
24 51 41 46 5 19 0 0.17 M M 3.4 15 90 M M 6 1 37 80
25 52 31 42 2 23 0 0.09 M M 0.3 6 260 M M 4 1 13 300
26 47 32 40 0 25 0 0.18 M M 0.3 5 160 M M 9 1 10 170
27 47 40 44 4 21 0 0.12 M M 1.2 7 230 M M 10 1 15 310
28 65 42 54 14 11 0 T M M 0.4 7 200 M M 7 8 19 260
29 57 35 46 7 19 0 0.45 M M 1.3 7 270 M M 10 12 15 10
30 41 30 36 -3 29 0 0.00 M M 0.7 6 30 M M 9 12 11 30
31 37 30 34 -5 31 0 0.00 M M 0.0 3 90 M M 10 1 7 360
================================================================================
SM 1739 984 645 0 2.10 M 25.0 M 148
================================================================================
AV 56.1 31.7 0.8 FASTST M M 5 MAX(MPH)
MISC ----> 15 90 37 80
================================================================================
NOTES:
# LAST OF SEVERAL OCCURRENCES
COLUMN 17 PEAK WIND IN M.P.H.
PRELIMINARY LOCAL CLIMATOLOGICAL DATA (WS FORM: F-6) , PAGE 2
STATION: MEACHAM OR
MONTH: OCTOBER
YEAR: 2021
LATITUDE: 45 30 N
LONGITUDE: 118 24 W
[TEMPERATURE DATA] [PRECIPITATION DATA] SYMBOLS USED IN COLUMN 16
AVERAGE MONTHLY: 43.9 TOTAL FOR MONTH: 2.10 1 = FOG OR MIST
DPTR FM NORMAL: 0.8 DPTR FM NORMAL: -0.75 2 = FOG REDUCING VISIBILITY
HIGHEST: 75 ON 5, 4 GRTST 24HR 0.73 ON 22-23 TO 1/4 MILE OR LESS
LOWEST: 16 ON 12 3 = THUNDER
SNOW, ICE PELLETS, HAIL 4 = ICE PELLETS
TOTAL MONTH: M 5 = HAIL
GRTST 24HR M ON M 6 = FREEZING RAIN OR DRIZZLE
GRTST DEPTH: M ON M 7 = DUSTSTORM OR SANDSTORM:
VSBY 1/2 MILE OR LESS
8 = SMOKE OR HAZE
[NO. OF DAYS WITH] [WEATHER - DAYS WITH] 9 = BLOWING SNOW
X = TORNADO
MAX 32 OR BELOW: 0 0.01 INCH OR MORE: 13
MAX 90 OR ABOVE: 0 0.10 INCH OR MORE: 7
MIN 32 OR BELOW: 18 0.50 INCH OR MORE: 1
MIN 0 OR BELOW: 0 1.00 INCH OR MORE: 0
[HDD (BASE 65) ]
TOTAL THIS MO. 645 CLEAR (SCALE 0-3) 13
DPTR FM NORMAL -35 PTCLDY (SCALE 4-7) 9
TOTAL FM JUL 1 1223 CLOUDY (SCALE 8-10) 9
DPTR FM NORMAL -206
[CDD (BASE 65) ]
TOTAL THIS MO. 0
DPTR FM NORMAL 0 [PRESSURE DATA]
TOTAL FM JAN 1 193 HIGHEST SLP 30.33 ON 27
DPTR FM NORMAL 154 LOWEST SLP 29.25 ON 24
[REMARKS]
#FINAL-10-21#