000
CXUS54 KMEG 011329
CLMMEM
CLIMATE REPORT
NATIONAL WEATHER SERVICE MEMPHIS TN
729 AM CST MON JAN 01 2024
...................................
...THE MEMPHIS CLIMATE SUMMARY FOR THE MONTH OF DECEMBER 2023...
CLIMATE NORMAL PERIOD 1991 TO 2020
CLIMATE RECORD PERIOD 1872 TO 2023
WEATHER OBSERVED NORMAL DEPART LAST YEAR`S
VALUE DATE(S) VALUE FROM VALUE DATE(S)
NORMAL
................................................................
TEMPERATURE (F)
RECORD
HIGH 81 12/02/1982
LOW -13 12/24/1963
HIGHEST 73 12/09 53 20 72 12/06
LOWEST 29 12/11 35 -6 1 12/23
12/19
AVG. MAXIMUM 58.8 53.4 5.4 52.6
AVG. MINIMUM 39.1 36.2 2.9 37.1
MEAN 49.0 44.8 4.2 44.9
DAYS MAX >= 90 0 0.0 0.0 0
DAYS MAX <= 32 0 0.7 -0.7 2
DAYS MIN <= 32 4 11.5 -7.5 11
DAYS MIN <= 0 0 0.0 0.0 0
PRECIPITATION (INCHES)
RECORD
MAXIMUM 13.81 1982
MINIMUM 0.46 1889
TOTALS 2.60 5.49 -2.89 5.95
DAILY AVG. 0.08 0.18 -0.10 0.19
DAYS >= .01 7 10.2 -3.2 14
DAYS >= .10 5 7.2 -2.2 10
DAYS >= .50 3 3.9 -0.9 5
DAYS >= 1.00 0 1.8 -1.8 2
GREATEST
24 HR. TOTAL 0.98 11/30 TO 12/01
SNOWFALL (INCHES)
RECORDS
TOTAL 14.3 1963
TOTALS 0.0 0.2 -0.2 0.5
SINCE 7/1 0.0 0.3 -0.3 MM
SNOWDEPTH AVG. 0 0
DAYS >= 1.0 0 0.1 -0.1 0
GREATEST
SNOW DEPTH 0 1 12/23
24 HR TOTAL 0.0
DEGREE DAYS
HEATING TOTAL 487 628 -141 619
SINCE 7/1 888 1129 -241 MM
COOLING TOTAL 0 2 -2 2
SINCE 1/1 2426 2313 113 MM
................................................................
WIND (MPH)
AVERAGE WIND SPEED 7.4
HIGHEST WIND SPEED/DIRECTION 23/190 DATE 12/08
23/150 12/16
23/130 12/25
HIGHEST GUST SPEED/DIRECTION 39/240 DATE 12/09
SKY COVER
POSSIBLE SUNSHINE (PERCENT) MM
AVERAGE SKY COVER 0.52
NUMBER OF DAYS FAIR 11
NUMBER OF DAYS PC 10
NUMBER OF DAYS CLOUDY 10
AVERAGE RH (PERCENT) 64
WEATHER CONDITIONS. NUMBER OF DAYS WITH
THUNDERSTORM 1 MIXED PRECIP 0
HEAVY RAIN 4 RAIN 5
LIGHT RAIN 10 FREEZING RAIN 0
LT FREEZING RAIN 0 HAIL 0
HEAVY SNOW 0 SNOW 0
LIGHT SNOW 0 SLEET 0
FOG 8 FOG W/VIS <= 1/4 MILE 2
HAZE 0
- INDICATES NEGATIVE NUMBERS.
R INDICATES RECORD WAS SET OR TIED.
MM INDICATES DATA IS MISSING.
T INDICATES TRACE AMOUNT.
$$