000
CXUS51 KCLE 011539
CF6MFD
PRELIMINARY LOCAL CLIMATOLOGICAL DATA (WS FORM: F-6)
STATION: MANSFIELD OH
MONTH: DECEMBER
YEAR: 2022
LATITUDE: 40 49 N
LONGITUDE: 82 31 W
TEMPERATURE IN F: :PCPN: SNOW: WIND :SUNSHINE: SKY :PK WND
================================================================================
1 2 3 4 5 6A 6B 7 8 9 10 11 12 13 14 15 16 17 18
12Z AVG MX 2MIN
DY MAX MIN AVG DEP HDD CDD WTR SNW DPTH SPD SPD DIR MIN PSBL S-S WX SPD DR
================================================================================
1 34 23 29 -7 36 0 0.00 0.0 0 9.6 24 260 M M 4 32 280
2 54 28 41 5 24 0 T 0.0 0 18.0 37 190 M M 9 48 190
3 54 26 40 5 25 0 0.11 0.0 0 14.9 35 200 M M 8 1 46 200
4 36 18 27 -8 38 0 0.00 0.0 0 9.0 17 220 M M 0 20 210
5 49 27 38 3 27 0 0.00 0.0 0 11.6 21 180 M M 4 26 180
6 48 41 45 11 20 0 0.01 0.0 0 6.2 17 180 M M 10 12 21 180
7 49 42 46 12 19 0 0.05 0.0 0 4.3 12 360 M M 10 12 14 360
8 43 36 40 6 25 0 0.00 0.0 0 5.4 13 40 M M 10 1 17 60
9 45 32 39 5 26 0 0.14 0.0 0 9.2 15 40 M M 7 1 22 60
10 38 33 36 3 29 0 0.00 0.0 0 4.8 12 50 M M 10 1 13 40
11 39 36 38 5 27 0 0.02 0.0 0 4.7 12 320 M M 10 1 14 320
12 36 33 35 2 30 0 T T 0 6.1 12 60 M M 10 18 14 350
13 38 29 34 2 31 0 0.00 0.0 0 7.7 13 100 M M 5 16 60
14 41 30 36 4 29 0 T 0.0 0 12.4 20 100 M M 6 25 110
15 50 35 43 11 22 0 0.30 0.0 0 8.8 21 120 M M 9 1 28 110
16 37 30 34 2 31 0 0.01 0.1 0 8.7 20 260 M M 10 1 28 260
17 30 23 27 -4 38 0 0.05 0.9 1 9.9 20 210 M M 10 18 26 200
18 24 19 22 -9 43 0 0.01 0.2 1 12.9 21 250 M M 9 18 27 240
19 23 19 21 -10 44 0 T T T 5.1 10 260 M M 10 18 17 270
20 37 18 28 -3 37 0 0.00 0.0 T 4.8 13 160 M M 5 15 160
21 37 20 29 -1 36 0 0.00 0.0 0 4.6 9 130 M M 0 18 12 130
22 43 32 38 8 27 0 0.11 T 0 12.7 18 160 M M 8 1 25 240
23 34 -8 13 -17 52 0 0.23 2.9 2 22.2 33 230 M M 10 18 47 230
24 11 -3 4 -26 61 0 T T 2 21.1 31 230 M M 10 8 43 240
25 11 7 9 -21 56 0 0.00 0.0 2 14.8 24 230 M M 8 8 33 230
26 20 8 14 -15 51 0 0.00 0.0 2 8.9 17 180 M M 7 8 19 180
27 30 20 25 -4 40 0 0.00 0.0 1 10.5 24 190 M M 10 18 31 190
28 42 28 35 6 30 0 0.00 0.0 1 17.4 24 190 M M 1 31 200
29 56 40 48 19 17 0 0.00 0.0 0 19.2 32 200 M M 6 42 180
30 62 52 57 29 8 0 T 0.0 0 14.7 25 190 M M 9 33 190
31 55 39 47 19 18 0 0.28 0.0 0 8.0 16 180 M M 10 1 20 190
================================================================================
SM 1206 813 997 0 1.32 4.1 328.2 M 235
================================================================================
AV 38.9 26.2 10.6 FASTST M M 8 MAX(MPH)
MISC ----> 37 190 48 190
================================================================================
NOTES:
# LAST OF SEVERAL OCCURRENCES
COLUMN 17 PEAK WIND IN M.P.H.
PRELIMINARY LOCAL CLIMATOLOGICAL DATA (WS FORM: F-6) , PAGE 2
STATION: MANSFIELD OH
MONTH: DECEMBER
YEAR: 2022
LATITUDE: 40 49 N
LONGITUDE: 82 31 W
[TEMPERATURE DATA] [PRECIPITATION DATA] SYMBOLS USED IN COLUMN 16
AVERAGE MONTHLY: 32.6 TOTAL FOR MONTH: 1.32 1 = FOG OR MIST
DPTR FM NORMAL: 0.8 DPTR FM NORMAL: -1.70 2 = FOG REDUCING VISIBILITY
HIGHEST: 62 ON 30 GRTST 24HR 0.34 ON 22-23 TO 1/4 MILE OR LESS
LOWEST: -8 ON 23 3 = THUNDER
SNOW, ICE PELLETS, HAIL 4 = ICE PELLETS
TOTAL MONTH: 4.1 INCHES 5 = HAIL
GRTST 24HR 2.9 ON 23-23 6 = FREEZING RAIN OR DRIZZLE
GRTST DEPTH: 2 ON 26,25 7 = DUSTSTORM OR SANDSTORM:
VSBY 1/2 MILE OR LESS
8 = SMOKE OR HAZE
[NO. OF DAYS WITH] [WEATHER - DAYS WITH] 9 = BLOWING SNOW
X = TORNADO
MAX 32 OR BELOW: 7 0.01 INCH OR MORE: 12
MAX 90 OR ABOVE: 0 0.10 INCH OR MORE: 6
MIN 32 OR BELOW: 21 0.50 INCH OR MORE: 0
MIN 0 OR BELOW: 2 1.00 INCH OR MORE: 0
[HDD (BASE 65) ]
TOTAL THIS MO. 997 CLEAR (SCALE 0-3) 3
DPTR FM NORMAL -32 PTCLDY (SCALE 4-7) 10
TOTAL FM JUL 1 2134 CLOUDY (SCALE 8-10) 18
DPTR FM NORMAL -103
[CDD (BASE 65) ]
TOTAL THIS MO. 0
DPTR FM NORMAL 0 [PRESSURE DATA]
TOTAL FM JAN 1 811 HIGHEST SLP 30.54 ON 1
DPTR FM NORMAL 61 LOWEST SLP 29.36 ON 23
[REMARKS]
#FINAL-12-22#