000
CXUS54 KBRO 010800
CF6MFE
PRELIMINARY LOCAL CLIMATOLOGICAL DATA (WS FORM: F-6)
STATION: MCALLEN
MONTH: OCTOBER
YEAR: 2022
LATITUDE: 26 10 N
LONGITUDE: 98 14 W
TEMPERATURE IN F: :PCPN: SNOW: WIND :SUNSHINE: SKY :PK WND
================================================================================
1 2 3 4 5 6A 6B 7 8 9 10 11 12 13 14 15 16 17 18
12Z AVG MX 2MIN
DY MAX MIN AVG DEP HDD CDD WTR SNW DPTH SPD SPD DIR MIN PSBL S-S WX SPD DR
================================================================================
1 92 68 80 -2 0 15 0.00 0.0 0 6.9 16 80 M M 0 21 70
2 89 63 76 -6 0 11 0.00 0.0 0 4.0 17 90 M M 2 21 60
3 90 66 78 -4 0 13 0.00 0.0 0 4.8 15 70 M M 0 19 70
4 87 70 79 -3 0 14 T 0.0 0 3.8 16 50 M M 1 21 40
5 91 67 79 -3 0 14 0.00 0.0 0 4.3 16 80 M M 1 22 80
6 90 71 81 -1 0 16 0.00 0.0 0 4.4 15 80 M M 2 23 70
7 83 72 78 -3 0 13 0.03 0.0 0 6.4 17 80 M M 4 22 90
8 90 72 81 0 0 16 0.00 0.0 0 7.3 14 80 M M 2 20 110
9 88 70 79 -2 0 14 T 0.0 0 6.0 17 80 M M 5 24 70
10 92 66 79 -2 0 14 0.00 0.0 0 7.4 16 100 M M 2 24 40
11 91 68 80 0 0 15 0.00 0.0 0 5.5 16 100 M M 2 20 100
12 95 72 84 4 0 19 0.00 0.0 0 5.1 15 100 M M 2 18 100
13 98 73 86 6 0 21 0.00 0.0 0 5.9 17 70 M M 1 1 26 10
14 95 73 84 4 0 19 0.00 0.0 0 7.3 25 140 M M 2 33 140
15 96 70 83 3 0 18 0.00 0.0 0 9.8 20 120 M M 1 29 130
16 97 72 85 6 0 20 0.00 0.0 0 10.4 20 130 M M 2 30 120
17 94 68 81 2 0 16 0.01 0.0 0 12.3 26 50 M M 6 3 36 50
18 70 51 61 -18 4 0 0.22 0.0 0 12.7 30 350 M M 10 1 42 350
19 78 54 66 -12 0 1 0.00 0.0 0 6.1 13 360 M M 1 21 10
20 83 52 68 -10 0 3 0.00 0.0 0 4.7 12 150 M M 0 17 140
21 87 56 72 -6 0 7 0.00 0.0 0 8.7 18 140 M M 0 25 170
22 91 64 78 0 0 13 0.00 0.0 0 13.2 25 130 M M 1 35 130
23 92 71 82 5 0 17 0.00 0.0 0 17.2 30 150 M M 1 40 130
24 94 78 86 9 0 21 0.00 0.0 0 M M M M M 5 M M
25 85 62 74 -3 0 9 0.08 0.0 0 10.4 28 360 M M 4 18 39 350
26 85 60 73 -3 0 8 0.00 0.0 0 6.6 15 80 M M 4 22 70
27 85 67 76 0 0 11 T 0.0 0 9.6 21 140 M M 5 27 130
28 87 62 75 -1 0 10 0.00 0.0 0 11.2 29 340 M M 2 1 38 340
29 83 52 68 -7 0 3 0.00 0.0 0 5.8 17 300 M M 0 26 340
30 86 54 70 -5 0 5 0.00 0.0 0 4.8 14 110 M M 0 18 120
31 80 69 75 0 0 10 0.04 0.0 0 9.9 21 80 M M 10 1 27 80
================================================================================
SM 2744 2033 4 386 0.38 0.0 232.5 M 78
================================================================================
AV 88.5 65.6 7.8 FASTST M M 3 MAX(MPH)
MISC ----> # 30 350 42 350
================================================================================
NOTES:
# LAST OF SEVERAL OCCURRENCES
COLUMN 17 PEAK WIND IN M.P.H.
PRELIMINARY LOCAL CLIMATOLOGICAL DATA (WS FORM: F-6) , PAGE 2
STATION: MCALLEN
MONTH: OCTOBER
YEAR: 2022
LATITUDE: 26 10 N
LONGITUDE: 98 14 W
[TEMPERATURE DATA] [PRECIPITATION DATA] SYMBOLS USED IN COLUMN 16
AVERAGE MONTHLY: 77.0 TOTAL FOR MONTH: 0.38 1 = FOG OR MIST
DPTR FM NORMAL: -2.0 DPTR FM NORMAL: -1.72 2 = FOG REDUCING VISIBILITY
HIGHEST: 98 ON 13 GRTST 24HR 0.23 ON 17-18 TO 1/4 MILE OR LESS
LOWEST: 51 ON 18 3 = THUNDER
SNOW, ICE PELLETS, HAIL 4 = ICE PELLETS
TOTAL MONTH: 0.0 INCH 5 = HAIL
GRTST 24HR 0.0 6 = FREEZING RAIN OR DRIZZLE
GRTST DEPTH: 0 7 = DUSTSTORM OR SANDSTORM:
VSBY 1/2 MILE OR LESS
8 = SMOKE OR HAZE
[NO. OF DAYS WITH] [WEATHER - DAYS WITH] 9 = BLOWING SNOW
X = TORNADO
MAX 32 OR BELOW: 0 0.01 INCH OR MORE: 5
MAX 90 OR ABOVE: 16 0.10 INCH OR MORE: 1
MIN 32 OR BELOW: 0 0.50 INCH OR MORE: 0
MIN 0 OR BELOW: 0 1.00 INCH OR MORE: 0
[HDD (BASE 65) ]
TOTAL THIS MO. 4 CLEAR (SCALE 0-3) 22
DPTR FM NORMAL 0 PTCLDY (SCALE 4-7) 7
TOTAL FM JUL 1 4 CLOUDY (SCALE 8-10) 2
DPTR FM NORMAL 3
[CDD (BASE 65) ]
TOTAL THIS MO. 386
DPTR FM NORMAL -52 [PRESSURE DATA]
TOTAL FM JAN 1 4473 HIGHEST SLP M ON M
DPTR FM NORMAL -207 LOWEST SLP 29.65 ON 24
[REMARKS]
#FINAL-10-22#