000
CXUS53 KGRB 051717
CF6MFI
PRELIMINARY LOCAL CLIMATOLOGICAL DATA (WS FORM: F-6)
STATION: MARSHFIELD WI
MONTH: DECEMBER
YEAR: 2022
LATITUDE: 44 37 N
LONGITUDE: 90 11 W
TEMPERATURE IN F: :PCPN: SNOW: WIND :SUNSHINE: SKY :PK WND
================================================================================
1 2 3 4 5 6A 6B 7 8 9 10 11 12 13 14 15 16 17 18
12Z AVG MX 2MIN
DY MAX MIN AVG DEP HDD CDD WTR SNW DPTH SPD SPD DIR MIN PSBL S-S WX SPD DR
================================================================================
1 30 8 19 -7 46 0 0.00 0.0 0 10.0 17 160 M M 1 26 160
2 43 25 34 8 31 0 T T 0 11.6 24 290 M M 4 1 38 300
3 30 8 19 -6 46 0 0.05 0.3 T 13.8 31 310 M M 2 1 45 310
4 34 7 21 -4 44 0 0.00 0.0 T 9.6 18 250 M M 0 26 260
5 33 20 27 3 38 0 T T T 6.9 14 330 M M 5 17 340
6 30 17 24 0 41 0 0.00 0.0 T 6.0 12 130 M M 7 17 80
7 29 13 21 -3 44 0 0.00 0.0 T 5.5 14 340 M M 7 12 17 340
8 35 12 24 1 41 0 0.00 0.0 T 5.7 12 180 M M 3 17 190
9 33 22 28 5 37 0 T T T 12.7 18 90 M M 9 1 26 90
10 32 29 31 9 34 0 0.05 0.5 T 6.4 15 110 M M 10 1 20 100
11 34 31 33 11 32 0 T T T 4.0 8 100 M M 10 1 11 300
12 33 30 32 10 33 0 0.00 0.0 0 9.2 20 120 M M 10 28 120
13 34 31 33 12 32 0 0.02 0.0 0 17.4 26 110 M M 10 168 41 110
14 33 31 32 11 33 0 0.52 T 0 16.1 26 100 M M 10 16 39 80
15 32 26 29 8 36 0 0.88 6.5 6 13.9 23 180 M M 10 12 30 150
16 26 18 22 2 43 0 0.08 1.4 7 8.8 18 200 M M 10 1 26 200
17 24 14 19 -1 46 0 0.07 1.6 8 10.0 18 280 M M 10 1 26 300
18 18 6 12 -8 53 0 0.01 0.2 7 11.6 20 300 M M 10 1 28 310
19 16 5 11 -8 54 0 0.12 2.1 7 6.3 15 170 M M 10 1 19 160
20 17 -6 6 -13 59 0 T T 7 11.0 17 300 M M 5 18 25 310
21 9 -11 -1 -20 66 0 M M 7 6.2 14 110 M M 7 18 20 110
22 10 -13 -1 -19 66 0 0.25 4.0 11 12.8 21 300 M M 10 18 31 300
23 0 -14 -7 -25 72 0 0.02 0.4 10 21.6 29 300 M M 8 8 42 280
24 5 -3 1 -17 64 0 0.00 0.0 10 23.3 31 300 M M 3 89 45 300
25 4 -7 -1 -19 66 0 0.00 0.0 8 13.3 29 310 M M 1 8 40 310
26 13 3 8 -10 57 0 0.00 0.0 8 8.0 18 330 M M 5 8 21 340
27 20 2 11 -6 54 0 0.00 0.0 8 10.2 20 170 M M 3 25 190
28 36 18 27 10 38 0 0.00 0.0 8 9.4 17 160 M M 0 22 160
29 43 31 37 20 28 0 0.02 0.0 7 5.8 13 230 M M 5 12 17 220
30 41 19 30 13 35 0 0.00 0.0 5 9.4 17 290 M M 10 12 27 260
31 31 17 24 8 41 0 T T 4 5.8 12 130 M M 9 1 14 120
================================================================================
SM 808 389 1410 0 2.09 17.0 322.3 M 204
================================================================================
AV 26.1 12.5 10.4 FASTST M M 7 MAX(MPH)
MISC ----> # 31 310 # 45 310
================================================================================
NOTES:
# LAST OF SEVERAL OCCURRENCES
COLUMN 17 PEAK WIND IN M.P.H.
PRELIMINARY LOCAL CLIMATOLOGICAL DATA (WS FORM: F-6) , PAGE 2
STATION: MARSHFIELD WI
MONTH: DECEMBER
YEAR: 2022
LATITUDE: 44 37 N
LONGITUDE: 90 11 W
[TEMPERATURE DATA] [PRECIPITATION DATA] SYMBOLS USED IN COLUMN 16
AVERAGE MONTHLY: 19.3 TOTAL FOR MONTH: 2.09 1 = FOG OR MIST
DPTR FM NORMAL: -1.3 DPTR FM NORMAL: 1.19 2 = FOG REDUCING VISIBILITY
HIGHEST: 43 ON 29, 2 GRTST 24HR 0.88 ON 15-15 TO 1/4 MILE OR LESS
LOWEST: -14 ON 23 3 = THUNDER
SNOW, ICE PELLETS, HAIL 4 = ICE PELLETS
TOTAL MONTH: 17.0 INCHES 5 = HAIL
GRTST 24HR 6.5 ON 15-15 6 = FREEZING RAIN OR DRIZZLE
GRTST DEPTH: 11 ON 22 7 = DUSTSTORM OR SANDSTORM:
VSBY 1/2 MILE OR LESS
8 = SMOKE OR HAZE
[NO. OF DAYS WITH] [WEATHER - DAYS WITH] 9 = BLOWING SNOW
X = TORNADO
MAX 32 OR BELOW: 19 0.01 INCH OR MORE: 12
MAX 90 OR ABOVE: 0 0.10 INCH OR MORE: 4
MIN 32 OR BELOW: 31 0.50 INCH OR MORE: 2
MIN 0 OR BELOW: 6 1.00 INCH OR MORE: 0
[HDD (BASE 65) ]
TOTAL THIS MO. 1410 CLEAR (SCALE 0-3) 7
DPTR FM NORMAL 35 PTCLDY (SCALE 4-7) 10
TOTAL FM JUL 1 3058 CLOUDY (SCALE 8-10) 14
DPTR FM NORMAL -117
[CDD (BASE 65) ]
TOTAL THIS MO. 0
DPTR FM NORMAL 0 [PRESSURE DATA]
TOTAL FM JAN 1 439 HIGHEST SLP 30.56 ON 21
DPTR FM NORMAL 48 LOWEST SLP 29.35 ON 15
[REMARKS]
#FINAL-12-22#