000
CXUS54 KBMX 011600
CLMMGM
CLIMATE REPORT
NATIONAL WEATHER SERVICE BIRMINGHAM AL
1100 AM CDT FRI SEP 01 2023
...................................
...THE MONTGOMERY CLIMATE SUMMARY FOR THE MONTH OF AUGUST 2023...
CLIMATE NORMAL PERIOD 1991 TO 2020
CLIMATE RECORD PERIOD 1872 TO 2023
WEATHER OBSERVED NORMAL DEPART LAST YEAR`S
VALUE DATE(S) VALUE FROM VALUE DATE(S)
NORMAL
................................................................
TEMPERATURE (F)
RECORD
HIGH 106 08/14/2007
08/12/2007
08/11/2007
LOW 56 08/29/1992
HIGHEST 102 08/26 MM MM 97 08/06
08/27
LOWEST 66 08/17 MM MM 71 08/15
08/28
08/31
AVG. MAXIMUM 96.4 93.6 2.8 90.4
AVG. MINIMUM 73.8 71.4 2.4 73.0
MEAN 85.1 81.7
DAYS MAX >= 90 31 24.5 6.5 22
DAYS MAX <= 32 0 0.0 0.0 0
DAYS MIN <= 32 0 0.0 0.0 0
DAYS MIN <= 0 0 0.0 0.0 0
PRECIPITATION (INCHES)
RECORD
MAXIMUM 15.58 1939
MINIMUM 0.44 1925
TOTALS 3.47 4.02 -0.55 10.24
DAILY AVG. 0.11 0.13 -0.02 0.33
DAYS >= .01 7 9.7 -2.7 17
DAYS >= .10 4 6.2 -2.2 13
DAYS >= .50 2 2.5 -0.5 8
DAYS >= 1.00 1 1.2 -0.2 3
DEGREE DAYS
HEATING TOTAL 0 0 0 0
SINCE 7/1 0 0 0 MM
COOLING TOTAL MM 542 MM 526
SINCE 1/1 2189 1979 210 MM
................................................................
WIND (MPH)
AVERAGE WIND SPEED 4.4
HIGHEST WIND SPEED/DIRECTION 33/080 DATE 08/11
HIGHEST GUST SPEED/DIRECTION 46/340 DATE 08/08
AVERAGE RH (PERCENT) 70
WEATHER CONDITIONS. NUMBER OF DAYS WITH
THUNDERSTORM 14 MIXED PRECIP 0
HEAVY RAIN 3 RAIN 1
LIGHT RAIN 9 FREEZING RAIN 0
LT FREEZING RAIN 0 HAIL 0
HEAVY SNOW 0 SNOW 0
LIGHT SNOW 0 SLEET 0
FOG 10 FOG W/VIS <= 1/4 MILE 1
HAZE 4
- INDICATES NEGATIVE NUMBERS.
R INDICATES RECORD WAS SET OR TIED.
MM INDICATES DATA IS MISSING.
T INDICATES TRACE AMOUNT.
$$