000
CXUS51 KPBZ 141250
CF6MGW
PRELIMINARY LOCAL CLIMATOLOGICAL DATA (WS FORM: F-6)
STATION: MORGANTOWN WV
MONTH: DECEMBER
YEAR: 2021
LATITUDE: 39 39 N
LONGITUDE: 79 55 W
TEMPERATURE IN F: :PCPN: SNOW: WIND :SUNSHINE: SKY :PK WND
================================================================================
1 2 3 4 5 6A 6B 7 8 9 10 11 12 13 14 15 16 17 18
12Z AVG MX 2MIN
DY MAX MIN AVG DEP HDD CDD WTR SNW DPTH SPD SPD DIR MIN PSBL S-S WX SPD DR
================================================================================
1 53 30 42 2 23 0 0.06 M M 4.3 16 210 M M 5 18 24 220
2 60 46 53 13 12 0 0.01 M M 10.4 18 220 M M 8 27 210
3 46 38 42 2 23 0 0.00 M M 2.4 8 300 M M 7 13 290
4 53 34 44 5 21 0 0.00 M M 2.4 9 280 M M 3 14 280
5 61 29 45 6 20 0 0.00 M M 5.8 17 160 M M 4 23 170
6 65 32 49 10 16 0 0.42 M M 8.8 21 270 M M 8 18 35 210
7 32 27 30 -8 35 0 0.00 M M 3.9 12 280 M M 3 17 290
8 33 27 30 -8 35 0 0.04 M M 3.6 10 240 M M 10 18 15 220
9 52 27 40 2 25 0 0.00 M M 3.3 13 150 M M 2 8 18 150
10 59 50 55 17 10 0 0.03 M M 4.1 12 210 M M 8 19 200
11 71 38 55 17 10 0 0.58 M M 11.4 23 210 M M 9 138 37 200
12 45 31 38 1 27 0 0.00 M M 6.3 12 200 M M 2 21 300
13 51 27 39 2 26 0 0.00 M M 3.4 15 220 M M 0 24 220
14 56 28 42 5 23 0 0.00 M M 2.3 15 130 M M 0 21 130
15 65 46 56 20 9 0 0.00 M M 5.8 14 130 M M 4 17 110
16 70 56 63 27 2 0 0.07 M M 8.1 17 210 M M 6 1 30 200
17 57 39 48 12 17 0 0.21 M M 2.3 12 280 M M 5 1 17 290
18 63 40 52 16 13 0 0.11 M M 5.4 15 330 M M 10 1 26 230
19 41 32 37 1 28 0 T M M 6.8 15 350 M M 10 1 19 360
20 45 23 34 -1 31 0 0.00 M M 1.1 7 230 M M 1 12 230
21 45 24 35 0 30 0 0.00 M M 1.7 8 200 M M 0 11 220
22 39 27 33 -2 32 0 0.00 M M 7.4 15 280 M M 4 24 270
23 52 19 36 1 29 0 T M M 4.7 15 210 M M 4 23 220
24 60 51 56 21 9 0 0.00 M M 6.9 15 220 M M 8 23 220
25 61 51 56 22 9 0 1.34 M M 8.2 17 220 M M 10 1 26 210
26 52 35 44 10 21 0 0.00 M M 2.3 8 210 M M 6 12 280
27 62 34 48 14 17 0 0.06 M M 5.5 21 160 M M 7 1 27 160
28 60 42 51 17 14 0 0.04 M M 3.7 20 320 M M 7 1 30 330
29 56 42 49 15 16 0 0.44 M M 3.7 9 130 M M 8 1 12 210
30 59 47 53 19 12 0 0.01 M M 3.0 10 230 M M 9 1 14 220
31 59 45 52 19 13 0 0.02 M M 3.4 10 200 M M 8 1 16 210
================================================================================
SM 1683 1117 608 0 3.44 M 152.4 M 176
================================================================================
AV 54.3 36.0 4.9 FASTST M M 6 MAX(MPH)
MISC ----> 23 210 37 200
================================================================================
NOTES:
# LAST OF SEVERAL OCCURRENCES
COLUMN 17 PEAK WIND IN M.P.H.
PRELIMINARY LOCAL CLIMATOLOGICAL DATA (WS FORM: F-6) , PAGE 2
STATION: MORGANTOWN WV
MONTH: DECEMBER
YEAR: 2021
LATITUDE: 39 39 N
LONGITUDE: 79 55 W
[TEMPERATURE DATA] [PRECIPITATION DATA] SYMBOLS USED IN COLUMN 16
AVERAGE MONTHLY: 45.2 TOTAL FOR MONTH: 3.44 1 = FOG OR MIST
DPTR FM NORMAL: 8.8 DPTR FM NORMAL: 0.24 2 = FOG REDUCING VISIBILITY
HIGHEST: 71 ON 11 GRTST 24HR 1.34 ON 25-25 TO 1/4 MILE OR LESS
LOWEST: 19 ON 23 3 = THUNDER
SNOW, ICE PELLETS, HAIL 4 = ICE PELLETS
TOTAL MONTH: M 5 = HAIL
GRTST 24HR M ON M 6 = FREEZING RAIN OR DRIZZLE
GRTST DEPTH: M ON M 7 = DUSTSTORM OR SANDSTORM:
VSBY 1/2 MILE OR LESS
8 = SMOKE OR HAZE
[NO. OF DAYS WITH] [WEATHER - DAYS WITH] 9 = BLOWING SNOW
X = TORNADO
MAX 32 OR BELOW: 1 0.01 INCH OR MORE: 15
MAX 90 OR ABOVE: 0 0.10 INCH OR MORE: 6
MIN 32 OR BELOW: 14 0.50 INCH OR MORE: 2
MIN 0 OR BELOW: 0 1.00 INCH OR MORE: 1
[HDD (BASE 65) ]
TOTAL THIS MO. 608 CLEAR (SCALE 0-3) 6
DPTR FM NORMAL -277 PTCLDY (SCALE 4-7) 15
TOTAL FM JUL 1 1466 CLOUDY (SCALE 8-10) 10
DPTR FM NORMAL -411
[CDD (BASE 65) ]
TOTAL THIS MO. 0
DPTR FM NORMAL 0 [PRESSURE DATA]
TOTAL FM JAN 1 1160 HIGHEST SLP 30.54 ON 14
DPTR FM NORMAL 231 LOWEST SLP 29.51 ON 11
[REMARKS]
#FINAL-12-21#