000
CXUS51 KPBZ 010730
CF6MGW
PRELIMINARY LOCAL CLIMATOLOGICAL DATA (WS FORM: F-6)
STATION: MORGANTOWN WV
MONTH: MAY
YEAR: 2021
LATITUDE: 39 39 N
LONGITUDE: 79 55 W
TEMPERATURE IN F: :PCPN: SNOW: WIND :SUNSHINE: SKY :PK WND
================================================================================
1 2 3 4 5 6A 6B 7 8 9 10 11 12 13 14 15 16 17 18
12Z AVG MX 2MIN
DY MAX MIN AVG DEP HDD CDD WTR SNW DPTH SPD SPD DIR MIN PSBL S-S WX SPD DR
================================================================================
1 65 33 49 -10 16 0 0.00 M M 4.6 14 220 M M 0 20 230
2 80 57 69 10 0 4 0.00 M M 6.6 15 210 M M 0 25 190
3 75 57 66 6 0 1 0.81 M M 6.0 13 230 M M 9 1 19 280
4 76 63 70 10 0 5 0.32 M M 5.2 18 220 M M 7 13 29 190
5 65 44 55 -5 10 0 0.89 M M 4.4 13 330 M M 10 13 20 330
6 61 37 49 -11 16 0 0.00 M M 2.1 12 350 M M 4 12 16 360
7 54 40 47 -13 18 0 0.17 M M 2.8 13 350 M M 6 18 20 10
8 55 41 48 -13 17 0 0.18 M M 4.9 13 270 M M 7 1 20 280
9 60 41 51 -10 14 0 0.37 M M 4.3 14 210 M M 9 1 22 230
10 60 41 51 -10 14 0 0.00 M M 3.8 12 350 M M 6 17 320
11 59 42 51 -10 14 0 0.00 M M 4.1 12 260 M M 7 18 320
12 62 32 47 -15 18 0 0.00 M M 3.0 15 10 M M 4 19 10
13 67 35 51 -11 14 0 0.00 M M 2.8 15 10 M M 1 18 360
14 69 38 54 -8 11 0 0.00 M M 1.7 10 40 M M 1 17 50
15 73 39 56 -6 9 0 0.00 M M 2.4 10 250 M M 2 13 330
16 69 47 58 -4 7 0 0.00 M M 3.0 9 130 M M 6 13 190
17 76 44 60 -3 5 0 0.00 M M 2.0 8 300 M M 1 12 340
18 81 49 65 2 0 0 0.00 M M 2.4 9 10 M M 0 13 10
19 86 52 69 6 0 4 0.00 M M 2.1 10 110 M M 0 15 160
20 88 57 73 10 0 8 0.00 M M 3.3 14 150 M M 0 21 140
21 88 58 73 9 0 8 0.00 M M 2.3 9 230 M M 0 13 290
22 83 59 71 7 0 6 T M M 3.0 12 290 M M 3 16 270
23 87 66 77 13 0 12 0.11 M M 5.8 15 290 M M 7 8 22 270
24 79 66 73 9 0 8 0.05 M M 3.4 10 200 M M 7 1 14 200
25 89 62 76 11 0 11 0.00 M M 4.1 13 210 M M 2 1 20 210
26 87 65 76 11 0 11 0.02 M M 6.6 22 290 M M 5 38 37 310
27 79 62 71 6 0 6 T M M 3.9 9 360 M M 6 1 14 310
28 72 54 63 -2 2 0 0.77 M M 5.8 15 160 M M 7 1 20 360
29 57 50 54 -12 11 0 0.07 M M 3.7 12 70 M M 10 18 17 70
30 56 48 52 -14 13 0 0.03 M M 4.2 9 40 M M 10 M M
31 71 50 61 -5 4 0 0.00 M M 2.2 8 220 M M 5 11 210
================================================================================
SM 2229 1529 213 84 3.79 M 116.5 M 142
================================================================================
AV 71.9 49.3 3.8 FASTST M M 5 MAX(MPH)
MISC ----> 22 290 37 310
================================================================================
NOTES:
# LAST OF SEVERAL OCCURRENCES
COLUMN 17 PEAK WIND IN M.P.H.
PRELIMINARY LOCAL CLIMATOLOGICAL DATA (WS FORM: F-6) , PAGE 2
STATION: MORGANTOWN WV
MONTH: MAY
YEAR: 2021
LATITUDE: 39 39 N
LONGITUDE: 79 55 W
[TEMPERATURE DATA] [PRECIPITATION DATA] SYMBOLS USED IN COLUMN 16
AVERAGE MONTHLY: 60.6 TOTAL FOR MONTH: 3.79 1 = FOG OR MIST
DPTR FM NORMAL: -2.0 DPTR FM NORMAL: -0.54 2 = FOG REDUCING VISIBILITY
HIGHEST: 89 ON 25 GRTST 24HR 1.18 ON 4- 5 TO 1/4 MILE OR LESS
LOWEST: 32 ON 12 3 = THUNDER
SNOW, ICE PELLETS, HAIL 4 = ICE PELLETS
TOTAL MONTH: M 5 = HAIL
GRTST 24HR M ON M 6 = FREEZING RAIN OR DRIZZLE
GRTST DEPTH: M ON M 7 = DUSTSTORM OR SANDSTORM:
VSBY 1/2 MILE OR LESS
8 = SMOKE OR HAZE
[NO. OF DAYS WITH] [WEATHER - DAYS WITH] 9 = BLOWING SNOW
X = TORNADO
MAX 32 OR BELOW: 0 0.01 INCH OR MORE: 12
MAX 90 OR ABOVE: 0 0.10 INCH OR MORE: 8
MIN 32 OR BELOW: 1 0.50 INCH OR MORE: 3
MIN 0 OR BELOW: 0 1.00 INCH OR MORE: 0
[HDD (BASE 65) ]
TOTAL THIS MO. 213 CLEAR (SCALE 0-3) 12
DPTR FM NORMAL 67 PTCLDY (SCALE 4-7) 14
TOTAL FM JUL 1 4729 CLOUDY (SCALE 8-10) 5
DPTR FM NORMAL -211
[CDD (BASE 65) ]
TOTAL THIS MO. 84
DPTR FM NORMAL 14 [PRESSURE DATA]
TOTAL FM JAN 1 101 HIGHEST SLP 30.50 ON 21
DPTR FM NORMAL 12 LOWEST SLP 29.64 ON 3
[REMARKS]
#FINAL-05-21#