000
CXUS53 KTOP 010810
CF6MHK
PRELIMINARY LOCAL CLIMATOLOGICAL DATA (WS FORM: F-6)
STATION: MANHATTAN KS
MONTH: MAY
YEAR: 2021
LATITUDE: 39 9 N
LONGITUDE: 96 40 W
TEMPERATURE IN F: :PCPN: SNOW: WIND :SUNSHINE: SKY :PK WND
================================================================================
1 2 3 4 5 6A 6B 7 8 9 10 11 12 13 14 15 16 17 18
12Z AVG MX 2MIN
DY MAX MIN AVG DEP HDD CDD WTR SNW DPTH SPD SPD DIR MIN PSBL S-S WX SPD DR
================================================================================
1 84 55 70 11 0 5 0.00 M M 14.2 29 220 M M 0 39 210
2 79 61 70 10 0 5 0.00 M M 11.9 20 170 M M 6 29 180
3 71 59 65 5 0 0 0.03 M M 8.7 20 20 M M 6 1 30 20
4 67 39 53 -7 12 0 0.02 M M 9.6 25 20 M M 3 37 30
5 72 30 51 -10 14 0 0.00 M M 5.8 21 230 M M 2 28 230
6 68 40 54 -7 11 0 0.00 M M 5.9 17 40 M M 0 27 30
7 74 37 56 -5 9 0 T M M 5.7 16 170 M M 5 21 150
8 87 52 70 8 0 5 0.75 M M 13.3 37 260 M M 4 13 65 260
9 52 45 49 -13 16 0 0.08 M M 7.6 31 40 M M 9 13 41 40
10 64 40 52 -10 13 0 0.00 M M 1.4 12 40 M M 4 1 18 10
11 64 50 57 -6 8 0 T M M 4.2 16 60 M M 9 23 80
12 65 41 53 -10 12 0 0.00 M M 3.9 14 60 M M 5 19 100
13 71 35 53 -11 12 0 0.00 M M 3.5 13 160 M M 0 1 23 180
14 75 54 65 1 0 0 0.23 M M 11.1 23 220 M M 7 13 33 200
15 77 58 68 4 0 3 0.04 M M 5.2 14 160 M M 8 18 160
16 68 59 64 -1 1 0 2.67 M M 5.8 15 150 M M 7 13 21 180
17 74 58 66 1 0 1 T M M 5.5 13 40 M M 9 1 17 40
18 80 63 72 6 0 7 0.30 M M 3.4 17 230 M M 9 13 21 240
19 75 64 70 4 0 5 0.05 M M 5.4 15 150 M M 7 1 22 180
20 72 64 68 2 0 3 0.09 M M 6.2 17 170 M M 9 1 24 180
21 83 66 75 8 0 10 0.00 M M 12.4 23 170 M M 6 18 31 160
22 80 64 72 5 0 7 0.11 M M 8.1 21 160 M M 9 18 35 170
23 80 62 71 3 0 6 T M M 7.8 22 170 M M 5 1 30 170
24 79 63 71 3 0 6 0.00 M M 10.3 23 180 M M 7 36 170
25 84 64 74 6 0 9 0.01 M M 6.9 21 190 M M 4 3 31 180
26 89 59 74 5 0 9 0.15 M M 6.9 29 140 M M 4 123 45 150
27 80 53 67 -2 0 2 0.71 M M 8.7 43 140 M M 6 13 58 130
28 63 52 58 -11 7 0 0.00 M M 8.5 17 30 M M 9 28 340
29 64 49 57 -13 8 0 0.00 M M 6.8 14 90 M M 6 19 100
30 63 47 55 -15 10 0 0.02 M M 3.8 13 120 M M 6 17 130
31 65 57 61 -9 4 0 0.54 M M 5.5 12 70 M M 10 1 14 60
================================================================================
SM 2269 1640 137 83 5.80 M 224.0 M 181
================================================================================
AV 73.2 52.9 7.2 FASTST M M 6 MAX(MPH)
MISC ----> 43 140 65 260
================================================================================
NOTES:
# LAST OF SEVERAL OCCURRENCES
COLUMN 17 PEAK WIND IN M.P.H.
PRELIMINARY LOCAL CLIMATOLOGICAL DATA (WS FORM: F-6) , PAGE 2
STATION: MANHATTAN KS
MONTH: MAY
YEAR: 2021
LATITUDE: 39 9 N
LONGITUDE: 96 40 W
[TEMPERATURE DATA] [PRECIPITATION DATA] SYMBOLS USED IN COLUMN 16
AVERAGE MONTHLY: 63.0 TOTAL FOR MONTH: 5.80 1 = FOG OR MIST
DPTR FM NORMAL: -1.8 DPTR FM NORMAL: 1.15 2 = FOG REDUCING VISIBILITY
HIGHEST: 89 ON 26 GRTST 24HR 2.67 ON 16-16 TO 1/4 MILE OR LESS
LOWEST: 30 ON 5 3 = THUNDER
SNOW, ICE PELLETS, HAIL 4 = ICE PELLETS
TOTAL MONTH: M 5 = HAIL
GRTST 24HR M ON M 6 = FREEZING RAIN OR DRIZZLE
GRTST DEPTH: M ON M 7 = DUSTSTORM OR SANDSTORM:
VSBY 1/2 MILE OR LESS
8 = SMOKE OR HAZE
[NO. OF DAYS WITH] [WEATHER - DAYS WITH] 9 = BLOWING SNOW
X = TORNADO
MAX 32 OR BELOW: 0 0.01 INCH OR MORE: 16
MAX 90 OR ABOVE: 0 0.10 INCH OR MORE: 8
MIN 32 OR BELOW: 1 0.50 INCH OR MORE: 4
MIN 0 OR BELOW: 0 1.00 INCH OR MORE: 1
[HDD (BASE 65) ]
TOTAL THIS MO. 137 CLEAR (SCALE 0-3) 5
DPTR FM NORMAL 24 PTCLDY (SCALE 4-7) 18
TOTAL FM JUL 1 4974 CLOUDY (SCALE 8-10) 8
DPTR FM NORMAL -122
[CDD (BASE 65) ]
TOTAL THIS MO. 83
DPTR FM NORMAL -25 [PRESSURE DATA]
TOTAL FM JAN 1 114 HIGHEST SLP M ON M
DPTR FM NORMAL -17 LOWEST SLP 29.43 ON 3
[REMARKS]
#FINAL-05-21#