979
CXUS56 KMFR 011000
CF6MHS
PRELIMINARY LOCAL CLIMATOLOGICAL DATA (WS FORM: F-6)
STATION: MT SHASTA CITY CA
MONTH: SEPTEMBER
YEAR: 2020
LATITUDE: 41 19 N
LONGITUDE: 122 19 W
TEMPERATURE IN F: :PCPN: SNOW: WIND :SUNSHINE: SKY :PK WND
================================================================================
1 2 3 4 5 6A 6B 7 8 9 10 11 12 13 14 15 16 17 18
12Z AVG MX 2MIN
DY MAX MIN AVG DEP HDD CDD WTR SNW DPTH SPD SPD DIR MIN PSBL S-S WX SPD DR
================================================================================
1 92 51 72 8 0 7 0.00 M M 1.2 6 290 M M 0 11 10
2 95 50 73 10 0 8 0.00 M M 0.7 5 90 M M 0 12 150
3 99 52 76 13 0 11 0.00 M M 0.1 5 90 M M 0 8 12 90
4 92 53 73 10 0 8 0.00 M M 0.5 5 80 M M 5 8 10 130
5 96 50 73 10 0 8 0.00 M M 0.6 5 60 M M 6 8 9 140
6 93 54 74 11 0 9 0.00 M M 1.6 7 290 M M 7 8 13 300
7 98 59 79 17 0 14 0.00 M M 4.3 9 290 M M 2 8 19 10
8 83 48 66 4 0 1 0.00 M M 1.7 8 330 M M 6 8 18 310
9 86 42 64 2 1 0 0.00 M M 1.2 6 70 M M 0 8 11 230
10 83 44 64 2 1 0 0.00 M M 2.1 6 100 M M 6 8 11 80
11 85 43 64 2 1 0 0.00 M M 0.1 5 100 M M 10 8 11 140
12 87 43 65 4 0 0 0.00 M M 0.6 5 100 M M 9 8 10 150
13 87 43 65 4 0 0 0.00 M M 0.4 6 120 M M 3 8 11 130
14 84 50 67 6 0 2 0.00 M M 0.6 6 110 M M 7 8 13 140
15 85 45 65 4 0 0 0.00 M M 0.4 6 90 M M 0 8 10 80
16 82 46 64 4 1 0 0.00 M M 0.8 7 90 M M 0 8 14 140
17 81 44 63 3 2 0 0.00 M M 0.6 7 80 M M 2 8 13 70
18 72 50 61 1 4 0 0.00 M M 0.6 7 90 M M 7 8 12 70
19 73 42 58 -2 7 0 0.00 M M 2.6 10 290 M M 0 18 17 300
20 80 41 61 1 4 0 0.00 M M 1.7 9 300 M M 0 15 310
21 78 41 60 1 5 0 0.00 M M 0.6 6 80 M M 1 8 12 140
22 77 44 61 2 4 0 0.00 M M 0.5 7 130 M M 0 18 14 140
23 79 43 61 2 4 0 0.00 M M 1.5 7 100 M M 0 18 17 130
24 74 46 60 1 5 0 0.00 M M 0.5 7 300 M M 3 11 350
25 77 43 60 2 5 0 0.00 M M 0.8 7 310 M M 1 8 12 290
26 73 53 63 5 2 0 0.00 M M 4.7 10 330 M M 0 20 350
27 78 47 63 5 2 0 0.00 M M 2.5 9 300 M M 0 21 10
28 90 39 65 7 0 0 0.00 M M 0.4 5 80 M M 0 10 280
29 86 44 65 8 0 0 0.00 M M 0.9 6 140 M M 4 8 11 140
30 85 45 65 8 0 0 0.00 M M 2.0 8 290 M M 5 8 13 300
================================================================================
SM 2530 1395 48 68 0.00 M 36.8 M 84
================================================================================
AV 84.3 46.5 1.2 FASTST M M 3 MAX(MPH)
MISC ----> # 10 290 # 21 10
================================================================================
NOTES:
# LAST OF SEVERAL OCCURRENCES
COLUMN 17 PEAK WIND IN M.P.H.
PRELIMINARY LOCAL CLIMATOLOGICAL DATA (WS FORM: F-6) , PAGE 2
STATION: MT SHASTA CITY CA
MONTH: SEPTEMBER
YEAR: 2020
LATITUDE: 41 19 N
LONGITUDE: 122 19 W
[TEMPERATURE DATA] [PRECIPITATION DATA] SYMBOLS USED IN COLUMN 16
AVERAGE MONTHLY: 65.4 TOTAL FOR MONTH: 0.00 1 = FOG OR MIST
DPTR FM NORMAL: 4.9 DPTR FM NORMAL: -0.67 2 = FOG REDUCING VISIBILITY
HIGHEST: 99 ON 3 GRTST 24HR 0.00 ON 30-30 TO 1/4 MILE OR LESS
LOWEST: 39 ON 28 3 = THUNDER
SNOW, ICE PELLETS, HAIL 4 = ICE PELLETS
TOTAL MONTH: M 5 = HAIL
GRTST 24HR M ON M 6 = FREEZING RAIN OR DRIZZLE
GRTST DEPTH: M ON M 7 = DUSTSTORM OR SANDSTORM:
VSBY 1/2 MILE OR LESS
8 = SMOKE OR HAZE
[NO. OF DAYS WITH] [WEATHER - DAYS WITH] 9 = BLOWING SNOW
X = TORNADO
MAX 32 OR BELOW: 0 0.01 INCH OR MORE: 0
MAX 90 OR ABOVE: 8 0.10 INCH OR MORE: 0
MIN 32 OR BELOW: 0 0.50 INCH OR MORE: 0
MIN 0 OR BELOW: 0 1.00 INCH OR MORE: 0
[HDD (BASE 65) ]
TOTAL THIS MO. 48 CLEAR (SCALE 0-3) 18
DPTR FM NORMAL -114 PTCLDY (SCALE 4-7) 10
TOTAL FM JUL 1 52 CLOUDY (SCALE 8-10) 2
DPTR FM NORMAL -185
[CDD (BASE 65) ]
TOTAL THIS MO. 68
DPTR FM NORMAL 41 [PRESSURE DATA]
TOTAL FM JAN 1 550 HIGHEST SLP 30.34 ON 27
DPTR FM NORMAL 263 LOWEST SLP 29.73 ON 9
[REMARKS]
#FINAL-09-20#