000
CXUS52 KMFL 011030
CF6MIA
PRELIMINARY LOCAL CLIMATOLOGICAL DATA (WS FORM: F-6)
STATION: MIAMI
MONTH: APRIL
YEAR: 2022
LATITUDE: 25 49 N
LONGITUDE: 80 17 W
TEMPERATURE IN F: :PCPN: SNOW: WIND :SUNSHINE: SKY :PK WND
================================================================================
1 2 3 4 5 6A 6B 7 8 9 10 11 12 13 14 15 16 17 18
12Z AVG MX 2MIN
DY MAX MIN AVG DEP HDD CDD WTR SNW DPTH SPD SPD DIR MIN PSBL S-S WX SPD DR
================================================================================
1 88 77 83 8 0 18 0.00 M M 9.2 17 150 M M 6 31 130
2 87 73 80 5 0 15 0.14 0.0 0 8.2 17 170 M M 6 27 180
3 87 70 79 4 0 14 0.16 0.0 0 5.6 20 150 M M 9 3 30 200
4 83 75 79 4 0 14 0.04 0.0 0 7.8 22 110 M M 7 3 25 120
5 86 76 81 6 0 16 0.00 0.0 0 10.8 20 130 M M 4 28 160
6 90 78 84 9 0 19 0.00 0.0 0 9.9 18 160 M M 3 30 180
7 92 78 85 9 0 20 0.10 0.0 0 10.1 25 230 M M 7 3 32 220
8 82 66 74 -2 0 9 0.00 0.0 0 7.9 16 280 M M 6 24 280
9 82 63 73 -3 0 8 0.00 0.0 0 8.4 20 280 M M 4 28 290
10 79 57 68 -8 0 3 0.00 0.0 0 8.2 18 90 M M 2 24 90
11 80 66 73 -3 0 8 0.00 0.0 0 13.0 21 90 M M 6 27 100
12 83 72 78 2 0 13 0.00 0.0 0 14.9 22 90 M M 7 28 80
13 84 74 79 3 0 14 0.00 0.0 0 13.7 22 100 M M 6 30 100
14 86 75 81 4 0 16 0.00 0.0 0 10.6 18 110 M M 6 28 140
15 83 72 78 1 0 13 2.49 0.0 0 9.0 26 70 M M 8 13 26 70
16 84 74 79 2 0 14 0.00 0.0 0 10.3 17 130 M M 5 22 90
17 86 74 80 3 0 15 0.00 0.0 0 11.4 20 120 M M 5 27 140
18 88 75 82 5 0 17 T 0.0 0 6.9 14 100 M M 7 3 23 100
19 88 73 81 4 0 16 0.00 0.0 0 8.9 16 70 M M 3 23 70
20 83 73 78 1 0 13 0.01 0.0 0 13.1 23 80 M M 6 29 80
21 83 74 79 1 0 14 0.05 0.0 0 14.6 23 80 M M 6 33 80
22 83 71 77 -1 0 12 0.18 0.0 0 15.2 26 80 M M 8 1 33 70
23 85 74 80 2 0 15 0.00 0.0 0 15.0 22 80 M M 7 27 80
24 84 74 79 1 0 14 T 0.0 0 14.8 22 90 M M 6 28 110
25 85 74 80 2 0 15 0.00 0.0 0 13.1 18 100 M M 5 24 100
26 85 74 80 2 0 15 0.00 0.0 0 9.9 16 90 M M 4 21 100
27 85 72 79 1 0 14 0.00 0.0 0 6.7 16 130 M M 5 22 160
28 88 73 81 3 0 16 0.09 0.0 0 6.3 17 130 M M 6 3 23 140
29 84 73 79 1 0 14 0.04 0.0 0 6.4 16 90 M M 7 3 21 130
30 84 70 77 -1 0 12 1.36 0.0 0 7.9 16 90 M M 7 13 26 100
================================================================================
SM 2547 2170 0 416 4.66 0.0 307.8 M 174
================================================================================
AV 84.9 72.3 10.3 FASTST M M 6 MAX(MPH)
MISC ----> # 26 70 # 33 80
================================================================================
NOTES:
# LAST OF SEVERAL OCCURRENCES
COLUMN 17 PEAK WIND IN M.P.H.
PRELIMINARY LOCAL CLIMATOLOGICAL DATA (WS FORM: F-6) , PAGE 2
STATION: MIAMI
MONTH: APRIL
YEAR: 2022
LATITUDE: 25 49 N
LONGITUDE: 80 17 W
[TEMPERATURE DATA] [PRECIPITATION DATA] SYMBOLS USED IN COLUMN 16
AVERAGE MONTHLY: 78.6 TOTAL FOR MONTH: 4.66 1 = FOG OR MIST
DPTR FM NORMAL: 1.9 DPTR FM NORMAL: 1.30 2 = FOG REDUCING VISIBILITY
HIGHEST: 92 ON 7 GRTST 24HR 2.49 ON 15-15 TO 1/4 MILE OR LESS
LOWEST: 57 ON 10 3 = THUNDER
SNOW, ICE PELLETS, HAIL 4 = ICE PELLETS
TOTAL MONTH: 0.0 INCH 5 = HAIL
GRTST 24HR 0.0 6 = FREEZING RAIN OR DRIZZLE
GRTST DEPTH: 0 7 = DUSTSTORM OR SANDSTORM:
VSBY 1/2 MILE OR LESS
8 = SMOKE OR HAZE
[NO. OF DAYS WITH] [WEATHER - DAYS WITH] 9 = BLOWING SNOW
X = TORNADO
MAX 32 OR BELOW: 0 0.01 INCH OR MORE: 11
MAX 90 OR ABOVE: 2 0.10 INCH OR MORE: 6
MIN 32 OR BELOW: 0 0.50 INCH OR MORE: 2
MIN 0 OR BELOW: 0 1.00 INCH OR MORE: 2
[HDD (BASE 65) ]
TOTAL THIS MO. 0 CLEAR (SCALE 0-3) 3
DPTR FM NORMAL 0 PTCLDY (SCALE 4-7) 25
TOTAL FM JUL 1 54 CLOUDY (SCALE 8-10) 2
DPTR FM NORMAL -49
[CDD (BASE 65) ]
TOTAL THIS MO. 416
DPTR FM NORMAL 64 [PRESSURE DATA]
TOTAL FM JAN 1 1185 HIGHEST SLP 30.23 ON 21
DPTR FM NORMAL 235 LOWEST SLP 29.85 ON 7
[REMARKS]
#FINAL-04-22#