000
CXUS52 KMFL 011342
CF6MIA
PRELIMINARY LOCAL CLIMATOLOGICAL DATA (WS FORM: F-6)
STATION: MIAMI
MONTH: NOVEMBER
YEAR: 2020
LATITUDE: 25 49 N
LONGITUDE: 80 17 W
TEMPERATURE IN F: :PCPN: SNOW: WIND :SUNSHINE: SKY :PK WND
================================================================================
1 2 3 4 5 6A 6B 7 8 9 10 11 12 13 14 15 16 17 18
12Z AVG MX 2MIN
DY MAX MIN AVG DEP HDD CDD WTR SNW DPTH SPD SPD DIR MIN PSBL S-S WX SPD DR
================================================================================
1 87 78 83 6 0 18 0.06 0.0 0 7.4 16 80 M M 5 19 80
2 80 74 77 0 0 12 0.00 0.0 0 11.5 24 20 M M 7 42 360
3 80 72 76 -1 0 11 0.00 0.0 0 14.6 26 80 M M 6 33 70
4 82 74 78 1 0 13 T 0.0 0 14.7 25 60 M M 7 35 50
5 85 75 80 4 0 15 0.68 0.0 0 12.7 28 90 M M 8 1 35 70
6 84 75 80 4 0 15 0.11 0.0 0 11.9 25 110 M M 9 1 33 110
7 83 72 78 2 0 13 0.57 0.0 0 14.1 30 100 M M 10 1 37 100
8 78 74 76 0 0 11 2.83 0.0 0 18.6 40 90 M M 8 128 50 90
9 84 74 79 3 0 14 2.57 0.0 0 19.0 35 90 M M 9 123 44 100
10 84 75 80 4 0 15 0.04 0.0 0 15.5 29 130 M M 8 1 44 170
11 83 74 79 3 0 14 0.22 0.0 0 13.8 23 140 M M 10 1 32 140
12 82 75 79 4 0 14 1.32 0.0 0 5.8 17 160 M M 8 1 26 140
13 86 73 80 5 0 15 T 0.0 0 2.9 12 90 M M 8 14 90
14 86 75 81 6 0 16 0.06 0.0 0 6.8 14 110 M M 6 1 20 120
15 85 74 80 5 0 15 0.03 0.0 0 6.3 13 120 M M 3 1 19 120
16 86 70 78 3 0 13 0.00 0.0 0 5.0 14 90 M M 3 25 80
17 84 73 79 4 0 14 0.00 0.0 0 9.0 20 50 M M 6 28 20
18 80 68 74 0 0 9 T 0.0 0 13.1 24 50 M M 6 34 70
19 81 72 77 3 0 12 T 0.0 0 14.6 24 80 M M 6 34 70
20 81 71 76 2 0 11 0.16 0.0 0 11.4 23 80 M M 7 1 31 90
21 82 72 77 3 0 12 0.44 0.0 0 8.2 18 70 M M 7 1 26 70
22 82 72 77 3 0 12 0.27 0.0 0 4.9 15 120 M M 5 13 20 110
23 80 70 75 1 0 10 0.00 0.0 0 6.8 15 320 M M 3 20 320
24 82 68 75 1 0 10 0.00 0.0 0 9.7 20 80 M M 5 24 80
25 81 72 77 3 0 12 0.03 0.0 0 13.2 22 90 M M 6 1 25 110
26 83 69 76 3 0 11 0.00 0.0 0 6.6 16 120 M M 2 22 70
27 81 70 76 3 0 11 0.06 0.0 0 4.0 17 90 M M 6 1 19 100
28 81 70 76 3 0 11 0.04 0.0 0 2.3 9 20 M M 7 1 12 30
29 83 68 76 3 0 11 0.00 0.0 0 5.2 13 130 M M 4 18 140
30 84 68 76 3 0 11 0.11 0.0 0 9.2 20 220 M M 6 13 26 230
================================================================================
SM 2480 2167 0 381 9.60 0.0 298.8 M 191
================================================================================
AV 82.7 72.2 10.0 FASTST M M 6 MAX(MPH)
MISC ----> # 40 90 # 50 90
================================================================================
NOTES:
# LAST OF SEVERAL OCCURRENCES
COLUMN 17 PEAK WIND IN M.P.H.
PRELIMINARY LOCAL CLIMATOLOGICAL DATA (WS FORM: F-6) , PAGE 2
STATION: MIAMI
MONTH: NOVEMBER
YEAR: 2020
LATITUDE: 25 49 N
LONGITUDE: 80 17 W
[TEMPERATURE DATA] [PRECIPITATION DATA] SYMBOLS USED IN COLUMN 16
AVERAGE MONTHLY: 77.5 TOTAL FOR MONTH: 9.60 1 = FOG OR MIST
DPTR FM NORMAL: 2.5 DPTR FM NORMAL: 6.33 2 = FOG REDUCING VISIBILITY
HIGHEST: 87 ON 1 GRTST 24HR 2.83 ON 8- 8 TO 1/4 MILE OR LESS
LOWEST: 68 ON 30,29 3 = THUNDER
SNOW, ICE PELLETS, HAIL 4 = ICE PELLETS
TOTAL MONTH: 0.0 INCH 5 = HAIL
GRTST 24HR 0.0 6 = FREEZING RAIN OR DRIZZLE
GRTST DEPTH: 0 7 = DUSTSTORM OR SANDSTORM:
VSBY 1/2 MILE OR LESS
8 = SMOKE OR HAZE
[NO. OF DAYS WITH] [WEATHER - DAYS WITH] 9 = BLOWING SNOW
X = TORNADO
MAX 32 OR BELOW: 0 0.01 INCH OR MORE: 18
MAX 90 OR ABOVE: 0 0.10 INCH OR MORE: 11
MIN 32 OR BELOW: 0 0.50 INCH OR MORE: 5
MIN 0 OR BELOW: 0 1.00 INCH OR MORE: 3
[HDD (BASE 65) ]
TOTAL THIS MO. 0 CLEAR (SCALE 0-3) 2
DPTR FM NORMAL -3 PTCLDY (SCALE 4-7) 22
TOTAL FM JUL 1 0 CLOUDY (SCALE 8-10) 6
DPTR FM NORMAL -3
[CDD (BASE 65) ]
TOTAL THIS MO. 381
DPTR FM NORMAL 81 [PRESSURE DATA]
TOTAL FM JAN 1 5209 HIGHEST SLP 30.28 ON 19
DPTR FM NORMAL 837 LOWEST SLP 29.61 ON 8
[REMARKS]
#FINAL-11-20#