000
CXUS53 KIND 010600
CF6MIE
PRELIMINARY LOCAL CLIMATOLOGICAL DATA (WS FORM: F-6)
STATION: MUNCIE IN
MONTH: SEPTEMBER
YEAR: 2020
LATITUDE: 40 13 N
LONGITUDE: 85 23 W
TEMPERATURE IN F: :PCPN: SNOW: WIND :SUNSHINE: SKY :PK WND
================================================================================
1 2 3 4 5 6A 6B 7 8 9 10 11 12 13 14 15 16 17 18
12Z AVG MX 2MIN
DY MAX MIN AVG DEP HDD CDD WTR SNW DPTH SPD SPD DIR MIN PSBL S-S WX SPD DR
================================================================================
1 83 68 76 5 0 11 T M M 4.8 13 190 M M 5 128 19 180
2 79 69 74 4 0 9 0.02 M M 6.8 16 270 M M 7 1 22 270
3 86 63 75 5 0 10 0.00 M M 7.2 18 260 M M 3 12 29 280
4 79 55 67 -3 0 2 0.00 M M 4.8 17 320 M M 0 25 310
5 84 56 70 0 0 5 0.00 M M 8.1 23 250 M M 0 31 260
6 83 52 68 -1 0 3 0.00 M M 7.4 18 190 M M 0 1 29 230
7 83 71 77 8 0 12 1.29 M M 8.7 20 220 M M 8 13 34 220
8 90 71 81 12 0 16 T M M 7.6 15 140 M M 3 13 23 140
9 89 64 77 9 0 12 0.00 M M 3.2 12 120 M M 3 128 16 120
10 75 66 71 3 0 6 0.00 M M 7.0 13 50 M M 10 128 17 50
11 79 63 71 3 0 6 0.00 M M 9.9 15 110 M M 8 18 20 140
12 87 67 77 10 0 12 0.00 M M 6.5 14 120 M M 5 18 120
13 81 60 71 4 0 6 0.03 M M 6.7 17 330 M M 4 1 24 320
14 77 53 65 -1 0 0 0.00 M M 7.0 15 60 M M 0 20 70
15 77 49 63 -3 2 0 0.00 M M 3.0 12 120 M M 0 16 130
16 82 47 65 -1 0 0 0.00 M M 2.3 8 250 M M 0 12 250
17 75 53 64 -1 1 0 0.00 M M 6.9 18 50 M M 3 24 50
18 68 44 56 -9 9 0 0.00 M M 9.3 21 60 M M 0 31 30
19 70 37 54 -10 11 0 0.00 M M 5.6 14 100 M M 0 19 80
20 76 42 59 -5 6 0 0.00 M M 6.9 20 80 M M 0 27 110
21 77 40 59 -4 6 0 0.00 M M 4.3 12 160 M M 0 20 110
22 80 46 63 0 2 0 0.00 M M 2.1 9 270 M M 0 15 270
23 80 52 66 4 0 1 0.00 M M 4.4 13 270 M M 0 16 270
24 81 55 68 6 0 3 0.00 M M 3.1 12 270 M M 0 17 270
25 80 50 65 3 0 0 0.00 M M 5.2 13 140 M M 2 18 19 140
26 81 61 71 10 0 6 0.00 M M 9.6 18 220 M M 2 30 170
27 84 64 74 13 0 9 0.00 M M 9.3 18 240 M M 2 29 220
28 70 53 62 2 3 0 0.09 M M 6.4 15 300 M M 7 18 21 310
29 68 47 58 -2 7 0 T M M 6.0 14 300 M M 4 21 300
30 66 50 58 -1 7 0 0.02 M M 9.8 22 280 M M 4 36 270
================================================================================
SM 2370 1668 54 129 1.45 M 189.9 M 80
================================================================================
AV 79.0 55.6 6.3 FASTST M M 3 MAX(MPH)
MISC ----> 23 250 36 270
================================================================================
NOTES:
# LAST OF SEVERAL OCCURRENCES
COLUMN 17 PEAK WIND IN M.P.H.
PRELIMINARY LOCAL CLIMATOLOGICAL DATA (WS FORM: F-6) , PAGE 2
STATION: MUNCIE IN
MONTH: SEPTEMBER
YEAR: 2020
LATITUDE: 40 13 N
LONGITUDE: 85 23 W
[TEMPERATURE DATA] [PRECIPITATION DATA] SYMBOLS USED IN COLUMN 16
AVERAGE MONTHLY: 67.3 TOTAL FOR MONTH: 1.45 1 = FOG OR MIST
DPTR FM NORMAL: 1.8 DPTR FM NORMAL: -1.51 2 = FOG REDUCING VISIBILITY
HIGHEST: 90 ON 8 GRTST 24HR 1.29 ON 7- 7 TO 1/4 MILE OR LESS
LOWEST: 37 ON 19 3 = THUNDER
SNOW, ICE PELLETS, HAIL 4 = ICE PELLETS
TOTAL MONTH: M 5 = HAIL
GRTST 24HR M ON M 6 = FREEZING RAIN OR DRIZZLE
GRTST DEPTH: M ON M 7 = DUSTSTORM OR SANDSTORM:
VSBY 1/2 MILE OR LESS
8 = SMOKE OR HAZE
[NO. OF DAYS WITH] [WEATHER - DAYS WITH] 9 = BLOWING SNOW
X = TORNADO
MAX 32 OR BELOW: 0 0.01 INCH OR MORE: 5
MAX 90 OR ABOVE: 1 0.10 INCH OR MORE: 1
MIN 32 OR BELOW: 0 0.50 INCH OR MORE: 1
MIN 0 OR BELOW: 0 1.00 INCH OR MORE: 1
[HDD (BASE 65) ]
TOTAL THIS MO. 54 CLEAR (SCALE 0-3) 20
DPTR FM NORMAL -37 PTCLDY (SCALE 4-7) 9
TOTAL FM JUL 1 55 CLOUDY (SCALE 8-10) 1
DPTR FM NORMAL -47
[CDD (BASE 65) ]
TOTAL THIS MO. 129
DPTR FM NORMAL 24 [PRESSURE DATA]
TOTAL FM JAN 1 1193 HIGHEST SLP M ON M
DPTR FM NORMAL 254 LOWEST SLP 29.66 ON 30
[REMARKS]
#FINAL-09-20#