000
CXUS53 KEAX 010736
CF6MKC
PRELIMINARY LOCAL CLIMATOLOGICAL DATA (WS FORM: F-6)
STATION: DOWNTOWN KANSAS CITY MO
MONTH: SEPTEMBER
YEAR: 2023
LATITUDE: 39 7 N
LONGITUDE: 94 36 W
TEMPERATURE IN F: :PCPN: SNOW: WIND :SUNSHINE: SKY :PK WND
================================================================================
1 2 3 4 5 6A 6B 7 8 9 10 11 12 13 14 15 16 17 18
12Z AVG MX 2MIN
DY MAX MIN AVG DEP HDD CDD WTR SNW DPTH SPD SPD DIR MIN PSBL S-S WX SPD DR
================================================================================
1 90 64 77 1 0 12 0.00 M M 6.4 15 150 M M 0 21 150
2 95 65 80 5 0 15 0.00 M M 6.6 13 200 M M 0 20 200
3 96 69 83 8 0 18 0.00 M M 8.7 17 170 M M 0 23 200
4 98 75 87 12 0 22 0.00 M M 12.0 22 200 M M 0 31 190
5 99 69 84 10 0 19 T M M 13.8 24 240 M M 1 3 36 220
6 79 64 72 -2 0 7 0.00 M M 7.8 18 280 M M 2 8 29 300
7 85 59 72 -2 0 7 0.00 M M 4.6 12 70 M M 1 18 18 70
8 84 65 75 1 0 10 0.00 M M 5.1 13 50 M M 2 8 22 20
9 86 61 74 1 0 9 0.00 M M 3.9 12 90 M M 0 16 80
10 88 64 76 3 0 11 T M M 5.1 15 160 M M 1 20 170
11 76 62 69 -3 0 4 0.11 M M 4.5 10 10 M M 8 1 15 360
12 80 56 68 -4 0 3 0.00 M M 2.5 10 40 M M 1 12 14 50
13 83 55 69 -3 0 4 0.00 M M 3.4 12 140 M M 0 18 60
14 83 55 69 -2 0 4 0.00 M M 5.2 17 150 M M 0 26 160
15 84 60 72 1 0 7 0.03 M M 4.6 14 340 M M 3 18 330
16 80 59 70 -1 0 5 0.04 M M 4.7 16 310 M M 6 3 22 310
17 78 55 67 -3 0 2 0.00 M M 4.4 15 360 M M 0 8 22 360
18 88 54 71 1 0 6 0.00 M M 6.7 16 170 M M 0 8 22 180
19 85 67 76 6 0 11 0.00 M M 10.5 24 200 M M 0 8 32 210
20 84 65 75 6 0 10 0.00 M M 7.2 14 90 M M 2 20 120
21 85 63 74 5 0 9 0.01 M M 7.6 23 170 M M 3 3 30 160
22 79 65 72 4 0 7 0.64 M M 6.3 14 340 M M 6 13 22 310
23 79 69 74 6 0 9 M M M 6.5 21 170 M M 5 13 30 160
24 84 65 75 7 0 10 0.00 M M 3.9 12 350 M M 1 18 310
25 85 59 72 5 0 7 0.00 M M 3.5 14 250 M M 0 19 270
26 84 59 72 5 0 7 0.00 M M 3.4 10 10 M M 3 1 13 10
27 81 60 71 5 0 6 0.00 M M 3.6 8 20 M M 1 14 20
28 89 63 76 10 0 11 0.00 M M 5.8 13 170 M M 0 20 170
29 92 69 81 15 0 16 0.00 M M 8.2 20 160 M M 0 29 130
30 92 70 81 16 0 16 0.00 M M 7.4 17 170 M M 0 24 170
================================================================================
SM 2571 1885 0 284 0.83 M 183.9 M 46
================================================================================
AV 85.7 62.8 6.1 FASTST M M 2 MAX(MPH)
MISC ----> # 24 240 36 220
================================================================================
NOTES:
# LAST OF SEVERAL OCCURRENCES
COLUMN 17 PEAK WIND IN M.P.H.
PRELIMINARY LOCAL CLIMATOLOGICAL DATA (WS FORM: F-6) , PAGE 2
STATION: DOWNTOWN KANSAS CITY MO
MONTH: SEPTEMBER
YEAR: 2023
LATITUDE: 39 7 N
LONGITUDE: 94 36 W
[TEMPERATURE DATA] [PRECIPITATION DATA] SYMBOLS USED IN COLUMN 16
AVERAGE MONTHLY: 74.3 TOTAL FOR MONTH: 0.83 1 = FOG OR MIST
DPTR FM NORMAL: 3.6 DPTR FM NORMAL: -2.95 2 = FOG REDUCING VISIBILITY
HIGHEST: 99 ON 5 GRTST 24HR 0.65 ON 21-22 TO 1/4 MILE OR LESS
LOWEST: 54 ON 18 3 = THUNDER
SNOW, ICE PELLETS, HAIL 4 = ICE PELLETS
TOTAL MONTH: M 5 = HAIL
GRTST 24HR M ON M 6 = FREEZING RAIN OR DRIZZLE
GRTST DEPTH: M ON M 7 = DUSTSTORM OR SANDSTORM:
VSBY 1/2 MILE OR LESS
8 = SMOKE OR HAZE
[NO. OF DAYS WITH] [WEATHER - DAYS WITH] 9 = BLOWING SNOW
X = TORNADO
MAX 32 OR BELOW: 0 0.01 INCH OR MORE: 5
MAX 90 OR ABOVE: 7 0.10 INCH OR MORE: 2
MIN 32 OR BELOW: 0 0.50 INCH OR MORE: 1
MIN 0 OR BELOW: 0 1.00 INCH OR MORE: 0
[HDD (BASE 65) ]
TOTAL THIS MO. 0 CLEAR (SCALE 0-3) 26
DPTR FM NORMAL -35 PTCLDY (SCALE 4-7) 4
TOTAL FM JUL 1 0 CLOUDY (SCALE 8-10) 0
DPTR FM NORMAL -34
[CDD (BASE 65) ]
TOTAL THIS MO. 284
DPTR FM NORMAL 78 [PRESSURE DATA]
TOTAL FM JAN 1 1799 HIGHEST SLP M ON M
DPTR FM NORMAL 137 LOWEST SLP 29.65 ON 4
[REMARKS]
#FINAL-09-23#