000
CXUS53 KMKX 011632
CF6MKE
PRELIMINARY LOCAL CLIMATOLOGICAL DATA (WS FORM: F-6)
STATION: MILWAUKEE WI
MONTH: MARCH
YEAR: 2020
LATITUDE: 42 57 N
LONGITUDE: 87 54 W
TEMPERATURE IN F: :PCPN: SNOW: WIND :SUNSHINE: SKY :PK WND
================================================================================
1 2 3 4 5 6A 6B 7 8 9 10 11 12 13 14 15 16 17 18
12Z AVG MX 2MIN
DY MAX MIN AVG DEP HDD CDD WTR SNW DPTH SPD SPD DIR MIN PSBL S-S WX SPD DR
================================================================================
1 58 28 43 13 22 0 0.00 0.0 0 12.2 25 210 M M 7 35 200
2 44 32 38 8 27 0 0.00 0.0 0 8.5 15 230 M M 4 22 310
3 45 31 38 7 27 0 0.01 T 0 10.7 22 270 M M 6 1 38 250
4 45 29 37 6 28 0 0.00 0.0 0 8.1 17 310 M M 3 24 290
5 50 29 40 9 25 0 T T 0 14.8 31 260 M M 7 43 210
6 38 23 31 -1 34 0 T T 0 13.0 28 330 M M 6 41 330
7 52 23 38 6 27 0 0.00 0.0 0 11.5 22 210 M M 3 33 210
8 65 39 52 20 13 0 0.00 0.0 0 16.3 29 220 M M 5 40 220
9 56 36 46 13 19 0 0.93 0.0 0 14.1 26 210 M M 10 1 40 230
10 40 33 37 4 28 0 T 0.0 0 8.9 23 10 M M 7 33 10
11 46 34 40 7 25 0 0.05 0.0 0 6.9 12 230 M M 6 18 15 220
12 55 36 46 12 19 0 0.06 0.0 0 13.0 26 290 M M 8 18 45 310
13 49 35 42 8 23 0 0.00 0.0 0 14.7 26 270 M M 4 39 270
14 37 32 35 1 30 0 T T 0 12.2 18 40 M M 10 27 20
15 39 31 35 0 30 0 0.00 0.0 0 10.6 18 30 M M 6 24 30
16 42 29 36 1 29 0 T 0.0 0 8.0 14 240 M M 8 19 250
17 47 33 40 5 25 0 0.00 0.0 0 9.8 20 300 M M 6 28 300
18 40 37 39 3 26 0 0.02 0.0 0 6.7 13 130 M M 10 1 17 50
19 49 38 44 8 21 0 0.65 0.0 0 10.0 21 140 M M 10 1238 26 130
20 44 29 37 1 28 0 0.30 T 0 13.8 23 340 M M 9 18 39 340
21 32 24 28 -9 37 0 T T 0 8.9 20 30 M M 5 25 30
22 36 29 33 -4 32 0 0.09 0.9 0 10.2 21 130 M M 10 1 26 140
23 43 30 37 0 28 0 0.01 0.2 1 5.1 15 140 M M 10 18 19 250
24 45 32 39 1 26 0 0.00 0.0 0 4.8 13 130 M M 8 18 18 130
25 60 30 45 7 20 0 0.00 0.0 0 8.3 20 220 M M 6 18 28 220
26 50 35 43 5 22 0 T 0.0 0 10.1 18 20 M M 10 128 25 10
27 42 35 39 0 26 0 0.52 0.0 0 8.5 18 60 M M 10 18 24 60
28 54 40 47 8 18 0 1.03 0.0 0 11.5 26 140 M M 10 123 35 140
29 53 40 47 8 18 0 T 0.0 0 17.2 30 240 M M 9 18 43 220
30 49 36 43 3 22 0 0.00 0.0 0 11.2 21 300 M M 10 30 290
31 39 36 38 -2 27 0 T 0.0 0 13.3 21 20 M M 10 1 30 10
================================================================================
SM 1444 1004 782 0 3.67 1.1 332.9 M 233
================================================================================
AV 46.6 32.4 10.7 FASTST M M 8 MAX(MPH)
MISC ----> # 31 260 # 45 310
================================================================================
NOTES:
# LAST OF SEVERAL OCCURRENCES
COLUMN 17 PEAK WIND IN M.P.H.
PRELIMINARY LOCAL CLIMATOLOGICAL DATA (WS FORM: F-6) , PAGE 2
STATION: MILWAUKEE WI
MONTH: MARCH
YEAR: 2020
LATITUDE: 42 57 N
LONGITUDE: 87 54 W
[TEMPERATURE DATA] [PRECIPITATION DATA] SYMBOLS USED IN COLUMN 16
AVERAGE MONTHLY: 39.5 TOTAL FOR MONTH: 3.67 1 = FOG OR MIST
DPTR FM NORMAL: 4.5 DPTR FM NORMAL: 1.40 2 = FOG REDUCING VISIBILITY
HIGHEST: 65 ON 8 GRTST 24HR 1.03 ON 28-28 TO 1/4 MILE OR LESS
LOWEST: 23 ON 7, 6 3 = THUNDER
SNOW, ICE PELLETS, HAIL 4 = ICE PELLETS
TOTAL MONTH: 1.1 INCHES 5 = HAIL
GRTST 24HR 0.9 ON 22-22 6 = FREEZING RAIN OR DRIZZLE
GRTST DEPTH: 1 ON 23 7 = DUSTSTORM OR SANDSTORM:
VSBY 1/2 MILE OR LESS
8 = SMOKE OR HAZE
[NO. OF DAYS WITH] [WEATHER - DAYS WITH] 9 = BLOWING SNOW
X = TORNADO
MAX 32 OR BELOW: 1 0.01 INCH OR MORE: 11
MAX 90 OR ABOVE: 0 0.10 INCH OR MORE: 5
MIN 32 OR BELOW: 16 0.50 INCH OR MORE: 4
MIN 0 OR BELOW: 0 1.00 INCH OR MORE: 1
[HDD (BASE 65) ]
TOTAL THIS MO. 782 CLEAR (SCALE 0-3) 2
DPTR FM NORMAL -147 PTCLDY (SCALE 4-7) 16
TOTAL FM JUL 1 5304 CLOUDY (SCALE 8-10) 13
DPTR FM NORMAL -605
[CDD (BASE 65) ]
TOTAL THIS MO. 0
DPTR FM NORMAL 0 [PRESSURE DATA]
TOTAL FM JAN 1 0 HIGHEST SLP 30.71 ON 15
DPTR FM NORMAL 0 LOWEST SLP 29.35 ON 29
[REMARKS]
#FINAL-03-20#