000
CXUS53 KGRR 011010
CF6MKG
PRELIMINARY LOCAL CLIMATOLOGICAL DATA (WS FORM: F-6)
STATION: MUSKEGON
MONTH: NOVEMBER
YEAR: 2020
LATITUDE: 43 10 N
LONGITUDE: 86 14 W
TEMPERATURE IN F: :PCPN: SNOW: WIND :SUNSHINE: SKY :PK WND
================================================================================
1 2 3 4 5 6A 6B 7 8 9 10 11 12 13 14 15 16 17 18
12Z AVG MX 2MIN
DY MAX MIN AVG DEP HDD CDD WTR SNW DPTH SPD SPD DIR MIN PSBL S-S WX SPD DR
================================================================================
1 56 35 46 1 19 0 0.01 T 0 20.7 32 290 M M 10 54 310
2 51 26 39 -6 26 0 0.00 0.0 0 12.6 28 230 M M 5 35 210
3 61 35 48 3 17 0 0.00 0.0 0 10.7 23 200 M M 1 32 200
4 67 55 61 17 4 0 0.00 0.0 0 17.3 26 200 M M 1 37 200
5 62 51 57 13 8 0 0.00 0.0 0 11.7 20 210 M M 3 28 180
6 67 52 60 16 5 0 0.00 0.0 0 11.6 22 190 M M 2 34 200
7 67 56 62 19 3 0 0.00 0.0 0 13.8 22 190 M M 3 31 180
8 74 50 62 19 3 0 T 0.0 0 9.2 18 170 M M 3 27 190
9 75 62 69 26 0 4 0.00 0.0 0 13.8 24 190 M M 5 39 170
10 73 55 64 22 1 0 0.64 0.0 0 19.6 29 250 M M 10 138 42 260
11 55 32 44 2 21 0 0.00 0.0 0 10.3 28 250 M M 7 39 260
12 52 31 42 0 23 0 0.00 0.0 0 6.9 15 200 M M 4 20 200
13 49 30 40 -1 25 0 0.06 0.0 0 10.1 21 260 M M 10 30 310
14 47 28 38 -3 27 0 0.06 0.0 0 14.0 28 140 M M 6 1 38 130
15 55 39 47 7 18 0 0.23 T 0 21.8 35 260 M M 10 1 53 260
16 43 36 40 0 25 0 T T 0 11.5 26 280 M M 10 39 280
17 40 25 33 -7 32 0 T T 0 12.8 23 330 M M 8 34 330
18 50 24 37 -2 28 0 0.00 0.0 0 11.0 25 200 M M 7 36 180
19 59 48 54 15 11 0 0.00 0.0 0 22.2 30 200 M M 5 46 160
20 56 38 47 9 18 0 0.00 0.0 0 13.7 29 210 M M 5 44 210
21 47 30 39 1 26 0 0.00 0.0 0 2.9 10 270 M M 6 13 310
22 45 33 39 1 26 0 T 0.0 0 4.6 21 280 M M 7 29 280
23 46 27 37 0 28 0 0.00 0.0 0 10.2 21 280 M M 8 31 270
24 36 25 31 -6 34 0 0.40 1.2 0 8.8 13 100 M M 8 12 18 110
25 44 36 40 3 25 0 0.48 0.0 T 6.8 13 70 M M 10 12 17 100
26 47 41 44 8 21 0 T 0.0 0 9.0 18 230 M M 10 1 27 230
27 45 38 42 6 23 0 0.00 0.0 0 7.9 15 280 M M 10 21 300
28 48 35 42 6 23 0 0.00 0.0 0 13.3 23 210 M M 2 33 210
29 49 40 45 10 20 0 0.00 0.0 0 12.8 21 350 M M 4 29 210
30 40 33 37 2 28 0 0.01 T 0 16.9 26 350 M M 10 39 340
================================================================================
SM 1606 1146 568 4 1.89 1.2 368.5 M 190
================================================================================
AV 53.5 38.2 12.3 FASTST M M 6 MAX(MPH)
MISC ----> 35 260 54 310
================================================================================
NOTES:
# LAST OF SEVERAL OCCURRENCES
COLUMN 17 PEAK WIND IN M.P.H.
PRELIMINARY LOCAL CLIMATOLOGICAL DATA (WS FORM: F-6) , PAGE 2
STATION: MUSKEGON
MONTH: NOVEMBER
YEAR: 2020
LATITUDE: 43 10 N
LONGITUDE: 86 14 W
[TEMPERATURE DATA] [PRECIPITATION DATA] SYMBOLS USED IN COLUMN 16
AVERAGE MONTHLY: 45.9 TOTAL FOR MONTH: 1.89 1 = FOG OR MIST
DPTR FM NORMAL: 5.7 DPTR FM NORMAL: -1.47 2 = FOG REDUCING VISIBILITY
HIGHEST: 75 ON 9 GRTST 24HR 0.64 ON 10-10 TO 1/4 MILE OR LESS
LOWEST: 24 ON 18 3 = THUNDER
SNOW, ICE PELLETS, HAIL 4 = ICE PELLETS
TOTAL MONTH: 1.2 INCHES 5 = HAIL
GRTST 24HR 1.2 ON 24-24 6 = FREEZING RAIN OR DRIZZLE
GRTST DEPTH: T 7 = DUSTSTORM OR SANDSTORM:
VSBY 1/2 MILE OR LESS
8 = SMOKE OR HAZE
[NO. OF DAYS WITH] [WEATHER - DAYS WITH] 9 = BLOWING SNOW
X = TORNADO
MAX 32 OR BELOW: 0 0.01 INCH OR MORE: 8
MAX 90 OR ABOVE: 0 0.10 INCH OR MORE: 4
MIN 32 OR BELOW: 10 0.50 INCH OR MORE: 1
MIN 0 OR BELOW: 0 1.00 INCH OR MORE: 0
[HDD (BASE 65) ]
TOTAL THIS MO. 568 CLEAR (SCALE 0-3) 6
DPTR FM NORMAL -176 PTCLDY (SCALE 4-7) 15
TOTAL FM JUL 1 1125 CLOUDY (SCALE 8-10) 9
DPTR FM NORMAL -242
[CDD (BASE 65) ]
TOTAL THIS MO. 4
DPTR FM NORMAL 4 [PRESSURE DATA]
TOTAL FM JAN 1 846 HIGHEST SLP 30.57 ON 21
DPTR FM NORMAL 280 LOWEST SLP 29.20 ON 15
[REMARKS]
#FINAL-11-20#