000
CXUS53 KGRR 010910
CF6MKG
PRELIMINARY LOCAL CLIMATOLOGICAL DATA (WS FORM: F-6)
STATION: MUSKEGON
MONTH: SEPTEMBER
YEAR: 2023
LATITUDE: 43 10 N
LONGITUDE: 86 14 W
TEMPERATURE IN F: :PCPN: SNOW: WIND :SUNSHINE: SKY :PK WND
================================================================================
1 2 3 4 5 6A 6B 7 8 9 10 11 12 13 14 15 16 17 18
12Z AVG MX 2MIN
DY MAX MIN AVG DEP HDD CDD WTR SNW DPTH SPD SPD DIR MIN PSBL S-S WX SPD DR
================================================================================
1 77 50 64 -4 1 0 0.00 0.0 0 6.9 16 220 M M 2 22 220
2 80 64 72 4 0 7 0.00 0.0 0 11.9 23 190 M M 5 18 32 190
3 86 71 79 11 0 14 0.00 0.0 0 15.0 24 190 M M 3 35 190
4 88 73 81 14 0 16 0.00 0.0 0 9.2 16 190 M M 1 22 200
5 92 79 86 19 0 21 0.00 0.0 0 12.7 21 190 M M 5 31 190
6 82 71 77 10 0 12 0.64 0.0 0 11.3 26 180 M M 8 138 36 180
7 76 62 69 2 0 4 T 0.0 0 10.1 17 320 M M 10 1 23 330
8 73 57 65 -1 0 0 0.00 0.0 0 7.3 15 280 M M 7 21 300
9 74 51 63 -3 2 0 T 0.0 0 5.7 13 300 M M 0 17 280
10 76 50 63 -3 2 0 0.00 0.0 0 2.4 9 230 M M 5 18 12 230
11 65 57 61 -4 4 0 0.74 0.0 0 4.2 9 350 M M 8 1 14 330
12 71 52 62 -3 3 0 T 0.0 0 8.7 17 320 M M 5 24 340
13 68 50 59 -6 6 0 0.06 0.0 0 3.2 13 300 M M 6 18 19 320
14 71 47 59 -5 6 0 0.00 0.0 0 2.2 10 260 M M 2 1 16 250
15 74 47 61 -3 4 0 0.00 0.0 0 4.5 15 230 M M 2 18 20 220
16 72 54 63 -1 2 0 T 0.0 0 4.3 12 200 M M 9 12 15 210
17 73 56 65 2 0 0 0.05 0.0 0 6.5 17 320 M M 6 18 22 320
18 70 50 60 -3 5 0 0.00 0.0 0 5.8 15 290 M M 4 20 290
19 69 46 58 -4 7 0 0.00 0.0 0 5.4 14 230 M M 7 1 19 210
20 79 60 70 8 0 5 0.01 0.0 0 8.2 18 180 M M 6 25 190
21 83 59 71 9 0 6 T 0.0 0 1.9 10 220 M M 6 18 13 220
22 86 62 74 13 0 9 T 0.0 0 6.1 16 120 M M 3 18 23 120
23 80 58 69 8 0 4 0.00 0.0 0 8.4 18 110 M M 2 25 120
24 79 52 66 6 0 1 0.00 0.0 0 7.3 14 110 M M 5 18 19 70
25 76 57 67 7 0 2 0.00 0.0 0 8.8 17 60 M M 5 18 25 70
26 76 62 69 9 0 4 T 0.0 0 9.7 17 90 M M 8 27 90
27 70 62 66 7 0 1 0.00 0.0 0 11.2 20 100 M M 10 26 90
28 71 57 64 5 1 0 0.00 0.0 0 7.5 15 110 M M 9 18 20 100
29 70 55 63 5 2 0 0.00 0.0 0 4.2 12 90 M M 8 18 14 110
30 79 53 66 8 0 1 0.00 0.0 0 4.7 13 200 M M 4 128 17 200
================================================================================
SM 2286 1724 45 107 1.50 0.0 215.3 M 161
================================================================================
AV 76.2 57.5 7.2 FASTST M M 5 MAX(MPH)
MISC ----> 26 180 36 180
================================================================================
NOTES:
# LAST OF SEVERAL OCCURRENCES
COLUMN 17 PEAK WIND IN M.P.H.
PRELIMINARY LOCAL CLIMATOLOGICAL DATA (WS FORM: F-6) , PAGE 2
STATION: MUSKEGON
MONTH: SEPTEMBER
YEAR: 2023
LATITUDE: 43 10 N
LONGITUDE: 86 14 W
[TEMPERATURE DATA] [PRECIPITATION DATA] SYMBOLS USED IN COLUMN 16
AVERAGE MONTHLY: 66.8 TOTAL FOR MONTH: 1.50 1 = FOG OR MIST
DPTR FM NORMAL: 3.3 DPTR FM NORMAL: -1.76 2 = FOG REDUCING VISIBILITY
HIGHEST: 92 ON 5 GRTST 24HR 0.74 ON 11-11 TO 1/4 MILE OR LESS
LOWEST: 46 ON 19 3 = THUNDER
SNOW, ICE PELLETS, HAIL 4 = ICE PELLETS
TOTAL MONTH: 0.0 INCH 5 = HAIL
GRTST 24HR 0.0 6 = FREEZING RAIN OR DRIZZLE
GRTST DEPTH: 0 7 = DUSTSTORM OR SANDSTORM:
VSBY 1/2 MILE OR LESS
8 = SMOKE OR HAZE
[NO. OF DAYS WITH] [WEATHER - DAYS WITH] 9 = BLOWING SNOW
X = TORNADO
MAX 32 OR BELOW: 0 0.01 INCH OR MORE: 5
MAX 90 OR ABOVE: 1 0.10 INCH OR MORE: 2
MIN 32 OR BELOW: 0 0.50 INCH OR MORE: 2
MIN 0 OR BELOW: 0 1.00 INCH OR MORE: 0
[HDD (BASE 65) ]
TOTAL THIS MO. 45 CLEAR (SCALE 0-3) 7
DPTR FM NORMAL -71 PTCLDY (SCALE 4-7) 17
TOTAL FM JUL 1 50 CLOUDY (SCALE 8-10) 6
DPTR FM NORMAL -89
[CDD (BASE 65) ]
TOTAL THIS MO. 107
DPTR FM NORMAL 37 [PRESSURE DATA]
TOTAL FM JAN 1 761 HIGHEST SLP 30.29 ON 30
DPTR FM NORMAL 118 LOWEST SLP 29.71 ON 7
[REMARKS]
#FINAL-09-23#