000
CXUS53 KGRR 011622
CLMMKG
CLIMATE REPORT
NATIONAL WEATHER SERVICE GRAND RAPIDS, MICHIGAN
1122 AM EST FRI DEC 01 2023
...................................
...THE MUSKEGON CLIMATE SUMMARY FOR THE MONTH OF NOVEMBER 2023...
CLIMATE NORMAL PERIOD: 1991 TO 2020
CLIMATE RECORD PERIOD: 1896 TO 2023
WEATHER OBSERVED NORMAL DEPART LAST YEAR`S
VALUE DATE(S) VALUE FROM VALUE DATE(S)
NORMAL
................................................................
TEMPERATURE (F)
RECORD
HIGH 76 11/02/1961
11/20/1930
LOW -14 11/25/1950
HIGHEST 63 11/06 63 0 71 11/04
11/16
11/05
11/10
LOWEST 20 11/01 18 2 22 11/19
AVG. MAXIMUM 49.9 47.8 2.1 51.6
AVG. MINIMUM 33.6 34.1 -0.5 36.3
MEAN 41.8 41.0 0.8 43.9
DAYS MAX >= 90 0 0.0 0.0 0
DAYS MAX <= 32 1 2.0 -1.0 1
DAYS MIN <= 32 15 14.7 0.3 11
DAYS MIN <= 0 0 0.0 0.0 0
PRECIPITATION (INCHES)
RECORD
MAXIMUM 6.77 2005
MINIMUM 0.04 1904
TOTALS 2.24 2.92 -0.68 1.52
DAILY AVG. 0.07 0.10 -0.03 0.05
DAYS >= .01 10 13.5 -3.5 12
DAYS >= .10 3 7.1 -4.1 6
DAYS >= .50 2 1.7 0.3 0
DAYS >= 1.00 0 0.5 -0.5 0
GREATEST
24 HR. TOTAL 0.94 11/08 TO 11/08
SNOWFALL (INCHES)
RECORDS
TOTAL 25.7 1995
SNOW DEPTH 16 11/14/1908
TOTALS 4.4 6.5 -2.1 6.5
SINCE 7/1 13.2 6.5 6.7 MM
SNOWDEPTH AVG. 1 1
DAYS >= TRACE 4 4.1 -0.1 9
DAYS >= 1.0 2 2.0 0.0 2
GREATEST
SNOW DEPTH 7 11/01 4 11/20
DEGREE DAYS
HEATING TOTAL 691 722 -31 628
SINCE 7/1 1103 1272 -169 MM
COOLING TOTAL 0 0 0 3
SINCE 1/1 795 650 145 MM
FREEZE DATES
RECORD
EARLIEST 09/22/1976
LATEST 06/22/1992
EARLIEST 10/31
LATEST 04/27
................................................................
WIND (MPH)
AVERAGE WIND SPEED 10.1
RESULTANT WIND SPEED/DIRECTION 4/230
HIGHEST WIND SPEED/DIRECTION 30/180 DATE 11/06
HIGHEST GUST SPEED/DIRECTION 49/170 DATE 11/06
SKY COVER
POSSIBLE SUNSHINE (PERCENT) MM
AVERAGE SKY COVER 0.57
NUMBER OF DAYS FAIR 7
NUMBER OF DAYS PC 14
NUMBER OF DAYS CLOUDY 9
AVERAGE RH (PERCENT) 66
WEATHER CONDITIONS. NUMBER OF DAYS WITH
THUNDERSTORM 2 MIXED PRECIP 0
HEAVY RAIN 2 RAIN 3
LIGHT RAIN 9 FREEZING RAIN 0
LT FREEZING RAIN 0 HAIL 0
HEAVY SNOW 2 SNOW 3
LIGHT SNOW 4 SLEET 0
FOG 13 FOG W/VIS <= 1/4 MILE 3
HAZE 13
- INDICATES NEGATIVE NUMBERS.
R INDICATES RECORD WAS SET OR TIED.
MM INDICATES DATA IS MISSING.
T INDICATES TRACE AMOUNT.
$$